{"id":3160,"date":"2022-04-25T13:28:25","date_gmt":"2022-04-25T11:28:25","guid":{"rendered":"https:\/\/www.bsmn.de\/technikerschule-mindelheim\/?page_id=3160"},"modified":"2026-04-22T07:55:59","modified_gmt":"2026-04-22T05:55:59","slug":"bewerbung","status":"publish","type":"page","link":"https:\/\/www.bsmn.de\/technikerschule-mindelheim\/bewerbung\/","title":{"rendered":"Bewerbung"},"content":{"rendered":"\n<p class=\"has-text-align-left has-medium-font-size\">Sie m\u00f6chten Sich bei uns bewerben f\u00fcr Maschinenbautechnik?<\/p>\n\n\n\n<p class=\"has-medium-font-size\">Dann klicken Sie auf den Pfeil f\u00fcr die Weiterleitung zum Bewerbungsformular!<\/p>\n\n\n\n<p><\/p>\n\n\n\n<p><\/p>\n\n\n<div class=\"wp-block-image\">\n<figure class=\"aligncenter size-full is-resized\"><a href=\"https:\/\/www.bsmn.de\/technikerschule-mindelheim\/wp-content\/uploads\/sites\/3\/2026\/04\/Bewerbungsblatt_2026_neu-1.pdf\" target=\"_blank\" rel=\" noreferrer noopener\"><img decoding=\"async\" src=\"https:\/\/www.bsmn.de\/berufsschule-mindelheim\/wp-content\/uploads\/sites\/2\/2023\/11\/Pfeil.jpg\" alt=\"\" class=\"wp-image-4034\" style=\"width:84px;height:auto\"\/><\/a><\/figure>\n<\/div>\n\n\n<div class=\"wp-block-buttons is-layout-flex wp-block-buttons-is-layout-flex\"><\/div>\n\n\n\n<p><\/p>\n\n\n\n<p class=\"has-medium-font-size\">Das vollst\u00e4ndig ausgef\u00fcllte Formular k\u00f6nnen Sie im Anschluss mit den ben\u00f6tigten Dokumenten ganz einfach per E-Mail bei uns einreichen. <\/p>\n\n\n\n<p class=\"has-medium-font-size\">Bewerbungsschluss f\u00fcr das kommende Schuljahr ist der <strong>31. M\u00e4rz 2026<\/strong>.<\/p>\n\n\n\n<p class=\"has-medium-font-size\">Weitere wichtige Informationen und Formulare finden Sie im&nbsp;<a href=\"https:\/\/www.bsmn.de\/technikerschule-mindelheim\/downloads\/\" target=\"_blank\" rel=\"noreferrer noopener\">Downloadbereich<\/a>.<\/p>\n","protected":false},"excerpt":{"rendered":"<p>Sie m\u00f6chten Sich bei uns bewerben f\u00fcr Maschinenbautechnik? Dann klicken Sie auf den Pfeil f\u00fcr die Weiterleitung zum Bewerbungsformular! Das vollst\u00e4ndig ausgef\u00fcllte Formular k\u00f6nnen Sie im Anschluss mit den ben\u00f6tigten Dokumenten ganz einfach per E-Mail bei uns einreichen. Bewerbungsschluss f\u00fcr das kommende Schuljahr ist der 31. M\u00e4rz 2026. Weitere wichtige Informationen und Formulare finden Sie [&hellip;]<\/p>\n","protected":false},"author":13,"featured_media":1583,"parent":0,"menu_order":0,"comment_status":"closed","ping_status":"closed","template":"","meta":{"footnotes":""},"class_list":["post-3160","page","type-page","status-publish","has-post-thumbnail","hentry"],"_links":{"self":[{"href":"https:\/\/www.bsmn.de\/technikerschule-mindelheim\/wp-json\/wp\/v2\/pages\/3160","targetHints":{"allow":["GET"]}}],"collection":[{"href":"https:\/\/www.bsmn.de\/technikerschule-mindelheim\/wp-json\/wp\/v2\/pages"}],"about":[{"href":"https:\/\/www.bsmn.de\/technikerschule-mindelheim\/wp-json\/wp\/v2\/types\/page"}],"author":[{"embeddable":true,"href":"https:\/\/www.bsmn.de\/technikerschule-mindelheim\/wp-json\/wp\/v2\/users\/13"}],"replies":[{"embeddable":true,"href":"https:\/\/www.bsmn.de\/technikerschule-mindelheim\/wp-json\/wp\/v2\/comments?post=3160"}],"version-history":[{"count":45,"href":"https:\/\/www.bsmn.de\/technikerschule-mindelheim\/wp-json\/wp\/v2\/pages\/3160\/revisions"}],"predecessor-version":[{"id":3876,"href":"https:\/\/www.bsmn.de\/technikerschule-mindelheim\/wp-json\/wp\/v2\/pages\/3160\/revisions\/3876"}],"wp:featuredmedia":[{"embeddable":true,"href":"https:\/\/www.bsmn.de\/technikerschule-mindelheim\/wp-json\/wp\/v2\/media\/1583"}],"wp:attachment":[{"href":"https:\/\/www.bsmn.de\/technikerschule-mindelheim\/wp-json\/wp\/v2\/media?parent=3160"}],"curies":[{"name":"wp","href":"https:\/\/api.w.org\/{rel}","templated":true}]}}