{"id":18,"date":"2020-06-24T11:39:27","date_gmt":"2020-06-24T09:39:27","guid":{"rendered":"http:\/\/bsmn.neuimweb.de\/technikerschule\/?page_id=18"},"modified":"2025-10-06T12:05:16","modified_gmt":"2025-10-06T10:05:16","slug":"kollegium","status":"publish","type":"page","link":"https:\/\/www.bsmn.de\/hotour-badwoerishofen\/wir-ueber-uns\/kollegium\/","title":{"rendered":"Kollegium"},"content":{"rendered":"<p>Gerne k\u00f6nnen Sie unsere Lehrer per E-Mail kontaktieren.<br \/>\nDie E-Mail-Adresse setzt sich wie folgt zusammen: <strong>Vorname.Nachname@bsbadw.de<\/strong> <em>(Hinweis: \u00e4=ae; \u00f6=oe; \u00fc=ue)<\/em><\/p>\n\n<table id=\"tablepress-3\" class=\"tablepress tablepress-id-3\">\n<thead>\n<tr class=\"row-1\">\n\t<th class=\"column-1\">Name<\/th><th class=\"column-2\">Vorname<\/th><th class=\"column-3\">Funktion<\/th>\n<\/tr>\n<\/thead>\n<tbody class=\"row-striping row-hover\">\n<tr class=\"row-2\">\n\t<td class=\"column-1\">Achtmann<\/td><td class=\"column-2\">Ina<\/td><td class=\"column-3\">Fachbetreuerin Englisch<\/td>\n<\/tr>\n<tr class=\"row-3\">\n\t<td class=\"column-1\">Berger<\/td><td class=\"column-2\">Nils<\/td><td class=\"column-3\"><\/td>\n<\/tr>\n<tr class=\"row-4\">\n\t<td class=\"column-1\">Bischlager<\/td><td class=\"column-2\">Susanne<\/td><td class=\"column-3\"><\/td>\n<\/tr>\n<tr class=\"row-5\">\n\t<td class=\"column-1\">Horstmann<\/td><td class=\"column-2\">Jutta<\/td><td class=\"column-3\">Seminarlehrerin<\/td>\n<\/tr>\n<tr class=\"row-6\">\n\t<td class=\"column-1\">Kneipp<\/td><td class=\"column-2\">Christina<\/td><td class=\"column-3\"><\/td>\n<\/tr>\n<tr class=\"row-7\">\n\t<td class=\"column-1\">K\u00f6ssel<\/td><td class=\"column-2\">Ralf<\/td><td class=\"column-3\"><\/td>\n<\/tr>\n<tr class=\"row-8\">\n\t<td class=\"column-1\">K\u00fchn<\/td><td class=\"column-2\">Sabrina<\/td><td class=\"column-3\"><\/td>\n<\/tr>\n<tr class=\"row-9\">\n\t<td class=\"column-1\">Mack<\/td><td class=\"column-2\">Fabian<\/td><td class=\"column-3\"><\/td>\n<\/tr>\n<tr class=\"row-10\">\n\t<td class=\"column-1\">Mangrich<\/td><td class=\"column-2\">Ute<\/td><td class=\"column-3\">Au\u00dfenstellenleiterin<\/td>\n<\/tr>\n<tr class=\"row-11\">\n\t<td class=\"column-1\">M\u00fchlisch<\/td><td class=\"column-2\">Andrea<\/td><td class=\"column-3\">Fachmitarbeiterin Deutsch in der Regierung von Schwaben, Praktikumsbetreuerin<\/td>\n<\/tr>\n<tr class=\"row-12\">\n\t<td class=\"column-1\">Peter<\/td><td class=\"column-2\">Simon<\/td><td class=\"column-3\"><\/td>\n<\/tr>\n<tr class=\"row-13\">\n\t<td class=\"column-1\">Rau<\/td><td class=\"column-2\">Angelika<\/td><td class=\"column-3\"><\/td>\n<\/tr>\n<tr class=\"row-14\">\n\t<td class=\"column-1\">Rowohl<\/td><td class=\"column-2\">J\u00f6rg<\/td><td class=\"column-3\">Fachbetreuer Wirtschaft\/Verwaltung<br \/>\nE-Mail-Adresse: Vorname.Nachname@bsmn.de<\/td>\n<\/tr>\n<tr class=\"row-15\">\n\t<td class=\"column-1\">Schenk<\/td><td class=\"column-2\">Michael<\/td><td class=\"column-3\">Fachbetreuer Deutsch<br \/>\nE-Mail-Adresse: Vorname.Nachname@bsmn.de<\/td>\n<\/tr>\n<tr class=\"row-16\">\n\t<td class=\"column-1\">Schuster<\/td><td class=\"column-2\">Carolina<\/td><td class=\"column-3\">Fachbetreuerin Mathematik <br \/>\nE-Mail-Adresse: Vorname.Nachname@bsmn.de<\/td>\n<\/tr>\n<tr class=\"row-17\">\n\t<td class=\"column-1\">Seivert<\/td><td class=\"column-2\">Franziska<\/td><td class=\"column-3\"><\/td>\n<\/tr>\n<tr class=\"row-18\">\n\t<td class=\"column-1\">Ulbrich-Trautwein<\/td><td class=\"column-2\">Gudrun<\/td><td class=\"column-3\"><\/td>\n<\/tr>\n<tr class=\"row-19\">\n\t<td class=\"column-1\">Wenninger<\/td><td class=\"column-2\">Danica<\/td><td class=\"column-3\"><\/td>\n<\/tr>\n<tr class=\"row-20\">\n\t<td class=\"column-1\">Windorf<\/td><td class=\"column-2\">Aleksandra<\/td><td class=\"column-3\"><\/td>\n<\/tr>\n<tr class=\"row-21\">\n\t<td class=\"column-1\">Winter<\/td><td class=\"column-2\">Rebecca<\/td><td class=\"column-3\">E-Mail-Adresse: Vorname.Nachname@bsmn.de<\/td>\n<\/tr>\n<tr class=\"row-22\">\n\t<td class=\"column-1\">Wittmann<\/td><td class=\"column-2\">Christian<\/td><td class=\"column-3\">E-Mail-Adresse: Vorname.Nachname@bsmn.de<\/td>\n<\/tr>\n<tr class=\"row-23\">\n\t<td class=\"column-1\">Zieger<\/td><td class=\"column-2\">Alexandra<\/td><td class=\"column-3\">E-Mail-Adresse: Vorname.Nachname@bsmn.de<\/td>\n<\/tr>\n<\/tbody>\n<\/table>\n\n","protected":false},"excerpt":{"rendered":"<p>Gerne k\u00f6nnen Sie unsere Lehrer per E-Mail kontaktieren. Die E-Mail-Adresse setzt sich wie folgt zusammen: Vorname.Nachname@bsbadw.de (Hinweis: \u00e4=ae; \u00f6=oe; \u00fc=ue)<\/p>\n","protected":false},"author":2,"featured_media":4257,"parent":9,"menu_order":0,"comment_status":"closed","ping_status":"closed","template":"","meta":{"footnotes":""},"class_list":["post-18","page","type-page","status-publish","has-post-thumbnail","hentry"],"_links":{"self":[{"href":"https:\/\/www.bsmn.de\/hotour-badwoerishofen\/wp-json\/wp\/v2\/pages\/18","targetHints":{"allow":["GET"]}}],"collection":[{"href":"https:\/\/www.bsmn.de\/hotour-badwoerishofen\/wp-json\/wp\/v2\/pages"}],"about":[{"href":"https:\/\/www.bsmn.de\/hotour-badwoerishofen\/wp-json\/wp\/v2\/types\/page"}],"author":[{"embeddable":true,"href":"https:\/\/www.bsmn.de\/hotour-badwoerishofen\/wp-json\/wp\/v2\/users\/2"}],"replies":[{"embeddable":true,"href":"https:\/\/www.bsmn.de\/hotour-badwoerishofen\/wp-json\/wp\/v2\/comments?post=18"}],"version-history":[{"count":19,"href":"https:\/\/www.bsmn.de\/hotour-badwoerishofen\/wp-json\/wp\/v2\/pages\/18\/revisions"}],"predecessor-version":[{"id":4104,"href":"https:\/\/www.bsmn.de\/hotour-badwoerishofen\/wp-json\/wp\/v2\/pages\/18\/revisions\/4104"}],"up":[{"embeddable":true,"href":"https:\/\/www.bsmn.de\/hotour-badwoerishofen\/wp-json\/wp\/v2\/pages\/9"}],"wp:featuredmedia":[{"embeddable":true,"href":"https:\/\/www.bsmn.de\/hotour-badwoerishofen\/wp-json\/wp\/v2\/media\/4257"}],"wp:attachment":[{"href":"https:\/\/www.bsmn.de\/hotour-badwoerishofen\/wp-json\/wp\/v2\/media?parent=18"}],"curies":[{"name":"wp","href":"https:\/\/api.w.org\/{rel}","templated":true}]}}