{"id":101,"date":"2020-06-24T11:51:42","date_gmt":"2020-06-24T09:51:42","guid":{"rendered":"http:\/\/bsmn.neuimweb.de\/technikerschule\/?page_id=101"},"modified":"2025-10-10T14:38:35","modified_gmt":"2025-10-10T12:38:35","slug":"downloads","status":"publish","type":"page","link":"https:\/\/www.bsmn.de\/hotour-badwoerishofen\/downloads\/","title":{"rendered":"Downloads"},"content":{"rendered":"\n<h2 class=\"wp-block-heading\">Formulare<\/h2>\n\n\n\n<div class=\"wp-block-file\"><a id=\"wp-block-file--media-0710b7d3-82ee-453d-bd77-31904632e8ff\" href=\"https:\/\/www.bsmn.de\/hotour-badwoerishofen\/wp-content\/uploads\/sites\/6\/2022\/11\/Flyer_Zusatzqualifikation_2022_web.pdf\" target=\"_blank\" rel=\"noreferrer noopener\">Flyer_BFS HoTour<\/a><\/div>\n\n\n\n<div class=\"wp-block-file\"><a id=\"wp-block-file--media-aa1e7946-ccde-4d18-aa6b-117b6822a226\" href=\"https:\/\/www.bsmn.de\/hotour-badwoerishofen\/wp-content\/uploads\/sites\/6\/2020\/11\/01-Anmeldung-BFS.pdf\" target=\"_blank\" rel=\"noreferrer noopener\">Anmeldung Berufsfachschule HoTour<\/a><\/div>\n\n\n\n<div class=\"wp-block-file\"><a id=\"wp-block-file--media-cc04cec1-f520-4992-8d61-5e91f0274c99\" href=\"https:\/\/www.bsmn.de\/hotour-badwoerishofen\/wp-content\/uploads\/sites\/6\/2020\/11\/02-benoetigte-Unterlagen.pdf\" target=\"_blank\" rel=\"noreferrer noopener\">ben\u00f6tigte Unterlagen zur Anmeldung<\/a><\/div>\n\n\n\n<div class=\"wp-block-file\"><a id=\"wp-block-file--media-af3485d5-02dd-478b-99a0-a17ade925d2c\" href=\"https:\/\/www.bsmn.de\/hotour-badwoerishofen\/wp-content\/uploads\/sites\/6\/2024\/09\/01_Befreiung_Entschuldigung-2024.pdf\" target=\"_blank\" rel=\"noreferrer noopener\">Befreiung\/Entschuldigung<\/a><\/div>\n\n\n\n<div class=\"wp-block-file\"><a id=\"wp-block-file--media-039c4080-834c-460f-9d49-86218c6b87d7\" href=\"https:\/\/www.bsmn.de\/hotour-badwoerishofen\/wp-content\/uploads\/sites\/6\/2020\/11\/06-Meine-Notenuebersicht-BFS.pdf\" target=\"_blank\" rel=\"noreferrer noopener\">Noten\u00fcbersicht<\/a><\/div>\n\n\n\n<h2 class=\"wp-block-heading\">Informationen<\/h2>\n\n\n\n<div class=\"wp-block-file\"><a id=\"wp-block-file--media-f9b21d72-2bba-4d9b-886a-3bd008249177\" href=\"https:\/\/www.bsmn.de\/hotour-badwoerishofen\/wp-content\/uploads\/sites\/6\/2025\/10\/BFS-2025-26.pdf\" target=\"_blank\" rel=\"noreferrer noopener\">Wichtige Infos BFS HoTour 2025-2026<\/a><\/div>\n\n\n\n<div class=\"wp-block-file\"><a id=\"wp-block-file--media-a87c87eb-a963-491a-8f38-913c46cadb92\" href=\"https:\/\/www.bsmn.de\/hotour-badwoerishofen\/wp-content\/uploads\/sites\/6\/2024\/09\/Hausordnung-2024-2025.pdf\" target=\"_blank\" rel=\"noreferrer noopener\">Hausordnung<\/a><\/div>\n\n\n\n<div class=\"wp-block-file\"><a id=\"wp-block-file--media-117295d9-9072-4464-94f7-d4abbd073ded\" href=\"https:\/\/www.bsmn.de\/hotour-badwoerishofen\/wp-content\/uploads\/sites\/6\/2020\/11\/04-Notenschluessel-IHK.pdf\" target=\"_blank\" rel=\"noreferrer noopener\">Notenschl\u00fcssel<\/a><\/div>\n\n\n\n<div class=\"wp-block-file\"><a id=\"wp-block-file--media-eb3a4bea-746f-41b3-82d7-6b3350066ea4\" href=\"https:\/\/www.bsmn.de\/hotour-badwoerishofen\/wp-content\/uploads\/sites\/6\/2022\/09\/6.1-Notenberechnung-BFS.pdf\" target=\"_blank\" rel=\"noreferrer noopener\">Notenberechnung BFS<\/a><\/div>\n\n\n\n<div class=\"wp-block-file\"><a id=\"wp-block-file--media-f32fbf37-854b-4a22-8a8e-cb34a4792f04\" href=\"https:\/\/www.bsmn.de\/hotour-badwoerishofen\/wp-content\/uploads\/sites\/6\/2022\/09\/12-IfSG-Merkblatt.pdf\" target=\"_blank\" rel=\"noreferrer noopener\">Infektionsschutz Merkblatt<\/a><\/div>\n\n\n\n<div class=\"wp-block-file\"><a id=\"wp-block-file--media-2f78ae51-d92a-4d64-aa63-7123e84f849b\" href=\"https:\/\/www.bsmn.de\/hotour-badwoerishofen\/wp-content\/uploads\/sites\/6\/2023\/09\/10-Verhinderung-Beurlaubung-BFS.pdf\" target=\"_blank\" rel=\"noreferrer noopener\">Informationen Verhinderung Beurlaubung BFS HoTour<\/a><\/div>\n\n\n\n<div class=\"wp-block-file\"><a id=\"wp-block-file--media-105abfa8-03d2-47ae-a060-9db5fc86ce07\" href=\"https:\/\/www.bsmn.de\/hotour-badwoerishofen\/wp-content\/uploads\/sites\/6\/2024\/09\/Nextcloud-Webuntis.pdf\" target=\"_blank\" rel=\"noreferrer noopener\">Nextcloud Webuntis<\/a><\/div>\n\n\n\n<h2 class=\"wp-block-heading\">Deutschlandticket<\/h2>\n\n\n\n<div class=\"wp-block-file\"><a id=\"wp-block-file--media-bc4f9774-90df-45cc-95c3-f14293d5e03a\" href=\"https:\/\/www.bsmn.de\/hotour-badwoerishofen\/wp-content\/uploads\/sites\/6\/2023\/08\/Handout_zum_Ermaessigungsticket_2.pdf\" target=\"_blank\" rel=\"noreferrer noopener\">Infos zum Erm\u00e4\u00dfigungsticket<\/a><\/div>\n\n\n\n<p>Ben\u00f6tigen Sie die Best\u00e4tigung zum erm\u00e4\u00dfigten Deutschlandticket? Sprechen Sie am besten direkt Ihre Klassenleitung an. <\/p>\n\n\n\n<h2 class=\"wp-block-heading\">Praktikum<\/h2>\n\n\n\n<p><strong>Vor dem Praktikum<\/strong><\/p>\n\n\n\n<div class=\"wp-block-file\"><a id=\"wp-block-file--media-67290a0e-9e2c-4c0d-8db7-e38e909873f2\" href=\"https:\/\/www.bsmn.de\/hotour-badwoerishofen\/wp-content\/uploads\/sites\/6\/2025\/10\/3_Informationen-zum-Praktikum.pdf\" target=\"_blank\" rel=\"noreferrer noopener\">Informationen zum Praktikum<\/a><\/div>\n\n\n\n<p>Vertr\u00e4ge<\/p>\n\n\n\n<div class=\"wp-block-file\"><a id=\"wp-block-file--media-91c3f440-9113-4a82-8088-fb20f4cad207\" href=\"https:\/\/www.bsmn.de\/hotour-badwoerishofen\/wp-content\/uploads\/sites\/6\/2025\/10\/Praktikums-Vertrag_Deutsch-2025-10.pdf\" target=\"_blank\" rel=\"noreferrer noopener\">Praktikumsvertrag Deutsch<\/a><\/div>\n\n\n\n<div class=\"wp-block-file\"><a id=\"wp-block-file--media-a362f01e-d555-4e4d-9090-e30ebc577537\" href=\"https:\/\/www.bsmn.de\/hotour-badwoerishofen\/wp-content\/uploads\/sites\/6\/2025\/10\/Praktikums-Vertrag_Deutsch-FORMULAR-2025-10.pdf\" target=\"_blank\" rel=\"noreferrer noopener\">Praktikumsvertrag Deutsch FORMULAR<\/a><\/div>\n\n\n\n<div class=\"wp-block-file\"><a id=\"wp-block-file--media-23cbe862-6598-49e2-a9b3-522217a35ef1\" href=\"https:\/\/www.bsmn.de\/hotour-badwoerishofen\/wp-content\/uploads\/sites\/6\/2025\/10\/Praktikumsvertrag-Englisch-2025-10.pdf\" target=\"_blank\" rel=\"noreferrer noopener\">Praktikumsvertrag Englisch<\/a><\/div>\n\n\n\n<div class=\"wp-block-file\"><a id=\"wp-block-file--media-634a43ba-8116-4cbb-9974-f619b93bd9b6\" href=\"https:\/\/www.bsmn.de\/hotour-badwoerishofen\/wp-content\/uploads\/sites\/6\/2025\/10\/Praktikumsvertrag-Englisch-FORMULAR-2025-10.pdf\" target=\"_blank\" rel=\"noreferrer noopener\">Praktikumsvertrag Englisch FORMULAR<\/a><\/div>\n\n\n\n<p><\/p>\n\n\n\n<p><strong>Nach dem Praktikum<\/strong><\/p>\n\n\n\n<p>F\u00fcr den Betrieb<\/p>\n\n\n\n<div class=\"wp-block-file\"><a id=\"wp-block-file--media-3a46e60f-ad9e-4d5e-a571-8f5ad22c74fa\" href=\"https:\/\/www.bsmn.de\/hotour-badwoerishofen\/wp-content\/uploads\/sites\/6\/2020\/11\/1_Praktikantenbeurteilung.pdf\" target=\"_blank\" rel=\"noreferrer noopener\">Praktikantenbeurteilung<\/a><\/div>\n\n\n\n<div class=\"wp-block-file\"><a id=\"wp-block-file--media-f6df670b-1be1-46c8-ab62-70798ecdeb99\" href=\"https:\/\/www.bsmn.de\/hotour-badwoerishofen\/wp-content\/uploads\/sites\/6\/2025\/09\/1_Praktikantenbeurteilung-Formular.pdf\">Praktikantenbeurteilung FORMULAR<\/a><\/div>\n\n\n\n<div class=\"wp-block-file\"><a id=\"wp-block-file--media-cc0826bd-ea7d-4777-ad3e-d8665961201a\" href=\"https:\/\/www.bsmn.de\/hotour-badwoerishofen\/wp-content\/uploads\/sites\/6\/2022\/03\/1_Praktikantenbeurteilung-Englisch.pdf\" target=\"_blank\" rel=\"noreferrer noopener\">Praktikantenbeurteilung Englisch<\/a><\/div>\n\n\n\n<div class=\"wp-block-file\"><a id=\"wp-block-file--media-412eccef-a867-44ac-8f84-26ed23ce732b\" href=\"https:\/\/www.bsmn.de\/hotour-badwoerishofen\/wp-content\/uploads\/sites\/6\/2025\/09\/1_Praktikantenbeurteilung-Englisch-FORMULAR.pdf\" target=\"_blank\" rel=\"noreferrer noopener\">Praktikantenbeurteilung Englisch FORMULAR<\/a><\/div>\n\n\n\n<p>F\u00fcr die\/den Praktikantin\/Praktikanten<\/p>\n\n\n\n<div class=\"wp-block-file\"><a id=\"wp-block-file--media-a03c0466-9240-41e2-a413-16b7216a0a89\" href=\"https:\/\/www.bsmn.de\/hotour-badwoerishofen\/wp-content\/uploads\/sites\/6\/2022\/03\/Fazit_Praktikum-1.pdf\" target=\"_blank\" rel=\"noreferrer noopener\">Fazit_Praktikum<\/a><\/div>\n\n\n\n<div class=\"wp-block-file\"><a id=\"wp-block-file--media-8ae11d05-0982-4553-9fde-0ceac879ddd1\" href=\"https:\/\/www.bsmn.de\/hotour-badwoerishofen\/wp-content\/uploads\/sites\/6\/2025\/09\/Fazit_Praktikum-FORMULAR.pdf\" target=\"_blank\" rel=\"noreferrer noopener\">Fazit_Praktikum FORMULAR<\/a><\/div>\n\n\n\n<p><\/p>\n\n\n\n<h2 class=\"wp-block-heading\">Praktikumspl\u00e4ne<\/h2>\n\n\n\n<div class=\"wp-block-file\"><a id=\"wp-block-file--media-d8f335ef-fbe4-48c3-af00-8ecb54932f1b\" href=\"https:\/\/www.bsmn.de\/hotour-badwoerishofen\/wp-content\/uploads\/sites\/6\/2025\/04\/Blockplan-Betriebe.pdf\" target=\"_blank\" rel=\"noreferrer noopener\">Praktikumsplan BFS HOT 2025-26<\/a><\/div>\n\n\n\n<div class=\"wp-block-file\"><a id=\"wp-block-file--media-40744fac-5d15-4e9e-a5f3-781d54423fab\" href=\"https:\/\/www.bsmn.de\/hotour-badwoerishofen\/wp-content\/uploads\/sites\/6\/2024\/09\/2_Blockplan-2024_25-Betriebe-.pdf\" target=\"_blank\" rel=\"noreferrer noopener\">Praktikumsplan BFS HOT 2024-25<\/a><\/div>\n\n\n\n<div class=\"wp-block-file\"><a id=\"wp-block-file--media-27af74fb-9595-4c6c-a96f-bba88ab169b6\" href=\"https:\/\/www.bsmn.de\/hotour-badwoerishofen\/wp-content\/uploads\/sites\/6\/2023\/08\/Blockplan-Betrieb-2023_24.pdf\" target=\"_blank\" rel=\"noreferrer noopener\">Praktikumsplan BFS HOT 2023-24<\/a><\/div>\n\n\n\n<div class=\"wp-block-file\"><\/div>\n","protected":false},"excerpt":{"rendered":"<p>Formulare Informationen Deutschlandticket Ben\u00f6tigen Sie die Best\u00e4tigung zum erm\u00e4\u00dfigten Deutschlandticket? Sprechen Sie am besten direkt Ihre Klassenleitung an. Praktikum Vor dem Praktikum Vertr\u00e4ge Nach dem Praktikum F\u00fcr den Betrieb F\u00fcr die\/den Praktikantin\/Praktikanten Praktikumspl\u00e4ne<\/p>\n","protected":false},"author":2,"featured_media":1652,"parent":0,"menu_order":0,"comment_status":"closed","ping_status":"closed","template":"","meta":{"footnotes":""},"class_list":["post-101","page","type-page","status-publish","has-post-thumbnail","hentry"],"publishpress_future_action":{"enabled":false,"date":"2026-04-16 11:35:46","action":"change-status","newStatus":"draft","terms":[],"taxonomy":"","extraData":[]},"publishpress_future_workflow_manual_trigger":{"enabledWorkflows":[]},"_links":{"self":[{"href":"https:\/\/www.bsmn.de\/hotour-badwoerishofen\/wp-json\/wp\/v2\/pages\/101","targetHints":{"allow":["GET"]}}],"collection":[{"href":"https:\/\/www.bsmn.de\/hotour-badwoerishofen\/wp-json\/wp\/v2\/pages"}],"about":[{"href":"https:\/\/www.bsmn.de\/hotour-badwoerishofen\/wp-json\/wp\/v2\/types\/page"}],"author":[{"embeddable":true,"href":"https:\/\/www.bsmn.de\/hotour-badwoerishofen\/wp-json\/wp\/v2\/users\/2"}],"replies":[{"embeddable":true,"href":"https:\/\/www.bsmn.de\/hotour-badwoerishofen\/wp-json\/wp\/v2\/comments?post=101"}],"version-history":[{"count":63,"href":"https:\/\/www.bsmn.de\/hotour-badwoerishofen\/wp-json\/wp\/v2\/pages\/101\/revisions"}],"predecessor-version":[{"id":4267,"href":"https:\/\/www.bsmn.de\/hotour-badwoerishofen\/wp-json\/wp\/v2\/pages\/101\/revisions\/4267"}],"wp:featuredmedia":[{"embeddable":true,"href":"https:\/\/www.bsmn.de\/hotour-badwoerishofen\/wp-json\/wp\/v2\/media\/1652"}],"wp:attachment":[{"href":"https:\/\/www.bsmn.de\/hotour-badwoerishofen\/wp-json\/wp\/v2\/media?parent=101"}],"curies":[{"name":"wp","href":"https:\/\/api.w.org\/{rel}","templated":true}]}}