{"id":2800,"date":"2020-11-09T15:50:13","date_gmt":"2020-11-09T14:50:13","guid":{"rendered":"https:\/\/www.bsmn.de\/faks-memmingen\/meine-neue-seite\/"},"modified":"2024-03-26T12:47:22","modified_gmt":"2024-03-26T11:47:22","slug":"meine-neue-seite","status":"publish","type":"page","link":"https:\/\/www.bsmn.de\/faks-memmingen\/meine-neue-seite\/","title":{"rendered":"Die SMV stellt sich vor"},"content":{"rendered":"\n<p>Die Sch\u00fclermitverantwortung (SMV) ist eine wichtige Institution an unserer Schule, die die Interessen der Sch\u00fclerinnen und Sch\u00fcler vertritt und zu einem aktiven Schulleben beitr\u00e4gt. <\/p>\n\n\n\n<p>Unser Sch\u00fclersprecher Kai und die Sch\u00fclersprecherin Salome&nbsp;&nbsp;sind die gew\u00e4hlten Vertreter der Sch\u00fclerschaft und fungieren als Bindeglied zwischen den Sch\u00fclerinnen und Sch\u00fclern und der Schulleitung. Sie setzen sich f\u00fcr die Interessen und Anliegen ihrer Mitsch\u00fcler ein und nehmen aktiv an Entscheidungsprozessen teil. Durch ihre Arbeit organisieren sie Veranstaltungen, f\u00f6rdern das Schulklima und zeigen Engagement f\u00fcr die Gemeinschaft.&nbsp;<\/p>\n\n\n\n<p>Die Verbindungslehrerinnen Agnes H\u00f6lzler und Katharina Deeg engagieren sich f\u00fcr die SMV, indem sie die Sch\u00fcler bei der Organisation von Veranstaltungen, Projekten und Aktionen unterst\u00fctzen. Dar\u00fcber hinaus fungieren Verbindungslehrerinnen als Vermittler zwischen Sch\u00fclern und Schulleitung, um Anliegen und Vorschl\u00e4ge der SMV effektiv zu kommunizieren und umzusetzen. Sie f\u00f6rdern die Zusammenarbeit und den Dialog zwischen allen Beteiligten, um ein positives Schulklima zu schaffen.<\/p>\n\n\n\n<figure class=\"wp-block-gallery has-nested-images columns-default is-cropped wp-block-gallery-1 is-layout-flex wp-block-gallery-is-layout-flex\">\n<figure class=\"wp-block-image size-large\"><img decoding=\"async\" data-id=\"2161\" src=\"https:\/\/www.bsmn.de\/berufsschule-memmingen\/wp-content\/uploads\/sites\/7\/2024\/03\/SMV-edited.jpg\" alt=\"\" class=\"wp-image-2161\" \/><\/figure>\n<\/figure>\n","protected":false},"excerpt":{"rendered":"<p>Die Sch\u00fclermitverantwortung (SMV) ist eine wichtige Institution an unserer Schule, die die Interessen der Sch\u00fclerinnen und Sch\u00fcler vertritt und zu einem aktiven Schulleben beitr\u00e4gt. Unser Sch\u00fclersprecher Kai und die Sch\u00fclersprecherin Salome&nbsp;&nbsp;sind die gew\u00e4hlten Vertreter der Sch\u00fclerschaft und fungieren als Bindeglied zwischen den Sch\u00fclerinnen und Sch\u00fclern und der Schulleitung. Sie setzen sich f\u00fcr die Interessen und [&hellip;]<\/p>\n","protected":false},"author":25,"featured_media":2801,"parent":0,"menu_order":0,"comment_status":"closed","ping_status":"closed","template":"","meta":{"footnotes":""},"class_list":["post-2800","page","type-page","status-publish","has-post-thumbnail","hentry"],"publishpress_future_workflow_manual_trigger":{"enabledWorkflows":[]},"_links":{"self":[{"href":"https:\/\/www.bsmn.de\/faks-memmingen\/wp-json\/wp\/v2\/pages\/2800","targetHints":{"allow":["GET"]}}],"collection":[{"href":"https:\/\/www.bsmn.de\/faks-memmingen\/wp-json\/wp\/v2\/pages"}],"about":[{"href":"https:\/\/www.bsmn.de\/faks-memmingen\/wp-json\/wp\/v2\/types\/page"}],"author":[{"embeddable":true,"href":"https:\/\/www.bsmn.de\/faks-memmingen\/wp-json\/wp\/v2\/users\/25"}],"replies":[{"embeddable":true,"href":"https:\/\/www.bsmn.de\/faks-memmingen\/wp-json\/wp\/v2\/comments?post=2800"}],"version-history":[{"count":1,"href":"https:\/\/www.bsmn.de\/faks-memmingen\/wp-json\/wp\/v2\/pages\/2800\/revisions"}],"predecessor-version":[{"id":2802,"href":"https:\/\/www.bsmn.de\/faks-memmingen\/wp-json\/wp\/v2\/pages\/2800\/revisions\/2802"}],"wp:featuredmedia":[{"embeddable":true,"href":"https:\/\/www.bsmn.de\/faks-memmingen\/wp-json\/wp\/v2\/media\/2801"}],"wp:attachment":[{"href":"https:\/\/www.bsmn.de\/faks-memmingen\/wp-json\/wp\/v2\/media?parent=2800"}],"curies":[{"name":"wp","href":"https:\/\/api.w.org\/{rel}","templated":true}]}}