{"id":1036,"date":"2020-11-10T08:58:57","date_gmt":"2020-11-10T07:58:57","guid":{"rendered":"http:\/\/bsmn.neuimweb.de\/bski-memmingen\/?page_id=1036"},"modified":"2025-12-15T10:30:34","modified_gmt":"2025-12-15T09:30:34","slug":"informationen","status":"publish","type":"page","link":"https:\/\/www.bsmn.de\/bski-memmingen\/informationen\/","title":{"rendered":"Staatlich gepr\u00fcfte(r) Kinderpfleger(in)"},"content":{"rendered":"\t\t<div data-elementor-type=\"wp-page\" data-elementor-id=\"1036\" class=\"elementor elementor-1036\" data-elementor-post-type=\"page\">\n\t\t\t\t\t\t<section class=\"elementor-section elementor-top-section elementor-element elementor-element-160469b5 elementor-section-boxed elementor-section-height-default elementor-section-height-default\" data-id=\"160469b5\" data-element_type=\"section\" data-e-type=\"section\">\n\t\t\t\t\t\t<div class=\"elementor-container elementor-column-gap-default\">\n\t\t\t\t\t<div class=\"elementor-column elementor-col-100 elementor-top-column elementor-element elementor-element-67fdcc19\" data-id=\"67fdcc19\" data-element_type=\"column\" data-e-type=\"column\">\n\t\t\t<div class=\"elementor-widget-wrap elementor-element-populated\">\n\t\t\t\t\t\t<div class=\"elementor-element elementor-element-2d2f80c0 elementor-widget elementor-widget-text-editor\" data-id=\"2d2f80c0\" data-element_type=\"widget\" data-e-type=\"widget\" data-widget_type=\"text-editor.default\">\n\t\t\t\t<div class=\"elementor-widget-container\">\n\t\t\t\t\t\t\t\t\t<h2>Berufsbild<\/h2>\n<p><!-- \/wp:heading --><\/p>\n<p><!-- wp:heading --><\/p>\n<p><!-- \/wp:heading --><\/p>\n<p><!-- wp:image --><\/p>\n<figure><\/figure>\n<p><!-- \/wp:image --><\/p>\n<p><!-- wp:paragraph --><\/p>\n<p>Der Besuch einer Berufsfachschule f\u00fcr Kinderpflege vermittelt grundlegende Kenntnisse und Fertigkeiten zur p\u00e4dagogischen Mitarbeit in verschiedenen so- zialp\u00e4dagogischen Arbeitsfeldern, insbesondere bei der Betreuung, Bildung und Erziehung von Kindern im vorschulischen Alter oder fr\u00fchen Schulalter.<\/p>\n<p><!-- \/wp:paragraph --><\/p>\n<p><!-- wp:paragraph --><\/p>\n<p>Betreuung-, Bildung-, und Erziehungsaufgaben sind z.B.:<\/p>\n<p><!-- \/wp:paragraph --><\/p>\n<p><!-- wp:list --><\/p>\n<ul>\n<li>Entwicklung von: Basiskompetenzen wie Werteorientierung, Selbstbewusstsein, Verantwortungsbewusstsein, Resilienz usw.<\/li>\n<li>Sprach- und Medienerziehung, Literacy-Erziehung<\/li>\n<li>K\u00fcnstlerisch-\u00e4sthetische Bildung: Zeichnen, Werken, Musizieren, Singen<\/li>\n<li>Mathematisch- naturwissenschaftliche Erziehung: Experimentieren und Forschen<\/li>\n<li>Bewegungserziehung: Sport, Rhythmik und Tanz<\/li>\n<li>Festgestaltung<\/li>\n<\/ul>\n<p><!-- \/wp:list --><\/p>\n<p><!-- wp:paragraph --><\/p>\n<p><strong>Der Beruf der\/s staatlich gepr\u00fcften Kinderpfleger\/in ist\u00a0Voraussetzung f\u00fcr die Ausbildung zur\/zum Erzieher\/in.<\/strong><\/p>\n<p><strong>\u00a0<\/strong><\/p>\n<p><!-- \/wp:paragraph --><\/p>\n<p><!-- wp:heading --><\/p>\n<h2>Ausbildungsinhalte<\/h2>\n<p><!-- \/wp:heading --><\/p>\n<p><!-- wp:image {\"linkDestination\":\"custom\"} --><\/p>\n<figure><\/figure>\n<p><!-- \/wp:image --><\/p>\n<p><!-- wp:paragraph --><\/p>\n<p>2 Jahre Vollzeitunterricht mit eint\u00e4gigem Praktikum pro Woche in sozialp\u00e4dagogischen Einrichtungen, z.B. Kinderkrippe, Kindergarten, Sonderkindergarten, Kinderhort&#8230;<\/p>\n<p><!-- \/wp:paragraph --><\/p>\n<p><!-- wp:list --><\/p>\n<ul>\n<li>Personen und Situationen wahrnehmen, Verhalten beobachten und erkl\u00e4ren<\/li>\n<li>Bed\u00fcrfnisse des t\u00e4glichen Lebens erkennen und ihnen gerecht werden<\/li>\n<li>Erzieherisches Handeln planen, durchf\u00fchren und reflektieren<\/li>\n<li>Bildungsprozesse anregen und begleiten<\/li>\n<li>Beziehung und Kommunikation gestalten<\/li>\n<li>Mit allen am Bildungs- und Erziehungsprozess Beteiligten zusammenarbeiten<\/li>\n<\/ul>\n<p><!-- \/wp:list --><\/p>\n<p><!-- wp:paragraph --><\/p>\n<p>Nach bestandener Abschlusspr\u00fcfung wird den Absolventen der Berufsabschluss &#8222;Staatlich gepr\u00fcfter Kinderpfleger \/ Staatlich gepr\u00fcfte Kinderpflegerin&#8220; zuerkannt.<br \/>Mit einem Notendurchschnitt von mindestens\u00a03,0 und dem Nachweis ausreichender Englischkenntnisse wird der mittlere Bildungsabschluss erteilt.<\/p>\n<p>\u00a0<\/p>\n<p>\u00a0<\/p>\n<p><!-- \/wp:paragraph --><\/p>\n<p><!-- wp:heading --><\/p>\n<h2>Aufnahmevoraussetzungen<\/h2>\n<p><!-- \/wp:heading --><\/p>\n<p><!-- wp:paragraph --><\/p>\n<p>Voraussetzung f\u00fcr die Aufnahme ist der erfolgreiche Abschluss der Mittelschule\/Hauptschule.<\/p>\n<p>Zur Anmeldung sind vorzulegen:<\/p>\n<p><!-- \/wp:paragraph --><\/p>\n<p><!-- wp:list --><\/p>\n<ul>\n<li><a href=\"https:\/\/www.bsmn.de\/bski-memmingen\/wp-content\/uploads\/sites\/8\/2025\/12\/Anmeldung.pdf\">Anmeldung<\/a><\/li>\n<li>Lebenslauf mit Lichtbild<\/li>\n<li>Zeugniskopie<\/li>\n<\/ul>\n<p><!-- \/wp:list --><\/p>\n<p><!-- wp:paragraph --><\/p>\n<p>BewerberInnen m\u00fcssen sich fr\u00fchzeitig um eine Praktikumsstelle in einer sozialp\u00e4dagogischen Einrichtung k\u00fcmmern. Bitte verwenden Sie f\u00fcr die Best\u00e4tigung unsere Vorlage (siehe Download).<\/p>\n<p><!-- \/wp:paragraph --><\/p>\n<p><!-- wp:paragraph --><\/p>\n<p>Die Aufnahme setzt au\u00dferdem nach Schulbeginn die Vorlage eines \u00e4rztlichen Zeugnisses voraus, das die Eignung f\u00fcr diesen Beruf nachweist und nicht \u00e4lter als drei Monate sein soll. Bitte verwenden Sie unsere Vorlage (siehe Download).<\/p>\n<p><!-- \/wp:paragraph --><\/p>\n<p><!-- wp:paragraph --><\/p>\n<p>Weiterhin m\u00fcssen die Bewerber vor Beginn des Praktikums (November) ein erweitertes polizeiliches F\u00fchrungszeugnis vorlegen.<\/p>\n<p><!-- \/wp:paragraph --><\/p>\n<p><!-- wp:paragraph --><\/p>\n<p>Die endg\u00fcltige Aufnahme ist abh\u00e4ngig vom Bestehen der Probezeit. Als Probezeit gilt das erste Schulhalbjahr.<\/p>\n<p><!-- \/wp:paragraph --><\/p>\n<p><!-- wp:paragraph --><\/p>\n<p>Wir w\u00fcnschen uns von unseren Sch\u00fclern:<\/p>\n<p><!-- \/wp:paragraph --><\/p>\n<p><!-- wp:list --><\/p>\n<ul>\n<li>Interesse und Freude am Umgang mit Kindern<\/li>\n<li>Kontaktfreudigkeit<\/li>\n<li>Einf\u00fchlungsverm\u00f6gen<\/li>\n<li>Belastbarkeit<\/li>\n<li>Freude an musischem Tun<\/li>\n<li>Freude an der Bewegung<\/li>\n<\/ul>\n<p><!-- \/wp:list --><\/p>\n<p><!-- wp:paragraph --><\/p>\n<p>F\u00fcr die Dauer der Ausbildungszeit kann BAf\u00f6G beantragt werden.<\/p>\n<p><!-- \/wp:paragraph --><\/p>\n<p><!-- wp:paragraph --><\/p>\n<p>Die Fahrtkosten\u00fcbernahme ist entsprechend den geltenden Bestimmungen m\u00f6glich.<br \/>(z.B. erstes Ausbildungsjahr, Sch\u00fcler des Lankreises Unterallg\u00e4u etc.)<\/p>\n<p>\u00a0<\/p>\n<p>\u00a0<\/p>\n<p><!-- \/wp:paragraph --><\/p>\n<p><!-- wp:heading --><\/p>\n<h2>Stundentafel<\/h2>\n<div>\n<div class=\"ce_text block\" style=\"margin-bottom: 40px\">\n<h3>Fachtheoretischer\u00a0Unterricht<span style=\"font-size: 12px\">\u00a0<\/span><\/h3>\n<div><span style=\"font-size: 12px\">\u00a0<\/span><\/div>\n<table style=\"width: 500px;border: 1px solid #000000\" border=\"0\" rules=\"all\">\n<tbody>\n<tr>\n<td><span style=\"color: #58585a\">\u00a0<\/span><\/td>\n<td style=\"text-align: center\"><span style=\"color: #58585a\">Jgst. 10<\/span><\/td>\n<td style=\"text-align: center\"><span style=\"color: #58585a\">Jgst.11<\/span><\/td>\n<\/tr>\n<tr>\n<td><span style=\"color: #58585a\">\u00a0Religionslehre und Religionsp\u00e4dagogik<br \/>\u00a0Ethik und ethische Erziehung<\/span><\/td>\n<td style=\"text-align: center\"><span style=\"color: #58585a\">2<\/span><\/td>\n<td style=\"text-align: center\"><span style=\"color: #58585a\">1<\/span><\/td>\n<\/tr>\n<tr>\n<td><span style=\"color: #58585a\">\u00a0Deutsch und Kommunikation<\/span><\/td>\n<td style=\"text-align: center\"><span style=\"color: #58585a\">3<\/span><\/td>\n<td style=\"text-align: center\"><span style=\"color: #58585a\">3<\/span><\/td>\n<\/tr>\n<tr>\n<td><span style=\"color: #58585a\">\u00a0Englisch<\/span><\/td>\n<td style=\"text-align: center\"><span style=\"color: #58585a\">2<\/span><\/td>\n<td style=\"text-align: center\"><span style=\"color: #58585a\">1<\/span><\/td>\n<\/tr>\n<tr>\n<td style=\"width: 380px\" valign=\"top\"><span style=\"color: #58585a\">\u00a0Sozialkunde und Berufskunde<\/span><\/td>\n<td style=\"text-align: center\"><span style=\"color: #58585a\">2<\/span><\/td>\n<td style=\"text-align: center\"><span style=\"color: #58585a\">2<\/span><\/td>\n<\/tr>\n<tr>\n<td style=\"width: 380px\" valign=\"top\"><span style=\"color: #58585a\">\u00a0P\u00e4dagogik und Psychologie<\/span><\/td>\n<td style=\"text-align: center\"><span style=\"color: #58585a\">3<\/span><\/td>\n<td style=\"text-align: center\"><span style=\"color: #58585a\">4<\/span><\/td>\n<\/tr>\n<tr>\n<td style=\"width: 380px\" valign=\"top\"><span style=\"color: #58585a\">\u00a0\u00d6kologie und Gesundheit<\/span><\/td>\n<td style=\"text-align: center\"><span style=\"color: #58585a\">2<\/span><\/td>\n<td style=\"text-align: center\"><span style=\"color: #58585a\">2<\/span><\/td>\n<\/tr>\n<tr>\n<td style=\"width: 380px\" valign=\"top\"><span style=\"color: #58585a\">\u00a0Rechtskunde<\/span><\/td>\n<td style=\"text-align: center\"><span style=\"color: #58585a\">&#8211;<\/span><\/td>\n<td style=\"text-align: center\"><span style=\"color: #58585a\">1<\/span><\/td>\n<\/tr>\n<tr>\n<td style=\"width: 380px\" valign=\"top\"><span style=\"color: #58585a\">\u00a0Mathematisch-naturwissenschaftliche Erziehung<\/span><\/td>\n<td style=\"text-align: center\"><span style=\"color: #58585a\">1<\/span><\/td>\n<td style=\"text-align: center\"><span style=\"color: #58585a\">2<\/span><\/td>\n<\/tr>\n<tr>\n<td style=\"width: 380px\" valign=\"top\"><span style=\"color: #58585a\">\u00a0S\u00e4uglingsbetreuung<\/span><\/td>\n<td style=\"text-align: center\"><span style=\"color: #58585a\">2<\/span><\/td>\n<td style=\"text-align: center\"><span style=\"color: #58585a\">&#8211;<\/span><\/td>\n<\/tr>\n<\/tbody>\n<\/table>\n<h3>Fachpraktischer Unterricht<span style=\"font-size: 12px\">\u00a0<\/span><\/h3>\n<table style=\"width: 500px;border: 1px solid #000000\" border=\"0\" rules=\"all\">\n<tbody>\n<tr>\n<td style=\"width: 380px\" valign=\"top\"><span style=\"color: #58585a\">\u00a0<\/span><\/td>\n<td style=\"text-align: center\"><span style=\"color: #58585a\">Jgst. 10<\/span><\/td>\n<td style=\"text-align: center\"><span style=\"color: #58585a\">Jgst.11<\/span><\/td>\n<\/tr>\n<tr>\n<td><span style=\"color: #58585a\">\u00a0Praxis- und Methodenlehre und Medienerziehung<\/span><\/td>\n<td style=\"text-align: center\"><span style=\"color: #58585a\">3<\/span><\/td>\n<td style=\"text-align: center\"><span style=\"color: #58585a\">3<\/span><\/td>\n<\/tr>\n<tr>\n<td><span style=\"color: #58585a\">\u00a0Werkerziehung und Gestaltung<\/span><\/td>\n<td style=\"text-align: center\"><span style=\"color: #58585a\">2<\/span><\/td>\n<td style=\"text-align: center\"><span style=\"color: #58585a\">2<\/span><\/td>\n<\/tr>\n<tr>\n<td><span style=\"color: #58585a\">\u00a0Musik und Musikerziehung<\/span><\/td>\n<td style=\"text-align: center\"><span style=\"color: #58585a\">2<\/span><\/td>\n<td style=\"text-align: center\"><span style=\"color: #58585a\">2<\/span><\/td>\n<\/tr>\n<tr>\n<td><span style=\"color: #58585a\">\u00a0Sport- und Bewegungserziehung<\/span><\/td>\n<td style=\"text-align: center\"><span style=\"color: #58585a\">2<\/span><\/td>\n<td style=\"text-align: center\"><span style=\"color: #58585a\">2<\/span><\/td>\n<\/tr>\n<tr>\n<td><span style=\"color: #58585a\">\u00a0Hauswirtschaftliche Erziehung<\/span><\/td>\n<td style=\"text-align: center\"><span style=\"color: #58585a\">3<\/span><\/td>\n<td style=\"text-align: center\"><span style=\"color: #58585a\">2<\/span><\/td>\n<\/tr>\n<\/tbody>\n<\/table>\n<\/div>\n<div class=\"ce_text block\" style=\"margin-bottom: 40px\">\n<h3>Sozialp\u00e4dagogische Praxis<span style=\"font-size: 12px\">\u00a0<\/span><\/h3>\n<table style=\"width: 500px;border: 1px solid #000000\" border=\"0\" rules=\"all\">\n<tbody>\n<tr>\n<td style=\"width: 380px\" valign=\"top\"><span style=\"color: #58585a\">\u00a0<\/span><\/td>\n<td style=\"text-align: center\">Jgst. 10<\/td>\n<td style=\"text-align: center\">Jgst. 11<\/td>\n<\/tr>\n<tr>\n<td style=\"width: 380px\" valign=\"top\"><span style=\"color: #58585a\">\u00a0im Kindergarten<\/span><\/td>\n<td style=\"text-align: center\">6<\/td>\n<td style=\"text-align: center\">7<\/td>\n<\/tr>\n<tr>\n<td><span style=\"color: #58585a\">\u00a0oder im Kinderhort<\/span><\/td>\n<td style=\"text-align: center\"><span style=\"color: #58585a\">6<\/span><\/td>\n<td style=\"text-align: center\"><span style=\"color: #58585a\">7<\/span><\/td>\n<\/tr>\n<tr>\n<td><span style=\"color: #58585a\">\u00a0oder in einer Kinderkrippe<\/span><\/td>\n<td style=\"text-align: center\"><span style=\"color: #58585a\">6<\/span><\/td>\n<td style=\"text-align: center\"><span style=\"color: #58585a\">7<\/span><\/td>\n<\/tr>\n<\/tbody>\n<\/table>\n<p>\u00a0<\/p>\n<\/div>\n<\/div>\n<h2>Weiterbildungsm\u00f6glichkeiten<\/h2>\n<p><!-- \/wp:heading --><\/p>\n<p><!-- wp:paragraph --><\/p>\n<p>Die Ausbildung zur Kinderpflegerin \/ zum Kinderpfleger ist Ausgangsbasis f\u00fcr weitere Berufe im Erziehungs- und Pflegebereich.<br \/>zum Beispiel:<\/p>\n<p><!-- \/wp:paragraph --><\/p>\n<p><!-- wp:list --><\/p>\n<ul>\n<li>Erzieher \/ Erzieherin<\/li>\n<li>Heilerziehungspflege<\/li>\n<li>Familienpflege<\/li>\n<li>Kinderkrankenpflege<\/li>\n<li>Altenpflege<\/li>\n<li>Berufsoberschule (BOS) mit den M\u00f6glichkeiten des h\u00f6heren Bildungsabschlusses<\/li>\n<\/ul>\n<div>\u00a0<\/div>\n<p><!-- \/wp:list --><\/p>\n<p><!-- wp:heading --><\/p>\n<h2>Einsatzm\u00f6glichkeiten<\/h2>\n<p><!-- \/wp:heading --><\/p>\n<p><!-- wp:list --><\/p>\n<ul>\n<li>Kinderkrippe<\/li>\n<li>Kindergarten<\/li>\n<li>Sonderkindergarten<\/li>\n<li>Kinderhort<\/li>\n<li>Einrichtungen f\u00fcr Kinder mit Behinderungen<\/li>\n<\/ul>\n<div>\u00a0<\/div>\n<p><!-- \/wp:list --><\/p>\n<p><!-- wp:heading --><\/p>\n<h2>Verdienstm\u00f6glichkeiten<\/h2>\n<p><!-- \/wp:heading --><\/p>\n<p><!-- wp:paragraph --><\/p>\n<p>Staatlich gepr\u00fcfte Kinderpflegerin, Berufsanf\u00e4ngerin, 18 Jahre<\/p>\n<p><!-- \/wp:paragraph --><\/p>\n<p><!-- wp:paragraph --><\/p>\n<p>Bruttogehalt: 1771,00 Euro<br \/>TV\u00f6D\u00a0S3, Stufe 1<\/p>\n<p>nach einem Jahr Betriebszugeh\u00f6rigkeit:<br \/>Bruttogehalt: 1995,42 Euro<br \/>TV\u00f6D S3, Stufe 2<\/p>\n<p>Laut Auskunft der Besoldungsstelle der Stadt Memmingen (07.12.2010)<\/p>\n<p><!-- \/wp:paragraph --><\/p>\t\t\t\t\t\t\t\t<\/div>\n\t\t\t\t<\/div>\n\t\t\t\t\t<\/div>\n\t\t<\/div>\n\t\t\t\t\t<\/div>\n\t\t<\/section>\n\t\t\t\t<\/div>\n\t\t","protected":false},"excerpt":{"rendered":"<p>Berufsbild Der Besuch einer Berufsfachschule f\u00fcr Kinderpflege vermittelt grundlegende Kenntnisse und Fertigkeiten zur p\u00e4dagogischen Mitarbeit in verschiedenen so- zialp\u00e4dagogischen Arbeitsfeldern, insbesondere bei der Betreuung, Bildung und Erziehung von Kindern im vorschulischen Alter oder fr\u00fchen Schulalter. Betreuung-, Bildung-, und Erziehungsaufgaben sind z.B.: Entwicklung von: Basiskompetenzen wie Werteorientierung, Selbstbewusstsein, Verantwortungsbewusstsein, Resilienz usw. Sprach- und Medienerziehung, Literacy-Erziehung K\u00fcnstlerisch-\u00e4sthetische [&hellip;]<\/p>\n","protected":false},"author":2,"featured_media":1735,"parent":0,"menu_order":0,"comment_status":"closed","ping_status":"closed","template":"","meta":{"footnotes":""},"class_list":["post-1036","page","type-page","status-publish","has-post-thumbnail","hentry"],"_links":{"self":[{"href":"https:\/\/www.bsmn.de\/bski-memmingen\/wp-json\/wp\/v2\/pages\/1036","targetHints":{"allow":["GET"]}}],"collection":[{"href":"https:\/\/www.bsmn.de\/bski-memmingen\/wp-json\/wp\/v2\/pages"}],"about":[{"href":"https:\/\/www.bsmn.de\/bski-memmingen\/wp-json\/wp\/v2\/types\/page"}],"author":[{"embeddable":true,"href":"https:\/\/www.bsmn.de\/bski-memmingen\/wp-json\/wp\/v2\/users\/2"}],"replies":[{"embeddable":true,"href":"https:\/\/www.bsmn.de\/bski-memmingen\/wp-json\/wp\/v2\/comments?post=1036"}],"version-history":[{"count":109,"href":"https:\/\/www.bsmn.de\/bski-memmingen\/wp-json\/wp\/v2\/pages\/1036\/revisions"}],"predecessor-version":[{"id":3020,"href":"https:\/\/www.bsmn.de\/bski-memmingen\/wp-json\/wp\/v2\/pages\/1036\/revisions\/3020"}],"wp:featuredmedia":[{"embeddable":true,"href":"https:\/\/www.bsmn.de\/bski-memmingen\/wp-json\/wp\/v2\/media\/1735"}],"wp:attachment":[{"href":"https:\/\/www.bsmn.de\/bski-memmingen\/wp-json\/wp\/v2\/media?parent=1036"}],"curies":[{"name":"wp","href":"https:\/\/api.w.org\/{rel}","templated":true}]}}