{"id":1127,"date":"2020-11-20T09:46:23","date_gmt":"2020-11-20T08:46:23","guid":{"rendered":"http:\/\/bsmn.neuimweb.de\/bfsso-memmingen\/?page_id=1127"},"modified":"2025-12-15T11:07:22","modified_gmt":"2025-12-15T10:07:22","slug":"informationen","status":"publish","type":"page","link":"https:\/\/www.bsmn.de\/bfsso-memmingen\/informationen\/","title":{"rendered":"Staatlich gepr\u00fcfte(r) Sozialbetreuer(in) und Pflegefachhelfer(in)"},"content":{"rendered":"\t\t<div data-elementor-type=\"wp-page\" data-elementor-id=\"1127\" class=\"elementor elementor-1127\" data-elementor-post-type=\"page\">\n\t\t\t\t\t\t<section class=\"elementor-section elementor-top-section elementor-element elementor-element-30fa16c7 elementor-section-boxed elementor-section-height-default elementor-section-height-default\" data-id=\"30fa16c7\" data-element_type=\"section\" data-e-type=\"section\">\n\t\t\t\t\t\t<div class=\"elementor-container elementor-column-gap-default\">\n\t\t\t\t\t<div class=\"elementor-column elementor-col-100 elementor-top-column elementor-element elementor-element-18248cbf\" data-id=\"18248cbf\" data-element_type=\"column\" data-e-type=\"column\">\n\t\t\t<div class=\"elementor-widget-wrap elementor-element-populated\">\n\t\t\t\t\t\t<div class=\"elementor-element elementor-element-347fadd6 elementor-widget elementor-widget-text-editor\" data-id=\"347fadd6\" data-element_type=\"widget\" data-e-type=\"widget\" data-widget_type=\"text-editor.default\">\n\t\t\t\t<div class=\"elementor-widget-container\">\n\t\t\t\t\t\t\t\t\t\n<h1 class=\"wp-block-heading\" id=\"berufsbild\">Berufsbild<\/h1>\n\n<p>Staatlich gepr\u00fcfte Sozialbetreuer\/innen sind dazu bef\u00e4higt, als qualifizierte Zweitkraft insbesondere in der Alten- und Behindertenhilfe, aber auch in der Familienhilfe mitzuarbeiten. Zu den wichtigsten Aufgaben eines Sozialbetreuers geh\u00f6ren:<\/p>\n\n<ul class=\"wp-block-list\">\n<li>Grundpflege<\/li>\n\n<li>hauswirtschaftliche Versorgung<\/li>\n\n<li>Besch\u00e4ftigung<\/li>\n<\/ul>\n\n<p>Die f\u00fcr die Sozialpflege ausgebildeten Kr\u00e4fte zeichnet dabei aus, dass sie diese Aufgaben mit psychosozialer Kompetenz und Fachkenntnis ausf\u00fchren. Dies bedeutet bei allen T\u00e4tigkeiten:<\/p>\n\n<ul class=\"wp-block-list\">\n<li>Kontakt und Zuwendung zum betreuten Menschen<\/li>\n\n<li>Erkennen und Annehmen der individuellen Bed\u00fcrfnisse des betreuten Menschen<\/li>\n\n<li>F\u00f6rderung der Selbst\u00e4ndigkeit des Menschen<\/li>\n\n<li>Selbst\u00e4ndige \u00dcbernahme von Teilaufgaben<\/li>\n<\/ul>\n\n<h1 class=\"wp-block-heading\" id=\"einsatzbereiche\">Einsatzbereiche<\/h1>\n\n<ul class=\"wp-block-list\">\n<li>Seniorenheime<\/li>\n\n<li>Einrichtungen f\u00fcr Menschen mit Behinderung<\/li>\n\n<li>Sozialstationen<\/li>\n\n<li>Krankenh\u00e4user<\/li>\n<\/ul>\n\n<h1 class=\"wp-block-heading\" id=\"aufnahmevoraussetzungen\">Aufnahmevoraussetzungen und Anmeldung &#8211; ab sofort m\u00f6glich<\/h1>\n\n<p>Voraussetzung f\u00fcr die Aufnahme in die Berufsfachschule f\u00fcr Sozialpflege ist die beendigte Vollzeitschulpflicht.<\/p>\n\n<p>\u00a0<\/p>\n\n<ul class=\"wp-block-list\">\n<li>Zur Anmeldung sind vorzulegen:\u00a0<br \/>\n<ul class=\"wp-block-list\">\n<li><strong><a href=\"https:\/\/www.bsmn.de\/bfsso-memmingen\/wp-content\/uploads\/sites\/9\/2025\/12\/Anmeldung-SO.pdf\">Anmeldung-SO<\/a><\/strong><\/li>\n\n<li><strong>Lebenslauf mit Lichtbild<\/strong><\/li>\n\n<li><strong>Zeugniskopie<\/strong><\/li>\n\n<li>Bewerber\/innen, die nicht direkt von einer Schule kommen m\u00fcssen ein <strong>amtliches F\u00fchrungszeugnis<\/strong> vorlegen<\/li>\n<\/ul>\n<\/li>\n<\/ul>\n\n<ul class=\"wp-block-list\">\n<li>Die Aufnahme setzt au\u00dferdem nach Schulbeginn die Vorlage eines \u00e4rztlichen Zeugnisses voraus, das die Eignung f\u00fcr diesen Beruf nachweist und nicht \u00e4lter als drei Monate sein soll.<\/li>\n\n<li>Bitte verwenden Sie unsere <a href=\"https:\/\/www.bsmn.de\/bfsso-memmingen\/wp-content\/uploads\/sites\/9\/2020\/11\/attest-so.pdf\" target=\"_blank\" rel=\"noreferrer noopener\">Vorlage<\/a>.<\/li>\n<\/ul>\n\n<ul class=\"wp-block-list\">\n<li>Die endg\u00fcltige Aufnahme h\u00e4ngt vom <strong>Bestehen der Probezeit<\/strong> ab (Ende des 1. Schulhalbjahres).<\/li>\n<\/ul>\n\n<p>F\u00fcr die Dauer der Ausbildungszeit kann BAf\u00f6G beantragt werden.<\/p>\n\n<p>Die Fahrtkosten\u00fcbernahme ist entsprechend den geltenden Bestimmungen m\u00f6glich. (z.B. erstes Ausbildungsjahr, Sch\u00fcler des Landkreises Unterallg\u00e4u etc.)<\/p>\n\n<h1 class=\"wp-block-heading\" id=\"ausbildungsinhalte\"><strong>Ausbildungsinhalte<\/strong><\/h1>\n\n<p>2 Jahre Vollzeitunterricht mit Praktika in der station\u00e4ren und ambulanten Akut- oder Langzeitpflege. (z.B. Einrichtungen Alten- und Krankenpflege, Behinderteneinrichtungen und Sozialstationen)<\/p>\n\n<p>Nach bestandener Abschlusspr\u00fcfung wird den Sch\u00fcler\/innen der anerkannte Berufsabschluss &#8222;Staatlich gepr\u00fcfter Sozialbetreuer und Pflegefachhelfer&#8220;\/&#8220;Staatlich gepr\u00fcfte Sozialbetreuerin und Pflegefachhelferin&#8220; zuerkannt.<\/p>\n\n<p>Mit einem Notendurchschnitt von mindestens\u00a03,0 und dem Nachweis mindestens ausreichender Englischkenntnisse wird der mittlere Bildungsabschluss erteilt.<\/p>\n\n<h1 class=\"wp-block-heading\" id=\"stundentafel\">Stundentafel<\/h1>\n\n<figure class=\"wp-block-image size-large\"><img fetchpriority=\"high\" decoding=\"async\" width=\"740\" height=\"683\" class=\"wp-image-1141\" src=\"https:\/\/www.bsmn.de\/bfsso-memmingen\/wp-content\/uploads\/sites\/9\/2020\/11\/grafik.png\" alt=\"\" srcset=\"https:\/\/www.bsmn.de\/bfsso-memmingen\/wp-content\/uploads\/sites\/9\/2020\/11\/grafik.png 740w, https:\/\/www.bsmn.de\/bfsso-memmingen\/wp-content\/uploads\/sites\/9\/2020\/11\/grafik-300x277.png 300w, https:\/\/www.bsmn.de\/bfsso-memmingen\/wp-content\/uploads\/sites\/9\/2020\/11\/grafik-600x554.png 600w\" sizes=\"(max-width: 740px) 100vw, 740px\" \/><\/figure>\n\n<h1 class=\"wp-block-heading\" id=\"verdienstm\u00f6glichkeiten\">Verdienstm\u00f6glichkeiten<\/h1>\n\n<p>Staatlich gepr\u00fcfte Sozialbetreuer\/in, Berufsanf\u00e4nger\/in, 18 Jahre<\/p>\n\n<p>Bruttogehalt: 2367.67,00 Euro<br \/>TV\u00f6D\u00a0Pflege P6, im ersten Jahr<br \/>\u00a0<br \/>Bruttogehalt: 2538,09 Euro<br \/>TV\u00f6D Pflege P6, ab dem 2. Jahr<br \/>\u00a0<\/p>\n\n<h1 class=\"wp-block-heading\" id=\"weiterbildungsm\u00f6glichkeiten\">Weiterbildungsm\u00f6glichkeiten<\/h1>\n\n<figure class=\"wp-block-table\">\n<table>\n<tbody>\n<tr>\n<td><br \/><strong>Arbeit mit Menschen mit Behinderung\u00a0 \u00a0 \u00a0 \u00a0 \u00a0 \u00a0 \u00a0 \u00a0 \u00a0 \u00a0\u00a0<\/strong><br \/>\u2022 Heilerziehungspfleger\/in<br \/>\u2022 Heilerziehungspflegehelfer\/in<br \/>\u2022 Heilp\u00e4dagoge\/in<br \/>\u00a0<\/td>\n<td><strong>Familienarbeit<\/strong> <br \/>\u2022 Familienpfleger\/in<br \/>\u00a0<br \/>\u00a0<\/td>\n<\/tr>\n<tr>\n<td><strong>Gesundheitswesen<\/strong> <br \/>\u2022 Altenpfleger\/in<br \/>\u2022 Gesundheits- und Krankenpfleger\/in<br \/>\u2022 Medizinische Bademeister\/in<br \/>\u2022 Masseur\/in<br \/>\u2022 Ergotherapeut\/in<br \/>\u2022 Rettungsassistent\/in<\/td>\n<td><strong>Berufs\/- Fachoberschule (BOS\/FOS)<\/strong> <br \/>\u2022 Fachhochschulreife<br \/>\u2022 Fachgebundene Hochschulreife<br \/>\u2022 Allgemeine Hochschulreife<br \/>\u00a0<\/td>\n<\/tr>\n<\/tbody>\n<\/table>\n<\/figure>\n\t\t\t\t\t\t\t\t<\/div>\n\t\t\t\t<\/div>\n\t\t\t\t\t<\/div>\n\t\t<\/div>\n\t\t\t\t\t<\/div>\n\t\t<\/section>\n\t\t\t\t<\/div>\n\t\t","protected":false},"excerpt":{"rendered":"<p>Berufsbild Staatlich gepr\u00fcfte Sozialbetreuer\/innen sind dazu bef\u00e4higt, als qualifizierte Zweitkraft insbesondere in der Alten- und Behindertenhilfe, aber auch in der Familienhilfe mitzuarbeiten. Zu den wichtigsten Aufgaben eines Sozialbetreuers geh\u00f6ren: Die f\u00fcr die Sozialpflege ausgebildeten Kr\u00e4fte zeichnet dabei aus, dass sie diese Aufgaben mit psychosozialer Kompetenz und Fachkenntnis ausf\u00fchren. Dies bedeutet bei allen T\u00e4tigkeiten: Einsatzbereiche Aufnahmevoraussetzungen [&hellip;]<\/p>\n","protected":false},"author":2,"featured_media":1433,"parent":0,"menu_order":0,"comment_status":"closed","ping_status":"closed","template":"","meta":{"footnotes":""},"class_list":["post-1127","page","type-page","status-publish","has-post-thumbnail","hentry"],"_links":{"self":[{"href":"https:\/\/www.bsmn.de\/bfsso-memmingen\/wp-json\/wp\/v2\/pages\/1127","targetHints":{"allow":["GET"]}}],"collection":[{"href":"https:\/\/www.bsmn.de\/bfsso-memmingen\/wp-json\/wp\/v2\/pages"}],"about":[{"href":"https:\/\/www.bsmn.de\/bfsso-memmingen\/wp-json\/wp\/v2\/types\/page"}],"author":[{"embeddable":true,"href":"https:\/\/www.bsmn.de\/bfsso-memmingen\/wp-json\/wp\/v2\/users\/2"}],"replies":[{"embeddable":true,"href":"https:\/\/www.bsmn.de\/bfsso-memmingen\/wp-json\/wp\/v2\/comments?post=1127"}],"version-history":[{"count":29,"href":"https:\/\/www.bsmn.de\/bfsso-memmingen\/wp-json\/wp\/v2\/pages\/1127\/revisions"}],"predecessor-version":[{"id":2230,"href":"https:\/\/www.bsmn.de\/bfsso-memmingen\/wp-json\/wp\/v2\/pages\/1127\/revisions\/2230"}],"wp:featuredmedia":[{"embeddable":true,"href":"https:\/\/www.bsmn.de\/bfsso-memmingen\/wp-json\/wp\/v2\/media\/1433"}],"wp:attachment":[{"href":"https:\/\/www.bsmn.de\/bfsso-memmingen\/wp-json\/wp\/v2\/media?parent=1127"}],"curies":[{"name":"wp","href":"https:\/\/api.w.org\/{rel}","templated":true}]}}