{"id":101,"date":"2020-06-24T11:51:42","date_gmt":"2020-06-24T09:51:42","guid":{"rendered":"http:\/\/bsmn.neuimweb.de\/technikerschule\/?page_id=101"},"modified":"2026-03-17T11:06:18","modified_gmt":"2026-03-17T10:06:18","slug":"downloads","status":"publish","type":"page","link":"https:\/\/www.bsmn.de\/bfsev-memmingen\/downloads\/","title":{"rendered":"Downloads"},"content":{"rendered":"\t\t<div data-elementor-type=\"wp-page\" data-elementor-id=\"101\" class=\"elementor elementor-101\" data-elementor-post-type=\"page\">\n\t\t\t\t\t\t<section class=\"elementor-section elementor-top-section elementor-element elementor-element-42f3ce84 elementor-section-boxed elementor-section-height-default elementor-section-height-default\" data-id=\"42f3ce84\" data-element_type=\"section\" data-e-type=\"section\">\n\t\t\t\t\t\t<div class=\"elementor-container elementor-column-gap-default\">\n\t\t\t\t\t<div class=\"elementor-column elementor-col-100 elementor-top-column elementor-element elementor-element-f52dd07\" data-id=\"f52dd07\" data-element_type=\"column\" data-e-type=\"column\">\n\t\t\t<div class=\"elementor-widget-wrap elementor-element-populated\">\n\t\t\t\t\t\t<div class=\"elementor-element elementor-element-d8e6cda elementor-widget elementor-widget-text-editor\" data-id=\"d8e6cda\" data-element_type=\"widget\" data-e-type=\"widget\" data-widget_type=\"text-editor.default\">\n\t\t\t\t<div class=\"elementor-widget-container\">\n\t\t\t\t\t\t\t\t\t<h2><b>Anmeldung<\/b><\/h2><p><!-- \/wp:table --><!-- wp:heading --><\/p><div><p><a href=\"https:\/\/www.bsmn.de\/bfsev-memmingen\/wp-content\/uploads\/sites\/10\/2021\/12\/anmeldeblatt-Assistent-Ernaehrung.pdf\" target=\"_blank\" rel=\"noopener\">Berufsfachschule Ern\u00e4hrung und Versorgung<br \/><\/a><\/p><\/div><p><!-- \/wp:heading --><!-- wp:heading --><\/p><h2><strong>Informationsblatt<\/strong><\/h2><p><a href=\"https:\/\/www.bsmn.de\/bfsev-memmingen\/wp-content\/uploads\/sites\/10\/2021\/02\/ernaehrung-und-versorgung-info.pdf\" target=\"_blank\" rel=\"noopener\">Staatlich gepr\u00fcfte(r) Assistent(in) f\u00fcr Ern\u00e4hrung und Versorgung<br \/><\/a><\/p><p><!-- \/wp:heading --><!-- wp:table --><\/p><figure><\/figure><p><!-- \/wp:table --><!-- wp:heading --><\/p><h2><strong>Sonstiges<\/strong><\/h2><div><p><a href=\"https:\/\/www.bsmn.de\/bfsev-memmingen\/wp-content\/uploads\/sites\/10\/2026\/02\/Sprechzeiten.pdf\">Sprechzeiten der Lehrkr\u00e4fte<\/a><\/p><p><a href=\"https:\/\/www.bsmn.de\/bski-memmingen\/wp-content\/uploads\/sites\/8\/2020\/11\/unterrichtsbefreiung_antrag.pdf\" target=\"_blank\" rel=\"noopener\">Unterrichtsbefreiung<\/a><\/p><p><a href=\"https:\/\/www.bsmn.de\/bski-memmingen\/wp-content\/uploads\/sites\/8\/2020\/11\/Beenden-des-Praktikums.pdf\" target=\"_blank\" rel=\"noopener\">Beendigung des Praktikums<\/a><\/p><p><a href=\"https:\/\/www.bsmn.de\/bfsev-memmingen\/wp-content\/uploads\/sites\/10\/2026\/02\/Verhalten-im-Krankheitsfall.pdf\">Verhalten im Krankheitsfall<\/a><\/p><p><a href=\"https:\/\/www.bsmn.de\/bfsev-memmingen\/wp-content\/uploads\/sites\/10\/2026\/02\/Hausordung.pdf\">Hausordnung<\/a><\/p><p><a href=\"https:\/\/www.bsmn.de\/bfsev-memmingen\/wp-content\/uploads\/sites\/10\/2026\/03\/Entschuldigung.pdf\">Entschuldigung<\/a><\/p><p><!-- \/wp:heading --><!-- wp:heading --><\/p><figure><table><tbody><tr><td>\u00a0<\/td><td>\u00a0<\/td><td>\u00a0<\/td><\/tr><\/tbody><\/table><\/figure><p><!-- \/wp:heading --><\/p><\/div>\t\t\t\t\t\t\t\t<\/div>\n\t\t\t\t<\/div>\n\t\t\t\t\t<\/div>\n\t\t<\/div>\n\t\t\t\t\t<\/div>\n\t\t<\/section>\n\t\t\t\t<\/div>\n\t\t","protected":false},"excerpt":{"rendered":"<p>Anmeldung Berufsfachschule Ern\u00e4hrung und Versorgung Informationsblatt Staatlich gepr\u00fcfte(r) Assistent(in) f\u00fcr Ern\u00e4hrung und Versorgung Sonstiges Sprechzeiten der Lehrkr\u00e4fte Unterrichtsbefreiung Beendigung des Praktikums Verhalten im Krankheitsfall Hausordnung Entschuldigung \u00a0 \u00a0 \u00a0<\/p>\n","protected":false},"author":2,"featured_media":1270,"parent":0,"menu_order":0,"comment_status":"closed","ping_status":"closed","template":"","meta":{"footnotes":""},"class_list":["post-101","page","type-page","status-publish","has-post-thumbnail","hentry"],"_links":{"self":[{"href":"https:\/\/www.bsmn.de\/bfsev-memmingen\/wp-json\/wp\/v2\/pages\/101","targetHints":{"allow":["GET"]}}],"collection":[{"href":"https:\/\/www.bsmn.de\/bfsev-memmingen\/wp-json\/wp\/v2\/pages"}],"about":[{"href":"https:\/\/www.bsmn.de\/bfsev-memmingen\/wp-json\/wp\/v2\/types\/page"}],"author":[{"embeddable":true,"href":"https:\/\/www.bsmn.de\/bfsev-memmingen\/wp-json\/wp\/v2\/users\/2"}],"replies":[{"embeddable":true,"href":"https:\/\/www.bsmn.de\/bfsev-memmingen\/wp-json\/wp\/v2\/comments?post=101"}],"version-history":[{"count":49,"href":"https:\/\/www.bsmn.de\/bfsev-memmingen\/wp-json\/wp\/v2\/pages\/101\/revisions"}],"predecessor-version":[{"id":2371,"href":"https:\/\/www.bsmn.de\/bfsev-memmingen\/wp-json\/wp\/v2\/pages\/101\/revisions\/2371"}],"wp:featuredmedia":[{"embeddable":true,"href":"https:\/\/www.bsmn.de\/bfsev-memmingen\/wp-json\/wp\/v2\/media\/1270"}],"wp:attachment":[{"href":"https:\/\/www.bsmn.de\/bfsev-memmingen\/wp-json\/wp\/v2\/media?parent=101"}],"curies":[{"name":"wp","href":"https:\/\/api.w.org\/{rel}","templated":true}]}}