{"id":2406,"date":"2021-03-24T22:29:53","date_gmt":"2021-03-24T21:29:53","guid":{"rendered":"https:\/\/www.bsmn.de\/berufsschule-mindelheim\/?page_id=2406"},"modified":"2021-07-12T13:13:21","modified_gmt":"2021-07-12T11:13:21","slug":"ernaehrung","status":"publish","type":"page","link":"https:\/\/www.bsmn.de\/berufsschule-mindelheim\/ernaehrung\/","title":{"rendered":"Ern\u00e4hrung"},"content":{"rendered":"\n<h3 class=\"has-vivid-red-color has-text-color wp-block-heading\"><strong><u>Bedeutung des Themas Ern\u00e4hrung f\u00fcr das Klima:<\/u><\/strong><\/h3>\n\n\n\n<p>Ein h\u00e4ufig v\u00f6llig zu Unrecht vernachl\u00e4ssigter Teil unseres \u00f6kologischen Fu\u00dfabdrucks ist der Bereich Ern\u00e4hrung. Jeder isst. Und um genau zu sein, jeder isst \u00fcber eine halbeTonne Lebensmittel pro Kopf und Jahr<strong>.<\/strong> <strong>Ein guter Teil des Einkaufs fliegt obendrein in den M\u00fcll.<\/strong> <br><\/p>\n\n\n\n<figure class=\"wp-block-image size-large is-resized\"><a href=\"https:\/\/www.bsmn.de\/berufsschule-mindelheim\/wp-content\/uploads\/sites\/2\/2021\/06\/Ernaehrung-1.jpg\"><img fetchpriority=\"high\" decoding=\"async\" src=\"https:\/\/www.bsmn.de\/berufsschule-mindelheim\/wp-content\/uploads\/sites\/2\/2021\/06\/Ernaehrung-1-1024x675.jpg\" alt=\"\" class=\"wp-image-2954\" width=\"451\" height=\"296\" srcset=\"https:\/\/www.bsmn.de\/berufsschule-mindelheim\/wp-content\/uploads\/sites\/2\/2021\/06\/Ernaehrung-1-1024x675.jpg 1024w, https:\/\/www.bsmn.de\/berufsschule-mindelheim\/wp-content\/uploads\/sites\/2\/2021\/06\/Ernaehrung-1-300x198.jpg 300w, https:\/\/www.bsmn.de\/berufsschule-mindelheim\/wp-content\/uploads\/sites\/2\/2021\/06\/Ernaehrung-1-768x506.jpg 768w, https:\/\/www.bsmn.de\/berufsschule-mindelheim\/wp-content\/uploads\/sites\/2\/2021\/06\/Ernaehrung-1.jpg 1200w\" sizes=\"(max-width: 451px) 100vw, 451px\" \/><\/a><\/figure>\n\n\n\n<hr class=\"wp-block-separator\"\/>\n\n\n\n<p class=\"has-small-font-size\">Quelle: https:\/\/www.vis.bayern.de\/ernaehrung\/lebensmittel\/gruppen\/lebensmittelwegwerfen.htm<\/p>\n\n\n\n<p class=\"has-black-color has-text-color\">Wenn man diese Werte hochrechnet und in CO<sub>2<\/sub>-\u00c4quivalenten darstellt, dann ergibt sich entlang der Wertsch\u00f6pfungskette von Lebensmitteln ein Verbrauch <a>von 2t CO<sub>2<\/sub>.<\/a><\/p>\n\n\n\n<hr class=\"wp-block-separator\"\/>\n\n\n\n<figure class=\"wp-block-image size-large is-resized\"><a href=\"https:\/\/www.bsmn.de\/berufsschule-mindelheim\/wp-content\/uploads\/sites\/2\/2021\/06\/Ernaehrung-2.jpg\"><img decoding=\"async\" src=\"https:\/\/www.bsmn.de\/berufsschule-mindelheim\/wp-content\/uploads\/sites\/2\/2021\/06\/Ernaehrung-2.jpg\" alt=\"\" class=\"wp-image-2955\" width=\"441\" height=\"271\" srcset=\"https:\/\/www.bsmn.de\/berufsschule-mindelheim\/wp-content\/uploads\/sites\/2\/2021\/06\/Ernaehrung-2.jpg 995w, https:\/\/www.bsmn.de\/berufsschule-mindelheim\/wp-content\/uploads\/sites\/2\/2021\/06\/Ernaehrung-2-300x185.jpg 300w, https:\/\/www.bsmn.de\/berufsschule-mindelheim\/wp-content\/uploads\/sites\/2\/2021\/06\/Ernaehrung-2-768x473.jpg 768w, https:\/\/www.bsmn.de\/berufsschule-mindelheim\/wp-content\/uploads\/sites\/2\/2021\/06\/Ernaehrung-2-600x370.jpg 600w\" sizes=\"(max-width: 441px) 100vw, 441px\" \/><\/a><\/figure>\n\n\n\n<p>&nbsp;<\/p>\n\n\n\n<p>Durch nachhaltige Ern\u00e4hrung werden Umwelt und Ressourcen geschont. Regionale und saisonale Lebensmittel ersparen lange Transportwege und sind somit klimafreundlich. \u00d6kologische Landwirtschaft arbeitet klimafreundlicher als konventionelle Landwirtschaft. Wenig verarbeitete Lebensmittel sparen Energie und Ressourcen.<\/p>\n\n\n\n<h3 class=\"has-luminous-vivid-orange-color has-text-color wp-block-heading\"><strong><u>Bedeutung des Themas Ern\u00e4hrung f\u00fcr unsere Schule:<\/u><\/strong><\/h3>\n\n\n\n<p>Die Sch\u00fclerInnen unserer Schule konsumieren Nahrungsmittel nicht nur wie jeder andere Mensch auch, sie haben zus\u00e4tzlich mit der Produktion (Landwirte, Landmaschinenmechatroniker), der Verarbeitung (K\u00f6che) bis hin zum Verkauf (Hotel- und Gastst\u00e4ttengewerbe, Einzelhandel) zu tun. Zudem verf\u00fcgen sie \u00fcber ein gewisses Einkommen und k\u00f6nnen so ihre Konsumbed\u00fcrfnisse in einem h\u00f6heren Ma\u00df selbst steuern als Sch\u00fclerinnen und Sch\u00fcler anderer Schularten.<\/p>\n\n\n\n<p>Die Situation an den Standorten:<\/p>\n\n\n\n<p><strong><u>MN:<\/u><\/strong> Die BS\/TS Mindelheim verf\u00fcgt \u00fcber keine eigene Kantine und keinen Schulkiosk. Lediglich die Pausenverpflegung wird von lokalen B\u00e4ckereien an der Schule verkauft. Die Hausmeister erg\u00e4nzen dieses Angebot mit Getr\u00e4nken (hei\u00df und kalt) im Mehrwegsystem. Es gibt frisches Obst auf Selbstbedienungsbasis, Wasserspender und Getr\u00e4nkeautomaten, die z.T. Hei\u00dfgetr\u00e4nke beinhalten. F\u00fcr Lehrer und Sch\u00fcler der Technikerschule stehen kleine Kochm\u00f6glichkeiten in Aufenthaltsr\u00e4umen zur Verf\u00fcgung, die eigenverantwortlich genutzt werden.<\/p>\n\n\n\n<figure class=\"wp-block-image size-large is-resized\"><a href=\"https:\/\/www.bsmn.de\/berufsschule-mindelheim\/wp-content\/uploads\/sites\/2\/2021\/06\/Schulobst.jpg\"><img decoding=\"async\" src=\"https:\/\/www.bsmn.de\/berufsschule-mindelheim\/wp-content\/uploads\/sites\/2\/2021\/06\/Schulobst-1024x683.jpg\" alt=\"\" class=\"wp-image-2958\" width=\"407\" height=\"275\"\/><\/a><\/figure>\n\n\n\n<p><strong>BW<\/strong>: An der Au\u00dfenstelle Bad W\u00f6rishofen bilden wir s\u00e4mtliche Berufe in der Hotellerie und Gastronomie aus, d.h. wir haben die Sch\u00fcler hier nicht nur als Konsumenten und Verbraucher vor uns. Vielmehr gilt es, auch den zuk\u00fcnftigen Gastronomen und Betriebsleitern von morgen, solides Wissen, Werte und Handwerkszeug an die Hand zu geben, um speziell im Lebensmittel- und Ern\u00e4hrungsbereich fundierte Entscheidungen treffen zu k\u00f6nnen. Selbstverst\u00e4ndlich steht Kochen deshalb als praktische T\u00e4tigkeit im Lehrplan und wird Gekochtes dann auch verzehrt.<\/p>\n\n\n\n<p><strong>MM<\/strong>: \u00c4hnliches gilt f\u00fcr die Au\u00dfenstelle in Memmingen, in der ebenfalls im Rahmen der Ausbildung gekocht wird und alle damit verbundenen T\u00e4tigkeiten in den Unterricht eingebettet werden.<\/p>\n\n\n\n<p>Die Verbr\u00e4uche an den einzelnen Standorten (soweit f\u00fcr uns erfassbar):<\/p>\n\n\n\n<figure class=\"wp-block-image size-large\"><a href=\"https:\/\/www.bsmn.de\/berufsschule-mindelheim\/wp-content\/uploads\/sites\/2\/2021\/06\/Ernaehrung-3.jpg\"><img loading=\"lazy\" decoding=\"async\" width=\"642\" height=\"834\" src=\"https:\/\/www.bsmn.de\/berufsschule-mindelheim\/wp-content\/uploads\/sites\/2\/2021\/06\/Ernaehrung-3.jpg\" alt=\"\" class=\"wp-image-2959\" srcset=\"https:\/\/www.bsmn.de\/berufsschule-mindelheim\/wp-content\/uploads\/sites\/2\/2021\/06\/Ernaehrung-3.jpg 642w, https:\/\/www.bsmn.de\/berufsschule-mindelheim\/wp-content\/uploads\/sites\/2\/2021\/06\/Ernaehrung-3-231x300.jpg 231w, https:\/\/www.bsmn.de\/berufsschule-mindelheim\/wp-content\/uploads\/sites\/2\/2021\/06\/Ernaehrung-3-600x779.jpg 600w\" sizes=\"(max-width: 642px) 100vw, 642px\" \/><\/a><\/figure>\n\n\n\n<p><strong>Ermittlung der Werte am Beispiel MM:<\/strong><\/p>\n\n\n\n<figure class=\"wp-block-image size-large is-resized\"><a href=\"https:\/\/www.bsmn.de\/berufsschule-mindelheim\/wp-content\/uploads\/sites\/2\/2021\/06\/Ernaehrung-4.jpg\"><img loading=\"lazy\" decoding=\"async\" src=\"https:\/\/www.bsmn.de\/berufsschule-mindelheim\/wp-content\/uploads\/sites\/2\/2021\/06\/Ernaehrung-4-1024x760.jpg\" alt=\"\" class=\"wp-image-2971\" width=\"438\" height=\"325\" srcset=\"https:\/\/www.bsmn.de\/berufsschule-mindelheim\/wp-content\/uploads\/sites\/2\/2021\/06\/Ernaehrung-4-1024x760.jpg 1024w, https:\/\/www.bsmn.de\/berufsschule-mindelheim\/wp-content\/uploads\/sites\/2\/2021\/06\/Ernaehrung-4-300x223.jpg 300w, https:\/\/www.bsmn.de\/berufsschule-mindelheim\/wp-content\/uploads\/sites\/2\/2021\/06\/Ernaehrung-4-768x570.jpg 768w, https:\/\/www.bsmn.de\/berufsschule-mindelheim\/wp-content\/uploads\/sites\/2\/2021\/06\/Ernaehrung-4-600x445.jpg 600w, https:\/\/www.bsmn.de\/berufsschule-mindelheim\/wp-content\/uploads\/sites\/2\/2021\/06\/Ernaehrung-4.jpg 1078w\" sizes=\"(max-width: 438px) 100vw, 438px\" \/><\/a><\/figure>\n\n\n\n<figure class=\"wp-block-image size-large is-resized\"><a href=\"https:\/\/www.bsmn.de\/berufsschule-mindelheim\/wp-content\/uploads\/sites\/2\/2021\/06\/Ernaehrung-5.jpg\"><img loading=\"lazy\" decoding=\"async\" src=\"https:\/\/www.bsmn.de\/berufsschule-mindelheim\/wp-content\/uploads\/sites\/2\/2021\/06\/Ernaehrung-5-1024x501.jpg\" alt=\"\" class=\"wp-image-2973\" width=\"433\" height=\"211\" srcset=\"https:\/\/www.bsmn.de\/berufsschule-mindelheim\/wp-content\/uploads\/sites\/2\/2021\/06\/Ernaehrung-5-1024x501.jpg 1024w, https:\/\/www.bsmn.de\/berufsschule-mindelheim\/wp-content\/uploads\/sites\/2\/2021\/06\/Ernaehrung-5-300x147.jpg 300w, https:\/\/www.bsmn.de\/berufsschule-mindelheim\/wp-content\/uploads\/sites\/2\/2021\/06\/Ernaehrung-5-768x375.jpg 768w, https:\/\/www.bsmn.de\/berufsschule-mindelheim\/wp-content\/uploads\/sites\/2\/2021\/06\/Ernaehrung-5-600x293.jpg 600w, https:\/\/www.bsmn.de\/berufsschule-mindelheim\/wp-content\/uploads\/sites\/2\/2021\/06\/Ernaehrung-5.jpg 1027w\" sizes=\"(max-width: 433px) 100vw, 433px\" \/><\/a><\/figure>\n\n\n\n<figure class=\"wp-block-image size-large is-resized\"><a href=\"https:\/\/www.bsmn.de\/berufsschule-mindelheim\/wp-content\/uploads\/sites\/2\/2021\/06\/Ernaehrung-6.jpg\"><img loading=\"lazy\" decoding=\"async\" src=\"https:\/\/www.bsmn.de\/berufsschule-mindelheim\/wp-content\/uploads\/sites\/2\/2021\/06\/Ernaehrung-6-1024x540.jpg\" alt=\"\" class=\"wp-image-2974\" width=\"423\" height=\"222\" srcset=\"https:\/\/www.bsmn.de\/berufsschule-mindelheim\/wp-content\/uploads\/sites\/2\/2021\/06\/Ernaehrung-6-1024x540.jpg 1024w, https:\/\/www.bsmn.de\/berufsschule-mindelheim\/wp-content\/uploads\/sites\/2\/2021\/06\/Ernaehrung-6-300x158.jpg 300w, https:\/\/www.bsmn.de\/berufsschule-mindelheim\/wp-content\/uploads\/sites\/2\/2021\/06\/Ernaehrung-6-768x405.jpg 768w, https:\/\/www.bsmn.de\/berufsschule-mindelheim\/wp-content\/uploads\/sites\/2\/2021\/06\/Ernaehrung-6-600x317.jpg 600w, https:\/\/www.bsmn.de\/berufsschule-mindelheim\/wp-content\/uploads\/sites\/2\/2021\/06\/Ernaehrung-6.jpg 1200w\" sizes=\"(max-width: 423px) 100vw, 423px\" \/><\/a><\/figure>\n\n\n\n<figure class=\"wp-block-image size-large is-resized\"><a href=\"https:\/\/www.bsmn.de\/berufsschule-mindelheim\/wp-content\/uploads\/sites\/2\/2021\/06\/Ernaehrung-7.jpg\"><img loading=\"lazy\" decoding=\"async\" src=\"https:\/\/www.bsmn.de\/berufsschule-mindelheim\/wp-content\/uploads\/sites\/2\/2021\/06\/Ernaehrung-7-1024x565.jpg\" alt=\"\" class=\"wp-image-2975\" width=\"422\" height=\"232\" srcset=\"https:\/\/www.bsmn.de\/berufsschule-mindelheim\/wp-content\/uploads\/sites\/2\/2021\/06\/Ernaehrung-7-1024x565.jpg 1024w, https:\/\/www.bsmn.de\/berufsschule-mindelheim\/wp-content\/uploads\/sites\/2\/2021\/06\/Ernaehrung-7-300x166.jpg 300w, https:\/\/www.bsmn.de\/berufsschule-mindelheim\/wp-content\/uploads\/sites\/2\/2021\/06\/Ernaehrung-7-768x424.jpg 768w, https:\/\/www.bsmn.de\/berufsschule-mindelheim\/wp-content\/uploads\/sites\/2\/2021\/06\/Ernaehrung-7-600x331.jpg 600w, https:\/\/www.bsmn.de\/berufsschule-mindelheim\/wp-content\/uploads\/sites\/2\/2021\/06\/Ernaehrung-7.jpg 1200w\" sizes=\"(max-width: 422px) 100vw, 422px\" \/><\/a><\/figure>\n\n\n\n<figure class=\"wp-block-image size-large is-resized\"><a href=\"https:\/\/www.bsmn.de\/berufsschule-mindelheim\/wp-content\/uploads\/sites\/2\/2021\/06\/Ernaehrung-9.jpg\"><img loading=\"lazy\" decoding=\"async\" src=\"https:\/\/www.bsmn.de\/berufsschule-mindelheim\/wp-content\/uploads\/sites\/2\/2021\/06\/Ernaehrung-9-1024x450.jpg\" alt=\"\" class=\"wp-image-2976\" width=\"422\" height=\"185\" srcset=\"https:\/\/www.bsmn.de\/berufsschule-mindelheim\/wp-content\/uploads\/sites\/2\/2021\/06\/Ernaehrung-9-1024x450.jpg 1024w, https:\/\/www.bsmn.de\/berufsschule-mindelheim\/wp-content\/uploads\/sites\/2\/2021\/06\/Ernaehrung-9-300x132.jpg 300w, https:\/\/www.bsmn.de\/berufsschule-mindelheim\/wp-content\/uploads\/sites\/2\/2021\/06\/Ernaehrung-9-768x337.jpg 768w, https:\/\/www.bsmn.de\/berufsschule-mindelheim\/wp-content\/uploads\/sites\/2\/2021\/06\/Ernaehrung-9-600x264.jpg 600w, https:\/\/www.bsmn.de\/berufsschule-mindelheim\/wp-content\/uploads\/sites\/2\/2021\/06\/Ernaehrung-9.jpg 1200w\" sizes=\"(max-width: 422px) 100vw, 422px\" \/><\/a><\/figure>\n\n\n\n<figure class=\"wp-block-image size-large is-resized\"><a href=\"https:\/\/www.bsmn.de\/berufsschule-mindelheim\/wp-content\/uploads\/sites\/2\/2021\/06\/Ernaehrung-10jpg.jpg\"><img loading=\"lazy\" decoding=\"async\" src=\"https:\/\/www.bsmn.de\/berufsschule-mindelheim\/wp-content\/uploads\/sites\/2\/2021\/06\/Ernaehrung-10jpg-1024x521.jpg\" alt=\"\" class=\"wp-image-2977\" width=\"420\" height=\"214\" srcset=\"https:\/\/www.bsmn.de\/berufsschule-mindelheim\/wp-content\/uploads\/sites\/2\/2021\/06\/Ernaehrung-10jpg-1024x521.jpg 1024w, https:\/\/www.bsmn.de\/berufsschule-mindelheim\/wp-content\/uploads\/sites\/2\/2021\/06\/Ernaehrung-10jpg-300x153.jpg 300w, https:\/\/www.bsmn.de\/berufsschule-mindelheim\/wp-content\/uploads\/sites\/2\/2021\/06\/Ernaehrung-10jpg-768x391.jpg 768w, https:\/\/www.bsmn.de\/berufsschule-mindelheim\/wp-content\/uploads\/sites\/2\/2021\/06\/Ernaehrung-10jpg-600x306.jpg 600w, https:\/\/www.bsmn.de\/berufsschule-mindelheim\/wp-content\/uploads\/sites\/2\/2021\/06\/Ernaehrung-10jpg.jpg 1200w\" sizes=\"(max-width: 420px) 100vw, 420px\" \/><\/a><\/figure>\n\n\n\n<h3 class=\"has-vivid-green-cyan-color has-text-color wp-block-heading\"><a><strong><u>Was wurde bereits von uns erreicht:<\/u><\/strong><\/a><\/h3>\n\n\n\n<ul class=\"wp-block-list\"><li>Teilnehmer am Plusprogramm \u201eNachhaltiger Tourismus\u201c stellen ein vegetarisches Kochbuch zusammen.<\/li><li>Projekt \u201efaire Pl\u00e4tzchen\u201c (BFS11): Fair gehandelte Produkte aus biologischem Anbau wurden eingekauft und daraus Pl\u00e4tzchen f\u00fcr die Sch\u00fcler und das Kollegium gebacken<\/li><li>Projekttag zum Thema \u201eNachhaltige Ern\u00e4hrung\u201c \u2013 standort\u00fcbergreifend: Die Studienreferendare der BS BW haben einen Projekttag mit praktischem Teil f\u00fcr eine Klasse der Fahrzeugtechnik eigenst\u00e4ndig geplant, durchgef\u00fchrt und reflektiert.<br><\/li><\/ul>\n\n\n\n<figure class=\"wp-block-image size-large is-resized\"><a href=\"https:\/\/www.bsmn.de\/berufsschule-mindelheim\/wp-content\/uploads\/sites\/2\/2021\/06\/Ernaehrung.jpg\"><img loading=\"lazy\" decoding=\"async\" src=\"https:\/\/www.bsmn.de\/berufsschule-mindelheim\/wp-content\/uploads\/sites\/2\/2021\/06\/Ernaehrung-1024x683.jpg\" alt=\"\" class=\"wp-image-2981\" width=\"458\" height=\"305\" srcset=\"https:\/\/www.bsmn.de\/berufsschule-mindelheim\/wp-content\/uploads\/sites\/2\/2021\/06\/Ernaehrung-1024x683.jpg 1024w, https:\/\/www.bsmn.de\/berufsschule-mindelheim\/wp-content\/uploads\/sites\/2\/2021\/06\/Ernaehrung-300x200.jpg 300w, https:\/\/www.bsmn.de\/berufsschule-mindelheim\/wp-content\/uploads\/sites\/2\/2021\/06\/Ernaehrung-768x512.jpg 768w, https:\/\/www.bsmn.de\/berufsschule-mindelheim\/wp-content\/uploads\/sites\/2\/2021\/06\/Ernaehrung-600x400.jpg 600w, https:\/\/www.bsmn.de\/berufsschule-mindelheim\/wp-content\/uploads\/sites\/2\/2021\/06\/Ernaehrung.jpg 1200w\" sizes=\"(max-width: 458px) 100vw, 458px\" \/><\/a><\/figure>\n\n\n\n<p class=\"has-small-font-size\">Bild: Kfz-Mechatroniker am Projekttag \u201eGesunde Ern\u00e4hrung\u201c.<\/p>\n\n\n\n<ul class=\"wp-block-list\"><li>Umstellung der Lebensmittel-Bestellungen f\u00fcr den fachpraktischen Unterricht: mehr regional, mehr biologisch<\/li><li>K\u00f6che 11: Vegetarische Woche<\/li><li>Lehrerfortbildung: Essbare Wildkr\u00e4uter<\/li><\/ul>\n\n\n\n<figure class=\"wp-block-image size-large is-resized\"><a href=\"https:\/\/www.bsmn.de\/berufsschule-mindelheim\/wp-content\/uploads\/sites\/2\/2021\/06\/Ernaehrung-11.jpg\"><img loading=\"lazy\" decoding=\"async\" src=\"https:\/\/www.bsmn.de\/berufsschule-mindelheim\/wp-content\/uploads\/sites\/2\/2021\/06\/Ernaehrung-11-1024x544.jpg\" alt=\"\" class=\"wp-image-2983\" width=\"460\" height=\"245\" srcset=\"https:\/\/www.bsmn.de\/berufsschule-mindelheim\/wp-content\/uploads\/sites\/2\/2021\/06\/Ernaehrung-11-1024x544.jpg 1024w, https:\/\/www.bsmn.de\/berufsschule-mindelheim\/wp-content\/uploads\/sites\/2\/2021\/06\/Ernaehrung-11-300x160.jpg 300w, https:\/\/www.bsmn.de\/berufsschule-mindelheim\/wp-content\/uploads\/sites\/2\/2021\/06\/Ernaehrung-11-768x408.jpg 768w, https:\/\/www.bsmn.de\/berufsschule-mindelheim\/wp-content\/uploads\/sites\/2\/2021\/06\/Ernaehrung-11-600x319.jpg 600w, https:\/\/www.bsmn.de\/berufsschule-mindelheim\/wp-content\/uploads\/sites\/2\/2021\/06\/Ernaehrung-11.jpg 1200w\" sizes=\"(max-width: 460px) 100vw, 460px\" \/><\/a><\/figure>\n\n\n\n<h3 class=\"has-vivid-green-cyan-color has-text-color wp-block-heading\"><strong><u>Was ist geplant?<\/u><\/strong><\/h3>\n\n\n\n<ul class=\"wp-block-list\"><li>Mensa: bedarfsgenaue Ermittlung der Speisen, um LM-Abf\u00e4lle zu vermeiden (BW)<\/li><li>Mensa \/ Cafeteria: To-Go Verpackungen aus nachwachsenden Rohstoffen (BW)<\/li><li>Cafeteria? Evtl. auch hier Bewirtung (tageweise) als Projekt, falls vom neuen P\u00e4chter mitgetragen (BW)<\/li><li>Cafeteria: Integration von regionalen\/biologischen Produkten &#8211; hier wird bereits in der Ausschreibung f\u00fcr einen neuen P\u00e4chter darauf geachtet. (BW)<\/li><li>Nachhaltige Mittagspause f\u00fcr alle Mindelheimer Sch\u00fcler durch Einrichtung einer Mensa oder in Zusammenarbeit mit lokaler Gastronomie. (MN)<br>&nbsp;<\/li><\/ul>\n\n\n\n<h3 class=\"has-vivid-green-cyan-color has-text-color wp-block-heading\"><strong><u>Weitere Ideen:<\/u><\/strong><\/h3>\n\n\n\n<ul class=\"wp-block-list\"><li>Wettbewerbe, z. B. \u201eWoche der Gesundheit und Nachhaltigkeit\u201c an bayer. Schulen (KW 42)<\/li><li>Betriebsbesichtigungen mi BS und BFS (Bio-Hotel Eggensberger, F\u00fcssen) oder \u201eEtepetete\u201c KF, Rapunzel Legau)<\/li><\/ul>\n\n\n\n<p><br><\/p>\n","protected":false},"excerpt":{"rendered":"<p>Bedeutung des Themas Ern\u00e4hrung f\u00fcr das Klima: Ein h\u00e4ufig v\u00f6llig zu Unrecht vernachl\u00e4ssigter Teil unseres \u00f6kologischen Fu\u00dfabdrucks ist der Bereich Ern\u00e4hrung. Jeder isst. Und um genau zu sein, jeder isst \u00fcber eine halbeTonne Lebensmittel pro Kopf und Jahr. Ein guter Teil des Einkaufs fliegt obendrein in den M\u00fcll. Quelle: https:\/\/www.vis.bayern.de\/ernaehrung\/lebensmittel\/gruppen\/lebensmittelwegwerfen.htm Wenn man diese Werte hochrechnet [&hellip;]<\/p>\n","protected":false},"author":7,"featured_media":0,"parent":0,"menu_order":0,"comment_status":"closed","ping_status":"closed","template":"","meta":{"footnotes":""},"class_list":["post-2406","page","type-page","status-publish","hentry"],"_links":{"self":[{"href":"https:\/\/www.bsmn.de\/berufsschule-mindelheim\/wp-json\/wp\/v2\/pages\/2406","targetHints":{"allow":["GET"]}}],"collection":[{"href":"https:\/\/www.bsmn.de\/berufsschule-mindelheim\/wp-json\/wp\/v2\/pages"}],"about":[{"href":"https:\/\/www.bsmn.de\/berufsschule-mindelheim\/wp-json\/wp\/v2\/types\/page"}],"author":[{"embeddable":true,"href":"https:\/\/www.bsmn.de\/berufsschule-mindelheim\/wp-json\/wp\/v2\/users\/7"}],"replies":[{"embeddable":true,"href":"https:\/\/www.bsmn.de\/berufsschule-mindelheim\/wp-json\/wp\/v2\/comments?post=2406"}],"version-history":[{"count":13,"href":"https:\/\/www.bsmn.de\/berufsschule-mindelheim\/wp-json\/wp\/v2\/pages\/2406\/revisions"}],"predecessor-version":[{"id":3136,"href":"https:\/\/www.bsmn.de\/berufsschule-mindelheim\/wp-json\/wp\/v2\/pages\/2406\/revisions\/3136"}],"wp:attachment":[{"href":"https:\/\/www.bsmn.de\/berufsschule-mindelheim\/wp-json\/wp\/v2\/media?parent=2406"}],"curies":[{"name":"wp","href":"https:\/\/api.w.org\/{rel}","templated":true}]}}