{"id":24,"date":"2020-06-24T11:40:04","date_gmt":"2020-06-24T09:40:04","guid":{"rendered":"http:\/\/bsmn.neuimweb.de\/berufsschule-mindelheim\/?page_id=24"},"modified":"2025-10-21T10:41:22","modified_gmt":"2025-10-21T08:41:22","slug":"jugendsozialarbeit","status":"publish","type":"page","link":"https:\/\/www.bsmn.de\/berufsschule-mindelheim\/wir-ueber-uns\/jugendsozialarbeit\/","title":{"rendered":"Jugendsozialarbeit"},"content":{"rendered":"<div class=\"wp-block-image\">\n<figure class=\"alignright size-large\"><img decoding=\"async\" width=\"88\" height=\"69\" src=\"https:\/\/www.bsmn.de\/berufsschule-mindelheim\/wp-content\/uploads\/sites\/2\/2021\/02\/SKM.jpg\" alt=\"\" class=\"wp-image-1827\"\/><\/figure>\n<\/div>\n\n<div class=\"wp-block-image\">\n<figure class=\"alignright size-large\"><img decoding=\"async\" width=\"108\" height=\"69\" src=\"https:\/\/www.bsmn.de\/berufsschule-mindelheim\/wp-content\/uploads\/sites\/2\/2021\/02\/JaS.jpg\" alt=\"\" class=\"wp-image-1825\"\/><\/figure>\n<\/div>\n\n\n<h3 class=\"wp-block-heading\">Jugendsozialarbeit an unserer Berufsschule<\/h3>\n\n\n\n<div class=\"wp-block-columns is-layout-flex wp-container-core-columns-is-layout-9d6595d7 wp-block-columns-is-layout-flex\">\n<div class=\"wp-block-column is-layout-flow wp-block-column-is-layout-flow\">\n<figure class=\"wp-block-image size-full\"><img decoding=\"async\" width=\"144\" height=\"218\" src=\"https:\/\/www.bsmn.de\/berufsschule-mindelheim\/wp-content\/uploads\/sites\/2\/2024\/01\/IMG_20240125_113408_477.png\" alt=\"\" class=\"wp-image-4085\"\/><\/figure>\n<\/div>\n\n\n\n<div class=\"wp-block-column is-layout-flow wp-block-column-is-layout-flow\"><\/div>\n<\/div>\n\n\n\n<div class=\"wp-block-columns is-layout-flex wp-container-core-columns-is-layout-9d6595d7 wp-block-columns-is-layout-flex\">\n<div class=\"wp-block-column is-layout-flow wp-block-column-is-layout-flow\">\n<h3 class=\"wp-block-heading\">Luca Weissenhorn<\/h3>\n\n\n\n<p><strong>Telefonnummer: <\/strong>08261-7620-270<strong><br>Email: <\/strong><a href=\"mailto:luca.weissenhorn@bsmn.de\" data-type=\"mailto\" data-id=\"mailto:luca.weissenhorn@bsmn.de\">luca.weissenhorn@bsmn.de<\/a><\/p>\n<\/div>\n\n\n\n<div class=\"wp-block-column is-layout-flow wp-block-column-is-layout-flow\">\n<h3 class=\"wp-block-heading\"><\/h3>\n<\/div>\n<\/div>\n\n\n\n<p>Das Angebot der Jugendsozialarbeit an Schulen (JaS) unter der Tr\u00e4gerschaft des SKM (Verein f\u00fcr soziale Dienste, Memmingen und Unterallg\u00e4u e.V.) ist eine Jugendhilfeleistung in der Schule.<\/p>\n\n\n\n<h3 class=\"wp-block-heading\"><strong>Wir beraten und unterst\u00fctzen Euch &#8230;<\/strong><\/h3>\n\n\n\n<ul class=\"wp-block-list\">\n<li>bei pers\u00f6nlichen Problemen und in akuten Krisen<\/li>\n\n\n\n<li>bei Schwierigkeiten in der Ausbildung<\/li>\n\n\n\n<li>im Umgang mit Beh\u00f6rden\/\u00c4mtern<\/li>\n\n\n\n<li>bei Konflikten, Mobbing und Themen rund um die Klassengemeinschaft<\/li>\n\n\n\n<li>Vernetzung mit: Beratungsstellen, Beh\u00f6rden\/\u00c4mtern, \u00c4rzten und Therapeuten<\/li>\n<\/ul>\n\n\n\n<p>Die Sozialp\u00e4dagoginnen sind Ansprechpartner f\u00fcr Sch\u00fcler, Lehrer, Eltern und Betriebe. Jugendsozialarbeit an Schulen soll Sch\u00fclerinnen und Sch\u00fcler in Ihrer Pers\u00f6nlichkeitsentwicklung unterst\u00fctzen und f\u00f6rdern und zu einem guten Schulklima beitragen, so dass sich alle Mitglieder der Schulgemeinschaft an unserer Schule wohlf\u00fchlen.<\/p>\n\n\n\n<p><strong>Sprechzeiten:<br><\/strong>Montag &#8211; Freitag:            8:00 &#8211; 12:00 Uhr<br>Dienstag &#8211; Donnerstag: 12:00 &#8211; 15:00 Uhr<\/p>\n\n\n\n<p><strong>Raum Nr. 003 im EG <\/strong>bei den Berufskraftfahrern (Nebengeb\u00e4ude)<\/p>\n\n\n\n<p><strong><strong>Die Beratung ist freiwillig, kostenlos und unterliegt der Schweigepflicht!<\/strong><\/strong><br><strong>Wir freuen uns auf eine gute Zusammenarbeit!<\/strong><\/p>\n","protected":false},"excerpt":{"rendered":"<p>Jugendsozialarbeit an unserer Berufsschule Luca Weissenhorn Telefonnummer: 08261-7620-270Email: luca.weissenhorn@bsmn.de Das Angebot der Jugendsozialarbeit an Schulen (JaS) unter der Tr\u00e4gerschaft des SKM (Verein f\u00fcr soziale Dienste, Memmingen und Unterallg\u00e4u e.V.) ist eine Jugendhilfeleistung in der Schule. Wir beraten und unterst\u00fctzen Euch &#8230; Die Sozialp\u00e4dagoginnen sind Ansprechpartner f\u00fcr Sch\u00fcler, Lehrer, Eltern und Betriebe. Jugendsozialarbeit an Schulen soll [&hellip;]<\/p>\n","protected":false},"author":2,"featured_media":1454,"parent":9,"menu_order":0,"comment_status":"closed","ping_status":"closed","template":"","meta":{"footnotes":""},"class_list":["post-24","page","type-page","status-publish","has-post-thumbnail","hentry"],"_links":{"self":[{"href":"https:\/\/www.bsmn.de\/berufsschule-mindelheim\/wp-json\/wp\/v2\/pages\/24","targetHints":{"allow":["GET"]}}],"collection":[{"href":"https:\/\/www.bsmn.de\/berufsschule-mindelheim\/wp-json\/wp\/v2\/pages"}],"about":[{"href":"https:\/\/www.bsmn.de\/berufsschule-mindelheim\/wp-json\/wp\/v2\/types\/page"}],"author":[{"embeddable":true,"href":"https:\/\/www.bsmn.de\/berufsschule-mindelheim\/wp-json\/wp\/v2\/users\/2"}],"replies":[{"embeddable":true,"href":"https:\/\/www.bsmn.de\/berufsschule-mindelheim\/wp-json\/wp\/v2\/comments?post=24"}],"version-history":[{"count":47,"href":"https:\/\/www.bsmn.de\/berufsschule-mindelheim\/wp-json\/wp\/v2\/pages\/24\/revisions"}],"predecessor-version":[{"id":4466,"href":"https:\/\/www.bsmn.de\/berufsschule-mindelheim\/wp-json\/wp\/v2\/pages\/24\/revisions\/4466"}],"up":[{"embeddable":true,"href":"https:\/\/www.bsmn.de\/berufsschule-mindelheim\/wp-json\/wp\/v2\/pages\/9"}],"wp:featuredmedia":[{"embeddable":true,"href":"https:\/\/www.bsmn.de\/berufsschule-mindelheim\/wp-json\/wp\/v2\/media\/1454"}],"wp:attachment":[{"href":"https:\/\/www.bsmn.de\/berufsschule-mindelheim\/wp-json\/wp\/v2\/media?parent=24"}],"curies":[{"name":"wp","href":"https:\/\/api.w.org\/{rel}","templated":true}]}}