{"id":2387,"date":"2021-03-24T22:24:16","date_gmt":"2021-03-24T21:24:16","guid":{"rendered":"https:\/\/www.bsmn.de\/berufsschule-mindelheim\/?page_id=2387"},"modified":"2021-07-12T13:35:49","modified_gmt":"2021-07-12T11:35:49","slug":"kompensation","status":"publish","type":"page","link":"https:\/\/www.bsmn.de\/berufsschule-mindelheim\/kompensation\/","title":{"rendered":"Kompensation"},"content":{"rendered":"\n<h3 class=\"has-vivid-red-color has-text-color wp-block-heading\"><strong><u>Bedeutung des Themas Kompensation f\u00fcr das Klima:<\/u><\/strong><\/h3>\n\n\n\n<p>&nbsp;Eine Schule und einen Betrieb wirklich CO2-frei zu bekommen w\u00e4re Illusion. Was erreicht werden kann, ist eine R\u00fcckf\u00fchrung emittierten CO2 in den nat\u00fcrlichen Kreislauf, also CO2-Neutralit\u00e4t. Insofern sind alle Ma\u00dfnahmen, die unvermeidliche CO2-Emissionen wieder in den Boden zur\u00fcckf\u00fchren oder zumindest in Form von Biomasse speichern, um dieses nicht in die Atmosph\u00e4re zu entlassen, enorm wichtig.<\/p>\n\n\n\n<figure class=\"wp-block-image size-large is-resized\"><a href=\"https:\/\/www.bsmn.de\/berufsschule-mindelheim\/wp-content\/uploads\/sites\/2\/2021\/06\/kompensat-1.jpg\"><img fetchpriority=\"high\" decoding=\"async\" src=\"https:\/\/www.bsmn.de\/berufsschule-mindelheim\/wp-content\/uploads\/sites\/2\/2021\/06\/kompensat-1-1024x684.jpg\" alt=\"\" class=\"wp-image-2990\" width=\"490\" height=\"327\" srcset=\"https:\/\/www.bsmn.de\/berufsschule-mindelheim\/wp-content\/uploads\/sites\/2\/2021\/06\/kompensat-1-1024x684.jpg 1024w, https:\/\/www.bsmn.de\/berufsschule-mindelheim\/wp-content\/uploads\/sites\/2\/2021\/06\/kompensat-1-300x201.jpg 300w, https:\/\/www.bsmn.de\/berufsschule-mindelheim\/wp-content\/uploads\/sites\/2\/2021\/06\/kompensat-1-768x513.jpg 768w, https:\/\/www.bsmn.de\/berufsschule-mindelheim\/wp-content\/uploads\/sites\/2\/2021\/06\/kompensat-1-600x401.jpg 600w, https:\/\/www.bsmn.de\/berufsschule-mindelheim\/wp-content\/uploads\/sites\/2\/2021\/06\/kompensat-1.jpg 1200w\" sizes=\"(max-width: 490px) 100vw, 490px\" \/><\/a><\/figure>\n\n\n\n<p class=\"has-small-font-size\">Foto: Heckenpflanzung der Landwirtschaftsabteilung<\/p>\n\n\n\n<p>Auch wenn es zun\u00e4chst paradox klingen mag, es ist deshalb besser, ein Moor zu entbuschen und es damit als CO2-Senke funktionsf\u00e4hig zu halten, als hier B\u00fcsche und B\u00e4ume wachsen zu lassen, die das Moor austrocknen. Dadurch wird n\u00e4mlich schon gespeichertes CO2 zus\u00e4tzlich frei. Moore k\u00f6nnen CO2 in den Boden <strong>zur\u00fcckf\u00fchren<\/strong> und sind deshalb eine sehr kosteng\u00fcnstige CO2-Senke. B\u00e4ume und B\u00fcsche an anderer Stelle zu pflanzen macht ebenfalls Sinn, weil sie <strong>CO2 binden<\/strong>. Wir erkaufen uns dadurch aber nur Zeit, denn zur\u00fcck in den Boden gelangt der Kohlenstoff dadurch noch nicht. Der Beruf des Landwirts, den wir an der Schule ausbilden, r\u00fcckt diesbez\u00fcglich zunehmend in den Vordergrund.<\/p>\n\n\n\n<figure class=\"wp-block-image size-large is-resized\"><a href=\"https:\/\/www.bsmn.de\/berufsschule-mindelheim\/wp-content\/uploads\/sites\/2\/2021\/06\/kompensat-2.jpg\"><img decoding=\"async\" src=\"https:\/\/www.bsmn.de\/berufsschule-mindelheim\/wp-content\/uploads\/sites\/2\/2021\/06\/kompensat-2-1024x683.jpg\" alt=\"\" class=\"wp-image-2991\" width=\"480\" height=\"320\" srcset=\"https:\/\/www.bsmn.de\/berufsschule-mindelheim\/wp-content\/uploads\/sites\/2\/2021\/06\/kompensat-2-1024x683.jpg 1024w, https:\/\/www.bsmn.de\/berufsschule-mindelheim\/wp-content\/uploads\/sites\/2\/2021\/06\/kompensat-2-300x200.jpg 300w, https:\/\/www.bsmn.de\/berufsschule-mindelheim\/wp-content\/uploads\/sites\/2\/2021\/06\/kompensat-2-768x512.jpg 768w, https:\/\/www.bsmn.de\/berufsschule-mindelheim\/wp-content\/uploads\/sites\/2\/2021\/06\/kompensat-2-600x400.jpg 600w, https:\/\/www.bsmn.de\/berufsschule-mindelheim\/wp-content\/uploads\/sites\/2\/2021\/06\/kompensat-2.jpg 1200w\" sizes=\"(max-width: 480px) 100vw, 480px\" \/><\/a><\/figure>\n\n\n\n<p class=\"has-small-font-size\">Moorrenaturierung<\/p>\n\n\n\n<h3 class=\"has-luminous-vivid-orange-color has-text-color wp-block-heading\"><strong><u>Bedeutung des Themas Kompensation f\u00fcr unsere Schule:<\/u><\/strong><\/h3>\n\n\n\n<p>Alle an unserer Schule gelehrten beruflichen T\u00e4tigkeiten sind mit CO2 \u2013 Emissionen verbunden. Die K\u00fchltruhen eines Einzelh\u00e4ndlers emittieren genauso wie der Herd eines Kochs, das Nutzfahrzeug eines Mechatronikers oder der Schlepper eines Landwirts am Ende CO2, und zwar in einem Ma\u00dfe, wie man sie aus dem privaten Bereich kaum kennt. Umgekehrt haben Sch\u00fcler handwerklicher Berufe aber oft auch sehr gute M\u00f6glichkeiten Kompensationsma\u00dfnahmen zu verwirklichen, anderen Klassen bei der Umsetzung zu helfen oder in ihren Betrieben zus\u00e4tzliche Ma\u00dfnahmen umzusetzen. Diese M\u00f6glichkeiten wollen wir im Unterricht aufzeigen.<\/p>\n\n\n\n<h3 class=\"has-vivid-green-cyan-color has-text-color wp-block-heading\"><strong><u>Was wurde bereits von uns erreicht:<\/u><\/strong><\/h3>\n\n\n\n<p>Die BS Mindelheim und ihre Au\u00dfenstellen engagiert sich schon seit ca. 20 Jahren im Biotop- und Artenschutz. Pflanzungen von Hecken, Streuobstwiesen oder artenreichen Gr\u00fcnfl\u00e4chen geh\u00f6ren im Beruf Landwirt zur Ausbildung. Klassen aus anderen Berufsbereichen f\u00fchren aber ebenfalls entsprechende Ma\u00dfnahmen durch. <a href=\"https:\/\/www.youtube.com\/watch?v=IPWTCVOiIC8\" target=\"_blank\" rel=\"noreferrer noopener\">So wurde das Projekt \u201eWir \u00fcbernehmen Verantwortung \u2013 Moorrenaturierung mit arbeitslosen Jugendlichen\u201c im ZDF heute Journal zur Er\u00f6ffnung der UN-Dekade der Nachhaltigkeitsbildung in Deutschland und bei \u201eZDF Umwelt\u201c gezeigt.<\/a><\/p>\n\n\n\n<div class=\"wp-block-image\"><figure class=\"alignright size-large is-resized\"><a href=\"https:\/\/www.bsmn.de\/berufsschule-mindelheim\/wp-content\/uploads\/sites\/2\/2021\/06\/Logo-UN-Dekade.jpg\"><img decoding=\"async\" src=\"https:\/\/www.bsmn.de\/berufsschule-mindelheim\/wp-content\/uploads\/sites\/2\/2021\/06\/Logo-UN-Dekade-419x1024.jpg\" alt=\"\" class=\"wp-image-2992\" width=\"181\" height=\"442\" srcset=\"https:\/\/www.bsmn.de\/berufsschule-mindelheim\/wp-content\/uploads\/sites\/2\/2021\/06\/Logo-UN-Dekade-419x1024.jpg 419w, https:\/\/www.bsmn.de\/berufsschule-mindelheim\/wp-content\/uploads\/sites\/2\/2021\/06\/Logo-UN-Dekade-123x300.jpg 123w, https:\/\/www.bsmn.de\/berufsschule-mindelheim\/wp-content\/uploads\/sites\/2\/2021\/06\/Logo-UN-Dekade-409x999.jpg 409w, https:\/\/www.bsmn.de\/berufsschule-mindelheim\/wp-content\/uploads\/sites\/2\/2021\/06\/Logo-UN-Dekade.jpg 491w\" sizes=\"(max-width: 181px) 100vw, 181px\" \/><\/a><\/figure><\/div>\n\n\n\n<p>Die Bay. Staatsregierung lud uns zudem auf ihren Pavillon auf der Bundesgartenschau nach M\u00fcnchen ein. Insgesamt wurden dabei 2 <strong><u>Moorfl\u00e4chen <\/u><\/strong>mit einer Gesamtfl\u00e4che von ca. 2 ha renaturiert (d.h. von wasserentziehenden B\u00fcschen befreit), ein seltener Kalkmagerrasen erweitert (ca. 5000m\u00b2) und an anderen Stellen mehrere Hecken, z.T. mit dem Schnittmaterial des Moorprojektes, gepflanzt. Die Projektidee war Unterrichtsprinzip f\u00fcr insgesamt 8 Klassen in allen anderen F\u00e4chern (Deutsch, Religion\/Ethik, EDV, Mathematik, &#8230; Sport).<\/p>\n\n\n\n<p>Unsere Berufsintegrationsklassen haben eine Bl\u00fchwiese mit Insektenhotel angelegt.<\/p>\n\n\n\n<figure class=\"wp-block-image size-large is-resized\"><a href=\"https:\/\/www.bsmn.de\/berufsschule-mindelheim\/wp-content\/uploads\/sites\/2\/2021\/06\/schulen.jpg\"><img loading=\"lazy\" decoding=\"async\" src=\"https:\/\/www.bsmn.de\/berufsschule-mindelheim\/wp-content\/uploads\/sites\/2\/2021\/06\/schulen.jpg\" alt=\"\" class=\"wp-image-2993\" width=\"410\" height=\"163\" srcset=\"https:\/\/www.bsmn.de\/berufsschule-mindelheim\/wp-content\/uploads\/sites\/2\/2021\/06\/schulen.jpg 600w, https:\/\/www.bsmn.de\/berufsschule-mindelheim\/wp-content\/uploads\/sites\/2\/2021\/06\/schulen-300x119.jpg 300w\" sizes=\"(max-width: 410px) 100vw, 410px\" \/><\/a><\/figure>\n\n\n\n<p>Projekt: Pflanzen einer Streuobstwiese und Durchf\u00fchrung von Obstbaumschnittkursen den Folgejahre durch die Landwirtschaftabteilung<\/p>\n\n\n\n<figure class=\"wp-block-image size-large is-resized\"><img loading=\"lazy\" decoding=\"async\" src=\"https:\/\/www.bsmn.de\/berufsschule-mindelheim\/wp-content\/uploads\/sites\/2\/2021\/07\/kompensation-1-1024x545.jpg\" alt=\"\" class=\"wp-image-3146\" width=\"478\" height=\"254\" srcset=\"https:\/\/www.bsmn.de\/berufsschule-mindelheim\/wp-content\/uploads\/sites\/2\/2021\/07\/kompensation-1-1024x545.jpg 1024w, https:\/\/www.bsmn.de\/berufsschule-mindelheim\/wp-content\/uploads\/sites\/2\/2021\/07\/kompensation-1-300x160.jpg 300w, https:\/\/www.bsmn.de\/berufsschule-mindelheim\/wp-content\/uploads\/sites\/2\/2021\/07\/kompensation-1-768x409.jpg 768w, https:\/\/www.bsmn.de\/berufsschule-mindelheim\/wp-content\/uploads\/sites\/2\/2021\/07\/kompensation-1-600x320.jpg 600w, https:\/\/www.bsmn.de\/berufsschule-mindelheim\/wp-content\/uploads\/sites\/2\/2021\/07\/kompensation-1.jpg 1200w\" sizes=\"(max-width: 478px) 100vw, 478px\" \/><\/figure>\n\n\n\n<p>Wir versuchen dabei immer, unsere Aktionen mit denen der Unteren Naturschutzbeh\u00f6rde und\/oder die Landschaftspflege abzustimmen.<\/p>\n\n\n\n<figure class=\"wp-block-image size-large is-resized\"><img loading=\"lazy\" decoding=\"async\" src=\"https:\/\/www.bsmn.de\/berufsschule-mindelheim\/wp-content\/uploads\/sites\/2\/2021\/07\/kompensation-2-1024x766.jpg\" alt=\"\" class=\"wp-image-3147\" width=\"477\" height=\"356\" srcset=\"https:\/\/www.bsmn.de\/berufsschule-mindelheim\/wp-content\/uploads\/sites\/2\/2021\/07\/kompensation-2-1024x766.jpg 1024w, https:\/\/www.bsmn.de\/berufsschule-mindelheim\/wp-content\/uploads\/sites\/2\/2021\/07\/kompensation-2-300x225.jpg 300w, https:\/\/www.bsmn.de\/berufsschule-mindelheim\/wp-content\/uploads\/sites\/2\/2021\/07\/kompensation-2-768x575.jpg 768w, https:\/\/www.bsmn.de\/berufsschule-mindelheim\/wp-content\/uploads\/sites\/2\/2021\/07\/kompensation-2-600x449.jpg 600w, https:\/\/www.bsmn.de\/berufsschule-mindelheim\/wp-content\/uploads\/sites\/2\/2021\/07\/kompensation-2.jpg 1200w\" sizes=\"(max-width: 477px) 100vw, 477px\" \/><\/figure>\n","protected":false},"excerpt":{"rendered":"<p>Bedeutung des Themas Kompensation f\u00fcr das Klima: &nbsp;Eine Schule und einen Betrieb wirklich CO2-frei zu bekommen w\u00e4re Illusion. Was erreicht werden kann, ist eine R\u00fcckf\u00fchrung emittierten CO2 in den nat\u00fcrlichen Kreislauf, also CO2-Neutralit\u00e4t. Insofern sind alle Ma\u00dfnahmen, die unvermeidliche CO2-Emissionen wieder in den Boden zur\u00fcckf\u00fchren oder zumindest in Form von Biomasse speichern, um dieses nicht [&hellip;]<\/p>\n","protected":false},"author":7,"featured_media":0,"parent":0,"menu_order":0,"comment_status":"closed","ping_status":"closed","template":"","meta":{"footnotes":""},"class_list":["post-2387","page","type-page","status-publish","hentry"],"_links":{"self":[{"href":"https:\/\/www.bsmn.de\/berufsschule-mindelheim\/wp-json\/wp\/v2\/pages\/2387","targetHints":{"allow":["GET"]}}],"collection":[{"href":"https:\/\/www.bsmn.de\/berufsschule-mindelheim\/wp-json\/wp\/v2\/pages"}],"about":[{"href":"https:\/\/www.bsmn.de\/berufsschule-mindelheim\/wp-json\/wp\/v2\/types\/page"}],"author":[{"embeddable":true,"href":"https:\/\/www.bsmn.de\/berufsschule-mindelheim\/wp-json\/wp\/v2\/users\/7"}],"replies":[{"embeddable":true,"href":"https:\/\/www.bsmn.de\/berufsschule-mindelheim\/wp-json\/wp\/v2\/comments?post=2387"}],"version-history":[{"count":9,"href":"https:\/\/www.bsmn.de\/berufsschule-mindelheim\/wp-json\/wp\/v2\/pages\/2387\/revisions"}],"predecessor-version":[{"id":3149,"href":"https:\/\/www.bsmn.de\/berufsschule-mindelheim\/wp-json\/wp\/v2\/pages\/2387\/revisions\/3149"}],"wp:attachment":[{"href":"https:\/\/www.bsmn.de\/berufsschule-mindelheim\/wp-json\/wp\/v2\/media?parent=2387"}],"curies":[{"name":"wp","href":"https:\/\/api.w.org\/{rel}","templated":true}]}}