{"id":2382,"date":"2021-03-24T22:22:55","date_gmt":"2021-03-24T21:22:55","guid":{"rendered":"https:\/\/www.bsmn.de\/berufsschule-mindelheim\/?page_id=2382"},"modified":"2024-09-03T14:21:44","modified_gmt":"2024-09-03T12:21:44","slug":"mobilitaet","status":"publish","type":"page","link":"https:\/\/www.bsmn.de\/berufsschule-mindelheim\/mobilitaet\/","title":{"rendered":"Mobilit\u00e4t"},"content":{"rendered":"\n<h3 class=\"wp-block-heading has-vivid-red-color has-text-color\"><strong><u>Bedeutung des Themas Mobilit\u00e4t f\u00fcr das Klima:<\/u><\/strong><\/h3>\n\n\n\n<p>&nbsp;Von den j\u00e4hrlich 805 Millionen Tonnen in Deutschland freigesetzten Treibhausgasen entfallen 20 % auf den Verkehrssektor, was dem drittgr\u00f6\u00dften Teil der Gesamtemissionen entspricht. In Deutschland wird ein Pkw von durchschnittlich 1,4 Personen benutzt. Es w\u00e4re also ein Leichtes, den Verbrauch pro Personenkilometer durch m\u00f6glichst ausgelastete Fahrzeuge zu verringern.<\/p>\n\n\n\n<h3 class=\"wp-block-heading has-luminous-vivid-orange-color has-text-color\"><strong><u>Bedeutung des Themas Mobilit\u00e4t f\u00fcr unsere Schule:<\/u><\/strong><\/h3>\n\n\n\n<p>Die unterschiedliche Struktur unserer Schulstandorte bedingt ein z.T. ziemlich hohes Verkehrsaufkommen, das darin begr\u00fcndet liegt, dass die Schule f\u00fcr einen Beruf die einzige in ganz Bayern ist, f\u00fcr andere die einzige in S\u00fcdbayern (Nieder- u. Oberbayern sowie Schwaben) und f\u00fcr viele die einzige im Regierungsbezirk Schwaben. Die Sch\u00fcler aus dem eigenen Landkreis sind insgesamt gesehen in der Minderheit. Erschwerend hinzu kommt, dass in manchen der hier beschulten Berufsbilder Mobilit\u00e4t schlichtweg Ausbildungsinhalt ist (Nutzfahrzeugtechnik, Land- und Baumaschinentechnik, Berufskraftfahrer bis hin zu Reiseverkehrskaufleuten, f\u00fcr die Auslandsaufenthalte genauso dazu geh\u00f6ren, wie f\u00fcr das gesamte Hotel- und Gastst\u00e4ttengewerbe). Einige Lehrkr\u00e4fte unterrichten zwangsl\u00e4ufig immer an mehreren Standorten und pendeln zwischen ihnen. &nbsp;Der Anteil des Themas Mobilit\u00e4t am gesamten CO2-Aussto\u00df ist dementsprechend hoch:<\/p>\n\n\n\n<figure class=\"wp-block-image size-large is-resized\"><img fetchpriority=\"high\" decoding=\"async\" width=\"1024\" height=\"805\" src=\"https:\/\/www.bsmn.de\/berufsschule-mindelheim\/wp-content\/uploads\/sites\/2\/2021\/06\/mobi1-1-1024x805.jpg\" alt=\"\" class=\"wp-image-3004\" style=\"width:582px;height:457px\" srcset=\"https:\/\/www.bsmn.de\/berufsschule-mindelheim\/wp-content\/uploads\/sites\/2\/2021\/06\/mobi1-1-1024x805.jpg 1024w, https:\/\/www.bsmn.de\/berufsschule-mindelheim\/wp-content\/uploads\/sites\/2\/2021\/06\/mobi1-1-300x236.jpg 300w, https:\/\/www.bsmn.de\/berufsschule-mindelheim\/wp-content\/uploads\/sites\/2\/2021\/06\/mobi1-1-768x604.jpg 768w, https:\/\/www.bsmn.de\/berufsschule-mindelheim\/wp-content\/uploads\/sites\/2\/2021\/06\/mobi1-1-600x472.jpg 600w, https:\/\/www.bsmn.de\/berufsschule-mindelheim\/wp-content\/uploads\/sites\/2\/2021\/06\/mobi1-1.jpg 1200w\" sizes=\"(max-width: 1024px) 100vw, 1024px\" \/><\/figure>\n\n\n\n<figure class=\"wp-block-image size-large is-resized\"><img decoding=\"async\" width=\"1024\" height=\"721\" src=\"https:\/\/www.bsmn.de\/berufsschule-mindelheim\/wp-content\/uploads\/sites\/2\/2021\/06\/mobi-2-1024x721.jpg\" alt=\"\" class=\"wp-image-2999\" style=\"width:574px;height:404px\" srcset=\"https:\/\/www.bsmn.de\/berufsschule-mindelheim\/wp-content\/uploads\/sites\/2\/2021\/06\/mobi-2-1024x721.jpg 1024w, https:\/\/www.bsmn.de\/berufsschule-mindelheim\/wp-content\/uploads\/sites\/2\/2021\/06\/mobi-2-300x211.jpg 300w, https:\/\/www.bsmn.de\/berufsschule-mindelheim\/wp-content\/uploads\/sites\/2\/2021\/06\/mobi-2-768x541.jpg 768w, https:\/\/www.bsmn.de\/berufsschule-mindelheim\/wp-content\/uploads\/sites\/2\/2021\/06\/mobi-2-600x423.jpg 600w, https:\/\/www.bsmn.de\/berufsschule-mindelheim\/wp-content\/uploads\/sites\/2\/2021\/06\/mobi-2.jpg 1200w\" sizes=\"(max-width: 1024px) 100vw, 1024px\" \/><\/figure>\n\n\n\n<figure class=\"wp-block-image size-large is-resized\"><img decoding=\"async\" width=\"1024\" height=\"809\" src=\"https:\/\/www.bsmn.de\/berufsschule-mindelheim\/wp-content\/uploads\/sites\/2\/2021\/06\/mobi-3-1024x809.jpg\" alt=\"\" class=\"wp-image-3000\" style=\"width:566px;height:447px\" srcset=\"https:\/\/www.bsmn.de\/berufsschule-mindelheim\/wp-content\/uploads\/sites\/2\/2021\/06\/mobi-3-1024x809.jpg 1024w, https:\/\/www.bsmn.de\/berufsschule-mindelheim\/wp-content\/uploads\/sites\/2\/2021\/06\/mobi-3-300x237.jpg 300w, https:\/\/www.bsmn.de\/berufsschule-mindelheim\/wp-content\/uploads\/sites\/2\/2021\/06\/mobi-3-768x607.jpg 768w, https:\/\/www.bsmn.de\/berufsschule-mindelheim\/wp-content\/uploads\/sites\/2\/2021\/06\/mobi-3-570x450.jpg 570w, https:\/\/www.bsmn.de\/berufsschule-mindelheim\/wp-content\/uploads\/sites\/2\/2021\/06\/mobi-3-600x474.jpg 600w, https:\/\/www.bsmn.de\/berufsschule-mindelheim\/wp-content\/uploads\/sites\/2\/2021\/06\/mobi-3.jpg 1200w\" sizes=\"(max-width: 1024px) 100vw, 1024px\" \/><\/figure>\n\n\n\n<h3 class=\"wp-block-heading has-vivid-green-cyan-color has-text-color\"><strong><u>Was wurde bereits von uns erreicht:<\/u><\/strong><\/h3>\n\n\n\n<p>Sehr viele unserer Sch\u00fcler nutzen Fahrgemeinschaften, die sie selber zusammenstellen. \u00c4hnliches gilt f\u00fcr Lehrkr\u00e4fte, soweit das m\u00f6glich ist. Besuche von Praktikumsbetrieben unserer Sch\u00fcler werden fahrtechnisch optimiert, Stundenpl\u00e4ne ber\u00fccksichtigen CO2-Emissionen soweit m\u00f6glich. Lehrkr\u00e4fte pendeln nicht nur e-mobil, sondern tanken auch Sonnenstrom von ihren privaten Anlagen zuhause.<\/p>\n\n\n\n<p class=\"has-small-font-size\">eVito der Berufsschule Mindelheim<\/p>\n\n\n\n<p>Einige Kolleg(inn)en kommen regelm\u00e4\u00dfig von 20 km entfernten Wohnorten mit dem Fahrrad zur Schule. Die Schule verf\u00fcgt \u00fcber eine Duschm\u00f6glichkeit.<\/p>\n\n\n\n<p>Das Sch\u00fclerheim stellt insgesamt 80 Fahrr\u00e4der und weitere Fahrradstellpl\u00e4tze, um umweltfreundlich vom Heim in die Schule fahren, Eink\u00e4ufe erledigen und abendliche Zusatzkurse, bzw. die Sporthalle per Fahrrad erreichen zu k\u00f6nnen.<\/p>\n\n\n\n<p>Auch die Lehrkr\u00e4fte k\u00f6nnen Lehrerfahrr\u00e4der f\u00fcr solche Dinge nutzen.<\/p>\n\n\n\n<div class=\"wp-block-columns is-layout-flex wp-container-core-columns-is-layout-9d6595d7 wp-block-columns-is-layout-flex\">\n<div class=\"wp-block-column is-layout-flow wp-block-column-is-layout-flow\">\n<figure class=\"wp-block-image size-large\"><img loading=\"lazy\" decoding=\"async\" width=\"1024\" height=\"768\" src=\"https:\/\/www.bsmn.de\/berufsschule-mindelheim\/wp-content\/uploads\/sites\/2\/2021\/03\/SDC17130-1024x768.jpg\" alt=\"\" class=\"wp-image-2422\" srcset=\"https:\/\/www.bsmn.de\/berufsschule-mindelheim\/wp-content\/uploads\/sites\/2\/2021\/03\/SDC17130-1024x768.jpg 1024w, https:\/\/www.bsmn.de\/berufsschule-mindelheim\/wp-content\/uploads\/sites\/2\/2021\/03\/SDC17130-300x225.jpg 300w, https:\/\/www.bsmn.de\/berufsschule-mindelheim\/wp-content\/uploads\/sites\/2\/2021\/03\/SDC17130-768x576.jpg 768w, https:\/\/www.bsmn.de\/berufsschule-mindelheim\/wp-content\/uploads\/sites\/2\/2021\/03\/SDC17130-1536x1152.jpg 1536w, https:\/\/www.bsmn.de\/berufsschule-mindelheim\/wp-content\/uploads\/sites\/2\/2021\/03\/SDC17130-600x450.jpg 600w, https:\/\/www.bsmn.de\/berufsschule-mindelheim\/wp-content\/uploads\/sites\/2\/2021\/03\/SDC17130.jpg 2048w\" sizes=\"(max-width: 1024px) 100vw, 1024px\" \/><figcaption class=\"wp-element-caption\">Lehrerfahrr\u00e4der<\/figcaption><\/figure>\n<\/div>\n\n\n\n<div class=\"wp-block-column is-layout-flow wp-block-column-is-layout-flow\">\n<figure class=\"wp-block-image size-large\"><img loading=\"lazy\" decoding=\"async\" width=\"1024\" height=\"766\" src=\"https:\/\/www.bsmn.de\/berufsschule-mindelheim\/wp-content\/uploads\/sites\/2\/2021\/07\/Fahrraeder-3-1-1024x766.jpg\" alt=\"\" class=\"wp-image-3118\" srcset=\"https:\/\/www.bsmn.de\/berufsschule-mindelheim\/wp-content\/uploads\/sites\/2\/2021\/07\/Fahrraeder-3-1-1024x766.jpg 1024w, https:\/\/www.bsmn.de\/berufsschule-mindelheim\/wp-content\/uploads\/sites\/2\/2021\/07\/Fahrraeder-3-1-300x225.jpg 300w, https:\/\/www.bsmn.de\/berufsschule-mindelheim\/wp-content\/uploads\/sites\/2\/2021\/07\/Fahrraeder-3-1-768x575.jpg 768w, https:\/\/www.bsmn.de\/berufsschule-mindelheim\/wp-content\/uploads\/sites\/2\/2021\/07\/Fahrraeder-3-1-600x449.jpg 600w, https:\/\/www.bsmn.de\/berufsschule-mindelheim\/wp-content\/uploads\/sites\/2\/2021\/07\/Fahrraeder-3-1.jpg 1200w\" sizes=\"(max-width: 1024px) 100vw, 1024px\" \/><figcaption class=\"wp-element-caption\">Sch\u00fclerfahrr\u00e4der<\/figcaption><\/figure>\n<\/div>\n<\/div>\n\n\n\n<h3 class=\"wp-block-heading has-vivid-green-cyan-color has-text-color\"><strong><u>Wie wird das Thema im Unterricht integriert?<\/u><\/strong><\/h3>\n\n\n\n<p>Einschl\u00e4gige Berufe wie z.B. Kfz-Mechatroniker, Berufskraftfahrer oder Reiseverkehrskaufleute befassen sich ohnehin mit mobilit\u00e4tsbedingten Verbr\u00e4uchen und Emissionen als technisches Problem und Kostenfaktor.<\/p>\n\n\n\n<p>Dar\u00fcber hinaus startete die Schule jedoch auch zus\u00e4tzliche Projekte wie E-Mobilit\u00e4tstage?<\/p>\n\n\n\n<figure class=\"wp-block-image size-large is-resized\"><img loading=\"lazy\" decoding=\"async\" width=\"1024\" height=\"580\" src=\"https:\/\/www.bsmn.de\/berufsschule-mindelheim\/wp-content\/uploads\/sites\/2\/2021\/03\/DSC03036-1024x580.jpg\" alt=\"\" class=\"wp-image-2421\" style=\"width:495px;height:280px\" srcset=\"https:\/\/www.bsmn.de\/berufsschule-mindelheim\/wp-content\/uploads\/sites\/2\/2021\/03\/DSC03036-1024x580.jpg 1024w, https:\/\/www.bsmn.de\/berufsschule-mindelheim\/wp-content\/uploads\/sites\/2\/2021\/03\/DSC03036-300x170.jpg 300w, https:\/\/www.bsmn.de\/berufsschule-mindelheim\/wp-content\/uploads\/sites\/2\/2021\/03\/DSC03036-768x435.jpg 768w, https:\/\/www.bsmn.de\/berufsschule-mindelheim\/wp-content\/uploads\/sites\/2\/2021\/03\/DSC03036-1536x870.jpg 1536w, https:\/\/www.bsmn.de\/berufsschule-mindelheim\/wp-content\/uploads\/sites\/2\/2021\/03\/DSC03036-150x85.jpg 150w, https:\/\/www.bsmn.de\/berufsschule-mindelheim\/wp-content\/uploads\/sites\/2\/2021\/03\/DSC03036-600x340.jpg 600w, https:\/\/www.bsmn.de\/berufsschule-mindelheim\/wp-content\/uploads\/sites\/2\/2021\/03\/DSC03036.jpg 1920w\" sizes=\"(max-width: 1024px) 100vw, 1024px\" \/><\/figure>\n\n\n\n<p class=\"has-small-font-size\">E-Mobilit\u00e4ts-Tage an der Schule<\/p>\n\n\n\n<h3 class=\"wp-block-heading has-vivid-green-cyan-color has-text-color\"><strong><u>Was ist geplant?<\/u><\/strong><\/h3>\n\n\n\n<ul class=\"wp-block-list\">\n<li>Vorstellung der Mitfahrzentrale im Lehrerkollegium, Herr H\u00f6ld\/ Landratsamt<\/li>\n\n\n\n<li>Verbesserung der Radabstellanlagen an allen Standorten<\/li>\n\n\n\n<li>Ber\u00fccksichtigung der Mobilit\u00e4t in der Stundenplanung<\/li>\n\n\n\n<li>Errichtung eines Elektro-Carports als Sch\u00fclerprojekt (vom Kreisrat genehmigt)<\/li>\n\n\n\n<li>Errichtung einer 90 kWp-Anlage u.a. zur Eigennutzung<\/li>\n\n\n\n<li>Pendelverkehr zwischen den Schulen, wenn m\u00f6glich mit dem schuleigenen E-Fahrzeug<\/li>\n\n\n\n<li>Einrichtung einer Duschm\u00f6glichkeit f\u00fcr Radpendler (in Umsetzung)<\/li>\n<\/ul>\n\n\n\n<h3 class=\"wp-block-heading has-vivid-green-cyan-color has-text-color\"><strong><u>Weitere Ideen<\/u><\/strong><\/h3>\n\n\n\n<ul class=\"wp-block-list\">\n<li>Anschaffung weiterer R\u00e4der bzw. Fahrradtypen f\u00fcr das Sch\u00fclerheim<\/li>\n\n\n\n<li>Beteiligung bei Aktion \u201eMit dem Rad zur Arbeit\u201c.<\/li>\n<\/ul>\n","protected":false},"excerpt":{"rendered":"<p>Bedeutung des Themas Mobilit\u00e4t f\u00fcr das Klima: &nbsp;Von den j\u00e4hrlich 805 Millionen Tonnen in Deutschland freigesetzten Treibhausgasen entfallen 20 % auf den Verkehrssektor, was dem drittgr\u00f6\u00dften Teil der Gesamtemissionen entspricht. In Deutschland wird ein Pkw von durchschnittlich 1,4 Personen benutzt. Es w\u00e4re also ein Leichtes, den Verbrauch pro Personenkilometer durch m\u00f6glichst ausgelastete Fahrzeuge zu verringern. [&hellip;]<\/p>\n","protected":false},"author":7,"featured_media":0,"parent":0,"menu_order":0,"comment_status":"closed","ping_status":"closed","template":"","meta":{"footnotes":""},"class_list":["post-2382","page","type-page","status-publish","hentry"],"_links":{"self":[{"href":"https:\/\/www.bsmn.de\/berufsschule-mindelheim\/wp-json\/wp\/v2\/pages\/2382","targetHints":{"allow":["GET"]}}],"collection":[{"href":"https:\/\/www.bsmn.de\/berufsschule-mindelheim\/wp-json\/wp\/v2\/pages"}],"about":[{"href":"https:\/\/www.bsmn.de\/berufsschule-mindelheim\/wp-json\/wp\/v2\/types\/page"}],"author":[{"embeddable":true,"href":"https:\/\/www.bsmn.de\/berufsschule-mindelheim\/wp-json\/wp\/v2\/users\/7"}],"replies":[{"embeddable":true,"href":"https:\/\/www.bsmn.de\/berufsschule-mindelheim\/wp-json\/wp\/v2\/comments?post=2382"}],"version-history":[{"count":16,"href":"https:\/\/www.bsmn.de\/berufsschule-mindelheim\/wp-json\/wp\/v2\/pages\/2382\/revisions"}],"predecessor-version":[{"id":4243,"href":"https:\/\/www.bsmn.de\/berufsschule-mindelheim\/wp-json\/wp\/v2\/pages\/2382\/revisions\/4243"}],"wp:attachment":[{"href":"https:\/\/www.bsmn.de\/berufsschule-mindelheim\/wp-json\/wp\/v2\/media?parent=2382"}],"curies":[{"name":"wp","href":"https:\/\/api.w.org\/{rel}","templated":true}]}}