{"id":2125,"date":"2021-02-23T09:49:15","date_gmt":"2021-02-23T08:49:15","guid":{"rendered":"https:\/\/www.bsmn.de\/berufsschule-mindelheim\/?page_id=2125"},"modified":"2021-04-19T08:56:09","modified_gmt":"2021-04-19T06:56:09","slug":"chancen-potentiale-und-hindernisse-fuer-die-klimaschule","status":"publish","type":"page","link":"https:\/\/www.bsmn.de\/berufsschule-mindelheim\/chancen-potentiale-und-hindernisse-fuer-die-klimaschule\/","title":{"rendered":"Chancen, Potentiale und Hindernisse f\u00fcr die Klimaschule"},"content":{"rendered":"\n<p><\/p>\n\n\n\n<figure class=\"wp-block-image size-large\"><a href=\"https:\/\/www.bsmn.de\/berufsschule-mindelheim\/wp-content\/uploads\/sites\/2\/2021\/03\/Unterschiedlicher-Unterricht-an-den-Standorten.jpg\"><img fetchpriority=\"high\" decoding=\"async\" width=\"753\" height=\"534\" src=\"https:\/\/www.bsmn.de\/berufsschule-mindelheim\/wp-content\/uploads\/sites\/2\/2021\/03\/Unterschiedlicher-Unterricht-an-den-Standorten.jpg\" alt=\"\" class=\"wp-image-2212\" srcset=\"https:\/\/www.bsmn.de\/berufsschule-mindelheim\/wp-content\/uploads\/sites\/2\/2021\/03\/Unterschiedlicher-Unterricht-an-den-Standorten.jpg 753w, https:\/\/www.bsmn.de\/berufsschule-mindelheim\/wp-content\/uploads\/sites\/2\/2021\/03\/Unterschiedlicher-Unterricht-an-den-Standorten-300x213.jpg 300w, https:\/\/www.bsmn.de\/berufsschule-mindelheim\/wp-content\/uploads\/sites\/2\/2021\/03\/Unterschiedlicher-Unterricht-an-den-Standorten-600x425.jpg 600w\" sizes=\"(max-width: 753px) 100vw, 753px\" \/><\/a><\/figure>\n\n\n\n<p><strong>Schon am Organigramm zeigt sich: <\/strong>Unsere Sch\u00fcler*innen sind niemals alle zur selben Zeit am selben Ort. Im Gegenteil, bedingt durch den Blockplan, k\u00f6nnen sich nur die Klassen pers\u00f6nlich treffen, die in den gleichen Wochen Unterricht haben.<\/p>\n\n\n\n<figure class=\"wp-block-image size-large\"><a href=\"https:\/\/www.bsmn.de\/berufsschule-mindelheim\/wp-content\/uploads\/sites\/2\/2021\/02\/Blockplan-Bild.jpg\"><img decoding=\"async\" width=\"866\" height=\"328\" src=\"https:\/\/www.bsmn.de\/berufsschule-mindelheim\/wp-content\/uploads\/sites\/2\/2021\/02\/Blockplan-Bild.jpg\" alt=\"\" class=\"wp-image-2128\" srcset=\"https:\/\/www.bsmn.de\/berufsschule-mindelheim\/wp-content\/uploads\/sites\/2\/2021\/02\/Blockplan-Bild.jpg 866w, https:\/\/www.bsmn.de\/berufsschule-mindelheim\/wp-content\/uploads\/sites\/2\/2021\/02\/Blockplan-Bild-300x114.jpg 300w, https:\/\/www.bsmn.de\/berufsschule-mindelheim\/wp-content\/uploads\/sites\/2\/2021\/02\/Blockplan-Bild-768x291.jpg 768w, https:\/\/www.bsmn.de\/berufsschule-mindelheim\/wp-content\/uploads\/sites\/2\/2021\/02\/Blockplan-Bild-600x227.jpg 600w\" sizes=\"(max-width: 866px) 100vw, 866px\" \/><\/a><\/figure>\n\n\n\n<p><strong>Aber: <\/strong>Wir unterrichten \u00fcber 2000 Sch\u00fcler*innen aus unterschiedlichsten Berufsgruppen, die ihr Wissen aus der Klimaschule in die Betriebe und Unternehmen hinaustragen. Das ist ein <strong>riesiger Hebel f\u00fcr den Klimaschutz<\/strong>.<\/p>\n\n\n\n<p><strong>Einzugsgebiet:<\/strong><\/p>\n\n\n\n<p>Je nach Ausbildungsberuf kommen unsere Sch\u00fcler*innen aus dem Unterallg\u00e4u, aus Schwaben oder aber auch aus ganz Bayern und Teilen Baden W\u00fcrttembergs. Dadurch ergeben sich teilweise Fahrstrecken von \u00fcber 250 km einfach. Wie zum Beispiel bei den \u201eMetallbauern Fachrichtung Nutzfahrzeugbau\u201c aus dem Landkreis Cham.<\/p>\n\n\n\n<figure class=\"wp-block-image size-large is-resized\"><a href=\"https:\/\/www.bsmn.de\/berufsschule-mindelheim\/wp-content\/uploads\/sites\/2\/2021\/03\/Bayernkarte-Wege-zur-Schule.jpg\"><img decoding=\"async\" src=\"https:\/\/www.bsmn.de\/berufsschule-mindelheim\/wp-content\/uploads\/sites\/2\/2021\/03\/Bayernkarte-Wege-zur-Schule.jpg\" alt=\"\" class=\"wp-image-2167\" width=\"714\" height=\"708\" srcset=\"https:\/\/www.bsmn.de\/berufsschule-mindelheim\/wp-content\/uploads\/sites\/2\/2021\/03\/Bayernkarte-Wege-zur-Schule.jpg 590w, https:\/\/www.bsmn.de\/berufsschule-mindelheim\/wp-content\/uploads\/sites\/2\/2021\/03\/Bayernkarte-Wege-zur-Schule-300x297.jpg 300w, https:\/\/www.bsmn.de\/berufsschule-mindelheim\/wp-content\/uploads\/sites\/2\/2021\/03\/Bayernkarte-Wege-zur-Schule-150x150.jpg 150w\" sizes=\"(max-width: 714px) 100vw, 714px\" \/><\/a><\/figure>\n\n\n\n<p><strong>Konsequenz:<\/strong><\/p>\n\n\n\n<p>Die Mobilit\u00e4t von Sch\u00fclern*innen und Lehrkr\u00e4ften hat einen Anteil von ca. 80 % (550 t) am j\u00e4hrlichen CO<sub>2<\/sub>-Aussto\u00df unserer Schule.<\/p>\n\n\n\n<p>Hier haben wir ein riesiges Optimierungspotential, sei es durch Vermittlung von Fahrgemeinschaften, durch umweltfreundliche Fahrzeuge, oder Schaffung von \u00d6PNV-Angeboten.<\/p>\n","protected":false},"excerpt":{"rendered":"<p>Schon am Organigramm zeigt sich: Unsere Sch\u00fcler*innen sind niemals alle zur selben Zeit am selben Ort. Im Gegenteil, bedingt durch den Blockplan, k\u00f6nnen sich nur die Klassen pers\u00f6nlich treffen, die in den gleichen Wochen Unterricht haben. Aber: Wir unterrichten \u00fcber 2000 Sch\u00fcler*innen aus unterschiedlichsten Berufsgruppen, die ihr Wissen aus der Klimaschule in die Betriebe und [&hellip;]<\/p>\n","protected":false},"author":7,"featured_media":2136,"parent":0,"menu_order":0,"comment_status":"closed","ping_status":"closed","template":"","meta":{"footnotes":""},"class_list":["post-2125","page","type-page","status-publish","has-post-thumbnail","hentry"],"_links":{"self":[{"href":"https:\/\/www.bsmn.de\/berufsschule-mindelheim\/wp-json\/wp\/v2\/pages\/2125","targetHints":{"allow":["GET"]}}],"collection":[{"href":"https:\/\/www.bsmn.de\/berufsschule-mindelheim\/wp-json\/wp\/v2\/pages"}],"about":[{"href":"https:\/\/www.bsmn.de\/berufsschule-mindelheim\/wp-json\/wp\/v2\/types\/page"}],"author":[{"embeddable":true,"href":"https:\/\/www.bsmn.de\/berufsschule-mindelheim\/wp-json\/wp\/v2\/users\/7"}],"replies":[{"embeddable":true,"href":"https:\/\/www.bsmn.de\/berufsschule-mindelheim\/wp-json\/wp\/v2\/comments?post=2125"}],"version-history":[{"count":7,"href":"https:\/\/www.bsmn.de\/berufsschule-mindelheim\/wp-json\/wp\/v2\/pages\/2125\/revisions"}],"predecessor-version":[{"id":2521,"href":"https:\/\/www.bsmn.de\/berufsschule-mindelheim\/wp-json\/wp\/v2\/pages\/2125\/revisions\/2521"}],"wp:featuredmedia":[{"embeddable":true,"href":"https:\/\/www.bsmn.de\/berufsschule-mindelheim\/wp-json\/wp\/v2\/media\/2136"}],"wp:attachment":[{"href":"https:\/\/www.bsmn.de\/berufsschule-mindelheim\/wp-json\/wp\/v2\/media?parent=2125"}],"curies":[{"name":"wp","href":"https:\/\/api.w.org\/{rel}","templated":true}]}}