{"id":1219,"date":"2020-11-30T15:35:39","date_gmt":"2020-11-30T14:35:39","guid":{"rendered":"http:\/\/bsmn.neuimweb.de\/berufsschule-mindelheim\/?page_id=1219"},"modified":"2023-11-13T08:09:06","modified_gmt":"2023-11-13T07:09:06","slug":"berufsintegration","status":"publish","type":"page","link":"https:\/\/www.bsmn.de\/berufsschule-mindelheim\/berufsintegration\/","title":{"rendered":"Berufsintegration"},"content":{"rendered":"\n<p>Die Berufsintegrationsklassen stehen berufsschulpflichtigen Asylbewerberinnen und Asylbewerbern, Gefl\u00fcchteten und anderen jungen Menschen (z. B. Zuzug aus der EU) mit mangelnden Deutschkenntnissen offen.<\/p>\n\n\n\n<p>Aufgenommen werden in der Regel Sch\u00fclerinnen und Sch\u00fcler zwischen dem 16. und dem 21. Lebensjahr. In begr\u00fcndeten Ausnahmef\u00e4llen wird bis zum 25. Lebensjahr aufgenommen.<\/p>\n\n\n\n<p>Die Berufsschule Mindelheim arbeitet mit einem Kooperationspartner zusammen (Mindelheim: Die Kolping Akademie, Memmingen: bfz).<\/p>\n\n\n\n<h2 class=\"wp-block-heading\">Berufsintegrationsvorklasse (BIKV)<\/h2>\n\n\n\n<p>Die Berufsintegrationsvorklasse ist das erste Jahr der Berufsintegration. Der Schwerpunkt liegt auf Spracherwerb, Wertebildung und einer ersten beruflichen Orientierung.<\/p>\n\n\n\n<h3 class=\"wp-block-heading\">Dauer<\/h3>\n\n\n\n<p>ein Jahr<\/p>\n\n\n\n<h3 class=\"wp-block-heading\">Abschluss<\/h3>\n\n\n\n<p>Die Sch\u00fclerinnen und Sch\u00fcler erhalten eine Bescheinigung des Leistungsstandes.<\/p>\n\n\n\n<h3 class=\"wp-block-heading\">Inhalte<\/h3>\n\n\n\n<p>Der Unterricht wird nach dem Lehrplan f\u00fcr Berufsintegrations- und Sprachintensivklassen gestaltet: <\/p>\n\n\n\n<p><a href=\"https:\/\/www.berufsvorbereitung.bayern.de\/lehrplan-fuer-die-berufsvorbereitung\/\" target=\"_blank\" rel=\"noreferrer noopener\">https:\/\/www.berufsvorbereitung.bayern.de\/lehrplan-fuer-die-berufsvorbereitung\/<\/a><\/p>\n\n\n\n<p>Es werden f\u00fcnf Lernbereiche unterrichtet:<\/p>\n\n\n\n<ul class=\"wp-block-list\">\n<li>Mathematik<\/li>\n\n\n\n<li>Deutsch<\/li>\n\n\n\n<li>Politik und Gesellschaft (bisher Sozialkunde)<\/li>\n\n\n\n<li>Ethik<\/li>\n\n\n\n<li>Beruf und Bildung<\/li>\n<\/ul>\n\n\n\n<p>In diese Lernbereiche sind andere integriert, z. B. Umwelt, Holztechnik, Datenverarbeitung, Nahrungszubereitung, Metallverarbeitung, Sport.<\/p>\n\n\n\n<h3 class=\"wp-block-heading\">Stundentafel<\/h3>\n\n\n\n<p>Der Unterricht umfasst w\u00f6chentlich maximal 30 Stunden, wobei die Unterrichtsstunden oft geteilt sind (zwei Lehrkr\u00e4fte unterrichten eine Klasse).<\/p>\n\n\n\n<h2 class=\"wp-block-heading\">Berufsintegrationsklasse (BIK)<\/h2>\n\n\n\n<p>Die Berufsintegrationsklasse (BIK) ist das zweite Jahr der Berufsintegration. Der Schwerpunkt liegt auf der Berufsvorbereitung, d. h. die Sch\u00fclerinnen und Sch\u00fcler werden auf eine Ausbildung oder berufliche T\u00e4tigkeit vorbereitet. <\/p>\n\n\n\n<h3 class=\"wp-block-heading\">Dauer<\/h3>\n\n\n\n<p>ein Jahr<\/p>\n\n\n\n<h3 class=\"wp-block-heading\">Abschluss<\/h3>\n\n\n\n<p>Abschlusszeugnis<\/p>\n\n\n\n<p>Es besteht die M\u00f6glichkeit, die Berechtigungen des Mittelschulabschlusses zu erwerben, wenn das Sprachniveau B1 des Gemeinsamen Europ\u00e4ischen Referenzrahmens (GER) erreicht wird.<\/p>\n\n\n\n<p>Die Sch\u00fclerinnen und Sch\u00fcler erhalten eine Bescheinigung des Leistungsstandes mit Wortgutachten, wenn das Sprachniveau B1 nicht erricht wird.<\/p>\n\n\n\n<h3 class=\"wp-block-heading\">Inhalte<\/h3>\n\n\n\n<p>Der Unterricht wird nach dem Lehrplan f\u00fcr Berufsintegrations- und Sprachintensivklassen gestaltet: <\/p>\n\n\n\n<p><a href=\"https:\/\/www.berufsvorbereitung.bayern.de\/lehrplan-fuer-die-berufsvorbereitung\/\" target=\"_blank\" rel=\"noreferrer noopener\">https:\/\/www.berufsvorbereitung.bayern.de\/lehrplan-fuer-die-berufsvorbereitung\/<\/a><\/p>\n\n\n\n<p>Es werden f\u00fcnf Lernbereiche unterrichtet:<\/p>\n\n\n\n<ul class=\"wp-block-list\">\n<li>Mathematik<\/li>\n\n\n\n<li>Deutsch<\/li>\n\n\n\n<li>Politik und Gesellschaft (bisher Sozialkunde)<\/li>\n\n\n\n<li>Ethik<\/li>\n\n\n\n<li>Beruf und Bildung<\/li>\n<\/ul>\n\n\n\n<p>In diese Lernbereiche sind andere integriert, z. B. Umwelt, Holztechnik, Datenverarbeitung, Nahrungszubereitung, Metallverarbeitung, Sport.<\/p>\n\n\n\n<h3 class=\"wp-block-heading\">Stundentafel<\/h3>\n\n\n\n<p>Der Unterricht umfasst w\u00f6chentlich maximal 30 Stunden, wobei die Unterrichtsstunden oft geteilt sind (zwei Lehrkr\u00e4fte unterrichten eine Klasse).<\/p>\n\n\n\n<h2 class=\"wp-block-heading\">Impressionen aus dem Schulalltag<\/h2>\n\n\n\n<figure class=\"wp-block-gallery has-nested-images columns-default is-cropped wp-block-gallery-1 is-layout-flex wp-block-gallery-is-layout-flex\">\n<figure class=\"wp-block-image size-large\"><img fetchpriority=\"high\" decoding=\"async\" width=\"1024\" height=\"683\" data-id=\"350\" src=\"https:\/\/www.bsmn.de\/berufsschule-mindelheim\/wp-content\/uploads\/sites\/2\/2020\/07\/BSMN_Vorauswahl_030_Ansicht-1024x683.jpg\" alt=\"\" class=\"wp-image-350\" srcset=\"https:\/\/www.bsmn.de\/berufsschule-mindelheim\/wp-content\/uploads\/sites\/2\/2020\/07\/BSMN_Vorauswahl_030_Ansicht-1024x683.jpg 1024w, https:\/\/www.bsmn.de\/berufsschule-mindelheim\/wp-content\/uploads\/sites\/2\/2020\/07\/BSMN_Vorauswahl_030_Ansicht-300x200.jpg 300w, https:\/\/www.bsmn.de\/berufsschule-mindelheim\/wp-content\/uploads\/sites\/2\/2020\/07\/BSMN_Vorauswahl_030_Ansicht-768x512.jpg 768w, https:\/\/www.bsmn.de\/berufsschule-mindelheim\/wp-content\/uploads\/sites\/2\/2020\/07\/BSMN_Vorauswahl_030_Ansicht-1536x1024.jpg 1536w, https:\/\/www.bsmn.de\/berufsschule-mindelheim\/wp-content\/uploads\/sites\/2\/2020\/07\/BSMN_Vorauswahl_030_Ansicht-600x400.jpg 600w, https:\/\/www.bsmn.de\/berufsschule-mindelheim\/wp-content\/uploads\/sites\/2\/2020\/07\/BSMN_Vorauswahl_030_Ansicht.jpg 1920w\" sizes=\"(max-width: 1024px) 100vw, 1024px\" \/><figcaption class=\"wp-element-caption\">Arbeiten in der Holzwerkstatt<\/figcaption><\/figure>\n\n\n\n<figure class=\"wp-block-image size-large\"><img decoding=\"async\" width=\"1024\" height=\"683\" data-id=\"349\" src=\"https:\/\/www.bsmn.de\/berufsschule-mindelheim\/wp-content\/uploads\/sites\/2\/2020\/07\/BSMN_Vorauswahl_029_Ansicht-1024x683.jpg\" alt=\"\" class=\"wp-image-349\" srcset=\"https:\/\/www.bsmn.de\/berufsschule-mindelheim\/wp-content\/uploads\/sites\/2\/2020\/07\/BSMN_Vorauswahl_029_Ansicht-1024x683.jpg 1024w, https:\/\/www.bsmn.de\/berufsschule-mindelheim\/wp-content\/uploads\/sites\/2\/2020\/07\/BSMN_Vorauswahl_029_Ansicht-300x200.jpg 300w, https:\/\/www.bsmn.de\/berufsschule-mindelheim\/wp-content\/uploads\/sites\/2\/2020\/07\/BSMN_Vorauswahl_029_Ansicht-768x512.jpg 768w, https:\/\/www.bsmn.de\/berufsschule-mindelheim\/wp-content\/uploads\/sites\/2\/2020\/07\/BSMN_Vorauswahl_029_Ansicht-1536x1024.jpg 1536w, https:\/\/www.bsmn.de\/berufsschule-mindelheim\/wp-content\/uploads\/sites\/2\/2020\/07\/BSMN_Vorauswahl_029_Ansicht-600x400.jpg 600w, https:\/\/www.bsmn.de\/berufsschule-mindelheim\/wp-content\/uploads\/sites\/2\/2020\/07\/BSMN_Vorauswahl_029_Ansicht.jpg 1920w\" sizes=\"(max-width: 1024px) 100vw, 1024px\" \/><figcaption class=\"wp-element-caption\">Arbeiten in der Holzwerkstatt<\/figcaption><\/figure>\n\n\n\n<figure class=\"wp-block-image size-large\"><img decoding=\"async\" width=\"1024\" height=\"683\" data-id=\"335\" src=\"https:\/\/www.bsmn.de\/berufsschule-mindelheim\/wp-content\/uploads\/sites\/2\/2020\/07\/BSMN_Vorauswahl_015_Ansicht-1024x683.jpg\" alt=\"\" class=\"wp-image-335\" srcset=\"https:\/\/www.bsmn.de\/berufsschule-mindelheim\/wp-content\/uploads\/sites\/2\/2020\/07\/BSMN_Vorauswahl_015_Ansicht-1024x683.jpg 1024w, https:\/\/www.bsmn.de\/berufsschule-mindelheim\/wp-content\/uploads\/sites\/2\/2020\/07\/BSMN_Vorauswahl_015_Ansicht-300x200.jpg 300w, https:\/\/www.bsmn.de\/berufsschule-mindelheim\/wp-content\/uploads\/sites\/2\/2020\/07\/BSMN_Vorauswahl_015_Ansicht-768x512.jpg 768w, https:\/\/www.bsmn.de\/berufsschule-mindelheim\/wp-content\/uploads\/sites\/2\/2020\/07\/BSMN_Vorauswahl_015_Ansicht-1536x1024.jpg 1536w, https:\/\/www.bsmn.de\/berufsschule-mindelheim\/wp-content\/uploads\/sites\/2\/2020\/07\/BSMN_Vorauswahl_015_Ansicht-600x400.jpg 600w, https:\/\/www.bsmn.de\/berufsschule-mindelheim\/wp-content\/uploads\/sites\/2\/2020\/07\/BSMN_Vorauswahl_015_Ansicht.jpg 1920w\" sizes=\"(max-width: 1024px) 100vw, 1024px\" \/><figcaption class=\"wp-element-caption\">Unterricht in der Schulk\u00fcche<\/figcaption><\/figure>\n<\/figure>\n\n\n\n<h2 class=\"wp-block-heading\">Aktuelles im Bereich Berufsintegration<\/h2>\n\n\n\n<figure class=\"wp-block-gallery has-nested-images columns-default is-cropped wp-block-gallery-2 is-layout-flex wp-block-gallery-is-layout-flex\">\n<figure class=\"wp-block-image size-large\"><img loading=\"lazy\" decoding=\"async\" width=\"1024\" height=\"768\" data-id=\"956\" src=\"https:\/\/www.bsmn.de\/berufsschule-mindelheim\/wp-content\/uploads\/sites\/2\/2020\/11\/IMG_1195-min-1-1024x768.jpg\" alt=\"\" class=\"wp-image-956\" srcset=\"https:\/\/www.bsmn.de\/berufsschule-mindelheim\/wp-content\/uploads\/sites\/2\/2020\/11\/IMG_1195-min-1-1024x768.jpg 1024w, https:\/\/www.bsmn.de\/berufsschule-mindelheim\/wp-content\/uploads\/sites\/2\/2020\/11\/IMG_1195-min-1-300x225.jpg 300w, https:\/\/www.bsmn.de\/berufsschule-mindelheim\/wp-content\/uploads\/sites\/2\/2020\/11\/IMG_1195-min-1-768x576.jpg 768w, https:\/\/www.bsmn.de\/berufsschule-mindelheim\/wp-content\/uploads\/sites\/2\/2020\/11\/IMG_1195-min-1-1536x1152.jpg 1536w, https:\/\/www.bsmn.de\/berufsschule-mindelheim\/wp-content\/uploads\/sites\/2\/2020\/11\/IMG_1195-min-1-2048x1536.jpg 2048w, https:\/\/www.bsmn.de\/berufsschule-mindelheim\/wp-content\/uploads\/sites\/2\/2020\/11\/IMG_1195-min-1-600x450.jpg 600w\" sizes=\"(max-width: 1024px) 100vw, 1024px\" \/><figcaption class=\"wp-element-caption\">Berufsintegrationssch\u00fcler bauen Cajons f\u00fcr Kindergartenkinder<\/figcaption><\/figure>\n\n\n\n<figure class=\"wp-block-image size-large\"><img loading=\"lazy\" decoding=\"async\" width=\"761\" height=\"1024\" data-id=\"957\" src=\"https:\/\/www.bsmn.de\/berufsschule-mindelheim\/wp-content\/uploads\/sites\/2\/2020\/11\/Projektwoche-IMG_0593-min-scaled-e1610730997471-761x1024.jpg\" alt=\"\" class=\"wp-image-957\" srcset=\"https:\/\/www.bsmn.de\/berufsschule-mindelheim\/wp-content\/uploads\/sites\/2\/2020\/11\/Projektwoche-IMG_0593-min-scaled-e1610730997471-761x1024.jpg 761w, https:\/\/www.bsmn.de\/berufsschule-mindelheim\/wp-content\/uploads\/sites\/2\/2020\/11\/Projektwoche-IMG_0593-min-scaled-e1610730997471-223x300.jpg 223w, https:\/\/www.bsmn.de\/berufsschule-mindelheim\/wp-content\/uploads\/sites\/2\/2020\/11\/Projektwoche-IMG_0593-min-scaled-e1610730997471-768x1033.jpg 768w, https:\/\/www.bsmn.de\/berufsschule-mindelheim\/wp-content\/uploads\/sites\/2\/2020\/11\/Projektwoche-IMG_0593-min-scaled-e1610730997471-1142x1536.jpg 1142w, https:\/\/www.bsmn.de\/berufsschule-mindelheim\/wp-content\/uploads\/sites\/2\/2020\/11\/Projektwoche-IMG_0593-min-scaled-e1610730997471-600x807.jpg 600w, https:\/\/www.bsmn.de\/berufsschule-mindelheim\/wp-content\/uploads\/sites\/2\/2020\/11\/Projektwoche-IMG_0593-min-scaled-e1610730997471.jpg 1427w\" sizes=\"(max-width: 761px) 100vw, 761px\" \/><figcaption class=\"wp-element-caption\">Projektwoche Demokratie und Werteerziehung<\/figcaption><\/figure>\n<\/figure>\n\n\n\n<p><\/p>\n","protected":false},"excerpt":{"rendered":"<p>Die Berufsintegrationsklassen stehen berufsschulpflichtigen Asylbewerberinnen und Asylbewerbern, Gefl\u00fcchteten und anderen jungen Menschen (z. B. Zuzug aus der EU) mit mangelnden Deutschkenntnissen offen. Aufgenommen werden in der Regel Sch\u00fclerinnen und Sch\u00fcler zwischen dem 16. und dem 21. Lebensjahr. In begr\u00fcndeten Ausnahmef\u00e4llen wird bis zum 25. Lebensjahr aufgenommen. Die Berufsschule Mindelheim arbeitet mit einem Kooperationspartner zusammen (Mindelheim: [&hellip;]<\/p>\n","protected":false},"author":7,"featured_media":332,"parent":0,"menu_order":0,"comment_status":"closed","ping_status":"closed","template":"","meta":{"footnotes":""},"class_list":["post-1219","page","type-page","status-publish","has-post-thumbnail","hentry"],"_links":{"self":[{"href":"https:\/\/www.bsmn.de\/berufsschule-mindelheim\/wp-json\/wp\/v2\/pages\/1219","targetHints":{"allow":["GET"]}}],"collection":[{"href":"https:\/\/www.bsmn.de\/berufsschule-mindelheim\/wp-json\/wp\/v2\/pages"}],"about":[{"href":"https:\/\/www.bsmn.de\/berufsschule-mindelheim\/wp-json\/wp\/v2\/types\/page"}],"author":[{"embeddable":true,"href":"https:\/\/www.bsmn.de\/berufsschule-mindelheim\/wp-json\/wp\/v2\/users\/7"}],"replies":[{"embeddable":true,"href":"https:\/\/www.bsmn.de\/berufsschule-mindelheim\/wp-json\/wp\/v2\/comments?post=1219"}],"version-history":[{"count":4,"href":"https:\/\/www.bsmn.de\/berufsschule-mindelheim\/wp-json\/wp\/v2\/pages\/1219\/revisions"}],"predecessor-version":[{"id":4021,"href":"https:\/\/www.bsmn.de\/berufsschule-mindelheim\/wp-json\/wp\/v2\/pages\/1219\/revisions\/4021"}],"wp:featuredmedia":[{"embeddable":true,"href":"https:\/\/www.bsmn.de\/berufsschule-mindelheim\/wp-json\/wp\/v2\/media\/332"}],"wp:attachment":[{"href":"https:\/\/www.bsmn.de\/berufsschule-mindelheim\/wp-json\/wp\/v2\/media?parent=1219"}],"curies":[{"name":"wp","href":"https:\/\/api.w.org\/{rel}","templated":true}]}}