{"id":12,"date":"2020-06-24T11:38:57","date_gmt":"2020-06-24T09:38:57","guid":{"rendered":"http:\/\/bsmn.neuimweb.de\/berufsschule-mindelheim\/?page_id=12"},"modified":"2023-09-20T08:08:16","modified_gmt":"2023-09-20T06:08:16","slug":"schulleitung","status":"publish","type":"page","link":"https:\/\/www.bsmn.de\/berufsschule-mindelheim\/wir-ueber-uns\/schulleitung\/","title":{"rendered":"Schulleitung"},"content":{"rendered":"<div class=\"wp-block-image\">\n<figure class=\"aligncenter size-large\"><img fetchpriority=\"high\" decoding=\"async\" width=\"1024\" height=\"684\" src=\"https:\/\/www.bsmn.de\/berufsschule-mindelheim\/wp-content\/uploads\/sites\/2\/2023\/09\/P1220324-1024x684.jpg\" alt=\"\" class=\"wp-image-3997\" srcset=\"https:\/\/www.bsmn.de\/berufsschule-mindelheim\/wp-content\/uploads\/sites\/2\/2023\/09\/P1220324-1024x684.jpg 1024w, https:\/\/www.bsmn.de\/berufsschule-mindelheim\/wp-content\/uploads\/sites\/2\/2023\/09\/P1220324-300x200.jpg 300w, https:\/\/www.bsmn.de\/berufsschule-mindelheim\/wp-content\/uploads\/sites\/2\/2023\/09\/P1220324-768x513.jpg 768w, https:\/\/www.bsmn.de\/berufsschule-mindelheim\/wp-content\/uploads\/sites\/2\/2023\/09\/P1220324-600x401.jpg 600w, https:\/\/www.bsmn.de\/berufsschule-mindelheim\/wp-content\/uploads\/sites\/2\/2023\/09\/P1220324.jpg 1200w\" sizes=\"(max-width: 1024px) 100vw, 1024px\" \/><\/figure>\n<\/div>\n\n\n<p class=\"has-vivid-cyan-blue-color has-text-color\"><strong>Schulleiter:<\/strong> Gottfried G\u00f6ppel, OStD<\/p>\n\n\n\n<p class=\"has-vivid-cyan-blue-color has-text-color\"><strong>Stellvertretender Schulleiter:<\/strong> Katrin Wilhelm, StDin<\/p>\n\n\n\n<p class=\"has-vivid-cyan-blue-color has-text-color\"><strong>Au\u00dfenstellenleiterin in Bad W\u00f6rishofen:<\/strong> Ute Mangrich, StDin <\/p>\n\n\n\n<p class=\"has-vivid-cyan-blue-color has-text-color\"><strong>Au\u00dfenstellenleiterin in Memmingen:<\/strong> Stella Schmitt, StDin <\/p>\n\n\n\n<p class=\"has-vivid-cyan-blue-color has-text-color\"><strong>Mitarbeiter in der Schulleitung:<\/strong> J\u00fcrgen Weber, Lk i.A. <\/p>\n\n\n\n<p class=\"has-vivid-cyan-blue-color has-text-color\"><strong>Mitarbeiter\/in in der Schulleitung:<\/strong> N. N. <\/p>\n\n\n\n<p class=\"has-vivid-cyan-blue-color has-text-color\"><strong>Mitarbeiter in der Schulleitung als Systembetreuer:<\/strong> Markus Gaja, OStR<\/p>\n","protected":false},"excerpt":{"rendered":"<p>Schulleiter: Gottfried G\u00f6ppel, OStD Stellvertretender Schulleiter: Katrin Wilhelm, StDin Au\u00dfenstellenleiterin in Bad W\u00f6rishofen: Ute Mangrich, StDin Au\u00dfenstellenleiterin in Memmingen: Stella Schmitt, StDin Mitarbeiter in der Schulleitung: J\u00fcrgen Weber, Lk i.A. Mitarbeiter\/in in der Schulleitung: N. N. Mitarbeiter in der Schulleitung als Systembetreuer: Markus Gaja, OStR<\/p>\n","protected":false},"author":2,"featured_media":329,"parent":9,"menu_order":0,"comment_status":"closed","ping_status":"closed","template":"","meta":{"footnotes":""},"class_list":["post-12","page","type-page","status-publish","has-post-thumbnail","hentry"],"_links":{"self":[{"href":"https:\/\/www.bsmn.de\/berufsschule-mindelheim\/wp-json\/wp\/v2\/pages\/12","targetHints":{"allow":["GET"]}}],"collection":[{"href":"https:\/\/www.bsmn.de\/berufsschule-mindelheim\/wp-json\/wp\/v2\/pages"}],"about":[{"href":"https:\/\/www.bsmn.de\/berufsschule-mindelheim\/wp-json\/wp\/v2\/types\/page"}],"author":[{"embeddable":true,"href":"https:\/\/www.bsmn.de\/berufsschule-mindelheim\/wp-json\/wp\/v2\/users\/2"}],"replies":[{"embeddable":true,"href":"https:\/\/www.bsmn.de\/berufsschule-mindelheim\/wp-json\/wp\/v2\/comments?post=12"}],"version-history":[{"count":11,"href":"https:\/\/www.bsmn.de\/berufsschule-mindelheim\/wp-json\/wp\/v2\/pages\/12\/revisions"}],"predecessor-version":[{"id":3998,"href":"https:\/\/www.bsmn.de\/berufsschule-mindelheim\/wp-json\/wp\/v2\/pages\/12\/revisions\/3998"}],"up":[{"embeddable":true,"href":"https:\/\/www.bsmn.de\/berufsschule-mindelheim\/wp-json\/wp\/v2\/pages\/9"}],"wp:featuredmedia":[{"embeddable":true,"href":"https:\/\/www.bsmn.de\/berufsschule-mindelheim\/wp-json\/wp\/v2\/media\/329"}],"wp:attachment":[{"href":"https:\/\/www.bsmn.de\/berufsschule-mindelheim\/wp-json\/wp\/v2\/media?parent=12"}],"curies":[{"name":"wp","href":"https:\/\/api.w.org\/{rel}","templated":true}]}}