{"id":982,"date":"2020-11-03T08:51:09","date_gmt":"2020-11-03T07:51:09","guid":{"rendered":"http:\/\/bsmn.neuimweb.de\/berufsschule-memmingen\/?page_id=982"},"modified":"2022-04-11T21:39:58","modified_gmt":"2022-04-11T19:39:58","slug":"projektarbeiten","status":"publish","type":"page","link":"https:\/\/www.bsmn.de\/berufsschule-memmingen\/projektarbeiten\/","title":{"rendered":"Projektarbeiten"},"content":{"rendered":"\n<h2 class=\"wp-block-heading\">Berufsintegrationsvorklasse\/Berufsintegrationsklasse<\/h2>\n\n\n\n<div class=\"wp-block-columns is-layout-flex wp-container-core-columns-is-layout-9d6595d7 wp-block-columns-is-layout-flex\">\n<div class=\"wp-block-column is-layout-flow wp-block-column-is-layout-flow\">\n<figure class=\"wp-block-gallery has-nested-images columns-default is-cropped wp-block-gallery-1 is-layout-flex wp-block-gallery-is-layout-flex\">\n<figure class=\"wp-block-image size-large\"><img fetchpriority=\"high\" decoding=\"async\" width=\"1024\" height=\"768\" data-id=\"1734\" src=\"https:\/\/www.bsmn.de\/berufsschule-memmingen\/wp-content\/uploads\/sites\/7\/2022\/04\/Homepage-4-1-1024x768.jpg\" alt=\"\" class=\"wp-image-1734\" srcset=\"https:\/\/www.bsmn.de\/berufsschule-memmingen\/wp-content\/uploads\/sites\/7\/2022\/04\/Homepage-4-1-1024x768.jpg 1024w, https:\/\/www.bsmn.de\/berufsschule-memmingen\/wp-content\/uploads\/sites\/7\/2022\/04\/Homepage-4-1-300x225.jpg 300w, https:\/\/www.bsmn.de\/berufsschule-memmingen\/wp-content\/uploads\/sites\/7\/2022\/04\/Homepage-4-1-768x576.jpg 768w, https:\/\/www.bsmn.de\/berufsschule-memmingen\/wp-content\/uploads\/sites\/7\/2022\/04\/Homepage-4-1-600x450.jpg 600w, https:\/\/www.bsmn.de\/berufsschule-memmingen\/wp-content\/uploads\/sites\/7\/2022\/04\/Homepage-4-1.jpg 1200w\" sizes=\"(max-width: 1024px) 100vw, 1024px\" \/><\/figure>\n<\/figure>\n<\/div>\n\n\n\n<div class=\"wp-block-column is-layout-flow wp-block-column-is-layout-flow\">\n<figure class=\"wp-block-gallery has-nested-images columns-default is-cropped wp-block-gallery-2 is-layout-flex wp-block-gallery-is-layout-flex\">\n<figure class=\"wp-block-image size-large\"><img decoding=\"async\" width=\"1024\" height=\"768\" data-id=\"1735\" src=\"https:\/\/www.bsmn.de\/berufsschule-memmingen\/wp-content\/uploads\/sites\/7\/2022\/04\/Homepage-6-1024x768.jpg\" alt=\"\" class=\"wp-image-1735\" srcset=\"https:\/\/www.bsmn.de\/berufsschule-memmingen\/wp-content\/uploads\/sites\/7\/2022\/04\/Homepage-6-1024x768.jpg 1024w, https:\/\/www.bsmn.de\/berufsschule-memmingen\/wp-content\/uploads\/sites\/7\/2022\/04\/Homepage-6-300x225.jpg 300w, https:\/\/www.bsmn.de\/berufsschule-memmingen\/wp-content\/uploads\/sites\/7\/2022\/04\/Homepage-6-768x576.jpg 768w, https:\/\/www.bsmn.de\/berufsschule-memmingen\/wp-content\/uploads\/sites\/7\/2022\/04\/Homepage-6-600x450.jpg 600w, https:\/\/www.bsmn.de\/berufsschule-memmingen\/wp-content\/uploads\/sites\/7\/2022\/04\/Homepage-6.jpg 1200w\" sizes=\"(max-width: 1024px) 100vw, 1024px\" \/><\/figure>\n<\/figure>\n<\/div>\n<\/div>\n\n\n\n<p>Im Laufe des Schuljahres stieg die Sch\u00fclerzahl in unseren Berufsintegrationsklassen stetig an, sodass unsere 65 Sch\u00fclerInnen nun aus mittlerweile 18 verschiedenen L\u00e4ndern kommen. Den gr\u00f6\u00dften Anteil haben Syrien, Rum\u00e4nien, Kosovo und Irak, weniger kommen dann aus Gambia, Bosnien, Kroatien, Italien, Serbien, Somalia, Mazedonien, Bulgarien, Ungarn, Russland, Ukraine, Afghanistan und Mali.<\/p>\n\n\n\n<p>Integration durch praktischen Unterricht<\/p>\n\n\n\n<p>Ab diesem Schuljahr gibt es f\u00fcr die Berufsintegrationsklassen einen neuen Lehrplan mit 7 Unterrichtsmodulen. Diese sind Ethik, Mathe, Politik und Gesellschaft, Medienwelten und nat\u00fcrlich Deutsch. Im Modul \u201eBerufliche Handlungsf\u00e4higkeit\u201c werden in der schuleigenen Werkstatt z.B. praktische Gegenst\u00e4nde aus Holz angefertigt, im Modul \u201eLebensgestaltung\u201c werden u.a. in der Schulk\u00fcche Speisen zubereitet und gemeinsam verzehrt. In der Praxis sind immer alle mit gro\u00dfem Eifer bei der Sache, auch um die deutsche Sprache zu \u00fcben.<\/p>\n\n\n\n<h2 class=\"wp-block-heading\">Abteilung Berufsintegration \u2013 BIJK<\/h2>\n\n\n\n<div class=\"wp-block-columns is-layout-flex wp-container-core-columns-is-layout-9d6595d7 wp-block-columns-is-layout-flex\">\n<div class=\"wp-block-column is-layout-flow wp-block-column-is-layout-flow\">\n<figure class=\"wp-block-gallery has-nested-images columns-default is-cropped wp-block-gallery-3 is-layout-flex wp-block-gallery-is-layout-flex\">\n<figure class=\"wp-block-image size-large\"><img decoding=\"async\" width=\"1024\" height=\"768\" data-id=\"1731\" src=\"https:\/\/www.bsmn.de\/berufsschule-memmingen\/wp-content\/uploads\/sites\/7\/2022\/04\/Homepage-5-1024x768.jpg\" alt=\"\" class=\"wp-image-1731\" srcset=\"https:\/\/www.bsmn.de\/berufsschule-memmingen\/wp-content\/uploads\/sites\/7\/2022\/04\/Homepage-5-1024x768.jpg 1024w, https:\/\/www.bsmn.de\/berufsschule-memmingen\/wp-content\/uploads\/sites\/7\/2022\/04\/Homepage-5-300x225.jpg 300w, https:\/\/www.bsmn.de\/berufsschule-memmingen\/wp-content\/uploads\/sites\/7\/2022\/04\/Homepage-5-768x576.jpg 768w, https:\/\/www.bsmn.de\/berufsschule-memmingen\/wp-content\/uploads\/sites\/7\/2022\/04\/Homepage-5-600x450.jpg 600w, https:\/\/www.bsmn.de\/berufsschule-memmingen\/wp-content\/uploads\/sites\/7\/2022\/04\/Homepage-5.jpg 1200w\" sizes=\"(max-width: 1024px) 100vw, 1024px\" \/><\/figure>\n<\/figure>\n<\/div>\n\n\n\n<div class=\"wp-block-column is-layout-flow wp-block-column-is-layout-flow\">\n<figure class=\"wp-block-gallery has-nested-images columns-default is-cropped wp-block-gallery-4 is-layout-flex wp-block-gallery-is-layout-flex\">\n<figure class=\"wp-block-image size-large\"><img loading=\"lazy\" decoding=\"async\" width=\"1024\" height=\"768\" data-id=\"1732\" src=\"https:\/\/www.bsmn.de\/berufsschule-memmingen\/wp-content\/uploads\/sites\/7\/2022\/04\/Homepage-2-1-1024x768.jpg\" alt=\"\" class=\"wp-image-1732\" srcset=\"https:\/\/www.bsmn.de\/berufsschule-memmingen\/wp-content\/uploads\/sites\/7\/2022\/04\/Homepage-2-1-1024x768.jpg 1024w, https:\/\/www.bsmn.de\/berufsschule-memmingen\/wp-content\/uploads\/sites\/7\/2022\/04\/Homepage-2-1-300x225.jpg 300w, https:\/\/www.bsmn.de\/berufsschule-memmingen\/wp-content\/uploads\/sites\/7\/2022\/04\/Homepage-2-1-768x576.jpg 768w, https:\/\/www.bsmn.de\/berufsschule-memmingen\/wp-content\/uploads\/sites\/7\/2022\/04\/Homepage-2-1-600x450.jpg 600w, https:\/\/www.bsmn.de\/berufsschule-memmingen\/wp-content\/uploads\/sites\/7\/2022\/04\/Homepage-2-1.jpg 1200w\" sizes=\"(max-width: 1024px) 100vw, 1024px\" \/><\/figure>\n<\/figure>\n<\/div>\n\n\n\n<div class=\"wp-block-column is-layout-flow wp-block-column-is-layout-flow\">\n<figure class=\"wp-block-gallery has-nested-images columns-default is-cropped wp-block-gallery-5 is-layout-flex wp-block-gallery-is-layout-flex\">\n<figure class=\"wp-block-image size-large\"><img loading=\"lazy\" decoding=\"async\" width=\"1024\" height=\"768\" data-id=\"1733\" src=\"https:\/\/www.bsmn.de\/berufsschule-memmingen\/wp-content\/uploads\/sites\/7\/2022\/04\/Homepage-3-1-1024x768.jpg\" alt=\"\" class=\"wp-image-1733\" srcset=\"https:\/\/www.bsmn.de\/berufsschule-memmingen\/wp-content\/uploads\/sites\/7\/2022\/04\/Homepage-3-1-1024x768.jpg 1024w, https:\/\/www.bsmn.de\/berufsschule-memmingen\/wp-content\/uploads\/sites\/7\/2022\/04\/Homepage-3-1-300x225.jpg 300w, https:\/\/www.bsmn.de\/berufsschule-memmingen\/wp-content\/uploads\/sites\/7\/2022\/04\/Homepage-3-1-768x576.jpg 768w, https:\/\/www.bsmn.de\/berufsschule-memmingen\/wp-content\/uploads\/sites\/7\/2022\/04\/Homepage-3-1-600x450.jpg 600w, https:\/\/www.bsmn.de\/berufsschule-memmingen\/wp-content\/uploads\/sites\/7\/2022\/04\/Homepage-3-1.jpg 1200w\" sizes=\"(max-width: 1024px) 100vw, 1024px\" \/><\/figure>\n<\/figure>\n<\/div>\n<\/div>\n\n\n\n<p>In dieser Klasse des Berufsintegrationsjahres-kooperativ werden die Sch\u00fclerInnen auf einen sozialen Beruf vorbereitet, welchen sie nach Abschluss des BIJK direkt hier an der BFS erlernen wollen.<\/p>\n\n\n\n<p>Mittlerweile ist diese Klasse international sehr gemischt. Die 16 Sch\u00fclerInnen kommen aus 9 verschiedenen L\u00e4ndern, einige besuchten vorher unsere Berufsintegrationsklasse und m\u00f6chten nun ihr Deutsch noch weiter verbessern. Durch die gro\u00dfe L\u00e4ndervielfalt entstand auch die Idee, f\u00fcr Speisen aus den jeweiligen Herkunftsl\u00e4ndern der Sch\u00fclerInnen landestypische Rezepte auszuw\u00e4hlen, die Speisen zuzubereiten und mit Fotos zu dokumentieren. Mit Kreativit\u00e4t und viel Geduld entstand daraus dann sogar ein eigenes Kochbuch.<\/p>\n\n\n\n<p><\/p>\n\n\n\n<h2 class=\"wp-block-heading\">Herbststimmung<\/h2>\n\n\n\n<div class=\"wp-block-columns is-layout-flex wp-container-core-columns-is-layout-9d6595d7 wp-block-columns-is-layout-flex\">\n<div class=\"wp-block-column is-layout-flow wp-block-column-is-layout-flow\">\n<figure class=\"wp-block-image size-large\"><img loading=\"lazy\" decoding=\"async\" width=\"1024\" height=\"768\" src=\"https:\/\/www.bsmn.de\/berufsschule-memmingen\/wp-content\/uploads\/sites\/7\/2022\/01\/HV_BIJK-1-Homepage-1024x768.jpg\" alt=\"\" class=\"wp-image-1644\" srcset=\"https:\/\/www.bsmn.de\/berufsschule-memmingen\/wp-content\/uploads\/sites\/7\/2022\/01\/HV_BIJK-1-Homepage-1024x768.jpg 1024w, https:\/\/www.bsmn.de\/berufsschule-memmingen\/wp-content\/uploads\/sites\/7\/2022\/01\/HV_BIJK-1-Homepage-300x225.jpg 300w, https:\/\/www.bsmn.de\/berufsschule-memmingen\/wp-content\/uploads\/sites\/7\/2022\/01\/HV_BIJK-1-Homepage-768x576.jpg 768w, https:\/\/www.bsmn.de\/berufsschule-memmingen\/wp-content\/uploads\/sites\/7\/2022\/01\/HV_BIJK-1-Homepage-600x450.jpg 600w, https:\/\/www.bsmn.de\/berufsschule-memmingen\/wp-content\/uploads\/sites\/7\/2022\/01\/HV_BIJK-1-Homepage.jpg 1200w\" sizes=\"(max-width: 1024px) 100vw, 1024px\" \/><\/figure>\n<\/div>\n\n\n\n<div class=\"wp-block-column is-layout-flow wp-block-column-is-layout-flow\">\n<figure class=\"wp-block-image size-large\"><img loading=\"lazy\" decoding=\"async\" width=\"1024\" height=\"768\" src=\"https:\/\/www.bsmn.de\/berufsschule-memmingen\/wp-content\/uploads\/sites\/7\/2022\/01\/WuG_BIJK_1-Homepage-1024x768.jpg\" alt=\"\" class=\"wp-image-1646\" srcset=\"https:\/\/www.bsmn.de\/berufsschule-memmingen\/wp-content\/uploads\/sites\/7\/2022\/01\/WuG_BIJK_1-Homepage-1024x768.jpg 1024w, https:\/\/www.bsmn.de\/berufsschule-memmingen\/wp-content\/uploads\/sites\/7\/2022\/01\/WuG_BIJK_1-Homepage-300x225.jpg 300w, https:\/\/www.bsmn.de\/berufsschule-memmingen\/wp-content\/uploads\/sites\/7\/2022\/01\/WuG_BIJK_1-Homepage-768x576.jpg 768w, https:\/\/www.bsmn.de\/berufsschule-memmingen\/wp-content\/uploads\/sites\/7\/2022\/01\/WuG_BIJK_1-Homepage-600x450.jpg 600w, https:\/\/www.bsmn.de\/berufsschule-memmingen\/wp-content\/uploads\/sites\/7\/2022\/01\/WuG_BIJK_1-Homepage.jpg 1200w\" sizes=\"(max-width: 1024px) 100vw, 1024px\" \/><\/figure>\n<\/div>\n\n\n\n<div class=\"wp-block-column is-layout-flow wp-block-column-is-layout-flow\">\n<figure class=\"wp-block-image size-large\"><img loading=\"lazy\" decoding=\"async\" width=\"1024\" height=\"768\" src=\"https:\/\/www.bsmn.de\/berufsschule-memmingen\/wp-content\/uploads\/sites\/7\/2022\/01\/WuG_BIJK_2-Homepage-1024x768.jpg\" alt=\"\" class=\"wp-image-1647\" srcset=\"https:\/\/www.bsmn.de\/berufsschule-memmingen\/wp-content\/uploads\/sites\/7\/2022\/01\/WuG_BIJK_2-Homepage-1024x768.jpg 1024w, https:\/\/www.bsmn.de\/berufsschule-memmingen\/wp-content\/uploads\/sites\/7\/2022\/01\/WuG_BIJK_2-Homepage-300x225.jpg 300w, https:\/\/www.bsmn.de\/berufsschule-memmingen\/wp-content\/uploads\/sites\/7\/2022\/01\/WuG_BIJK_2-Homepage-768x576.jpg 768w, https:\/\/www.bsmn.de\/berufsschule-memmingen\/wp-content\/uploads\/sites\/7\/2022\/01\/WuG_BIJK_2-Homepage-600x450.jpg 600w, https:\/\/www.bsmn.de\/berufsschule-memmingen\/wp-content\/uploads\/sites\/7\/2022\/01\/WuG_BIJK_2-Homepage.jpg 1200w\" sizes=\"(max-width: 1024px) 100vw, 1024px\" \/><\/figure>\n<\/div>\n<\/div>\n\n\n\n<p>Die ersten Schulwochen sind geschafft und im BIJK ist der Herbst eingezogen.<\/p>\n\n\n\n<p>Die Sch\u00fcler*innen bereiteten ein leckeres Herbstmen\u00fc zu, wobei sie sehr auf regionale und saisonale Lebensmittel achteten.<\/p>\n\n\n\n<p>Abgerundet wurde das Men\u00fc mit passender Tischdeko, wunderbare Herbstigel.<\/p>\n\n\n\n<h2 class=\"wp-block-heading\">&#8222;Es braucht keinen homogenen Dschungel&#8230;&#8220;&nbsp;<\/h2>\n\n\n\n<p>Mogli und seine tierischen Freunde nehmen Klein und Gro\u00df mit auf eine abenteuerliche Reise\u2026<\/p>\n\n\n\n<p>Rudyard Kiplings weltber\u00fchmte Geschichte \u00fcber das Waisenkind Mogli ist \u00fcber 120 Jahre alt. Das Dschungelbuch fasziniert als Erz\u00e4hlung der diversen Dschungel-Gemeinschaft, deren wichtigste Regel des Zusammenlebens \u00fcber alle Arten-Unterschiede hinweg lautet: \u201eWir sind eines Blutes, ihr und ich!\u201c Es braucht kein homogenes Dorf, um ein Kind wie Mogli gro\u00dfzuziehen, sondern einen m\u00f6glichst heterogenen Dschungel!<\/p>\n\n\n\n<figure class=\"wp-block-gallery has-nested-images columns-default is-cropped wp-block-gallery-6 is-layout-flex wp-block-gallery-is-layout-flex\">\n<figure class=\"wp-block-image size-large\"><img loading=\"lazy\" decoding=\"async\" width=\"1024\" height=\"768\" data-id=\"1557\" src=\"https:\/\/www.bsmn.de\/berufsschule-memmingen\/wp-content\/uploads\/sites\/7\/2021\/11\/20211110_114653-2-1024x768.jpg\" alt=\"\" class=\"wp-image-1557\" srcset=\"https:\/\/www.bsmn.de\/berufsschule-memmingen\/wp-content\/uploads\/sites\/7\/2021\/11\/20211110_114653-2-1024x768.jpg 1024w, https:\/\/www.bsmn.de\/berufsschule-memmingen\/wp-content\/uploads\/sites\/7\/2021\/11\/20211110_114653-2-300x225.jpg 300w, https:\/\/www.bsmn.de\/berufsschule-memmingen\/wp-content\/uploads\/sites\/7\/2021\/11\/20211110_114653-2-768x576.jpg 768w, https:\/\/www.bsmn.de\/berufsschule-memmingen\/wp-content\/uploads\/sites\/7\/2021\/11\/20211110_114653-2-600x450.jpg 600w, https:\/\/www.bsmn.de\/berufsschule-memmingen\/wp-content\/uploads\/sites\/7\/2021\/11\/20211110_114653-2.jpg 1200w\" sizes=\"(max-width: 1024px) 100vw, 1024px\" \/><\/figure>\n<\/figure>\n","protected":false},"excerpt":{"rendered":"<p>Berufsintegrationsvorklasse\/Berufsintegrationsklasse Im Laufe des Schuljahres stieg die Sch\u00fclerzahl in unseren Berufsintegrationsklassen stetig an, sodass unsere 65 Sch\u00fclerInnen nun aus mittlerweile 18 verschiedenen L\u00e4ndern kommen. Den gr\u00f6\u00dften Anteil haben Syrien, Rum\u00e4nien, Kosovo und Irak, weniger kommen dann aus Gambia, Bosnien, Kroatien, Italien, Serbien, Somalia, Mazedonien, Bulgarien, Ungarn, Russland, Ukraine, Afghanistan und Mali. Integration durch praktischen Unterricht [&hellip;]<\/p>\n","protected":false},"author":2,"featured_media":0,"parent":0,"menu_order":0,"comment_status":"closed","ping_status":"closed","template":"","meta":{"footnotes":""},"class_list":["post-982","page","type-page","status-publish","hentry"],"_links":{"self":[{"href":"https:\/\/www.bsmn.de\/berufsschule-memmingen\/wp-json\/wp\/v2\/pages\/982","targetHints":{"allow":["GET"]}}],"collection":[{"href":"https:\/\/www.bsmn.de\/berufsschule-memmingen\/wp-json\/wp\/v2\/pages"}],"about":[{"href":"https:\/\/www.bsmn.de\/berufsschule-memmingen\/wp-json\/wp\/v2\/types\/page"}],"author":[{"embeddable":true,"href":"https:\/\/www.bsmn.de\/berufsschule-memmingen\/wp-json\/wp\/v2\/users\/2"}],"replies":[{"embeddable":true,"href":"https:\/\/www.bsmn.de\/berufsschule-memmingen\/wp-json\/wp\/v2\/comments?post=982"}],"version-history":[{"count":5,"href":"https:\/\/www.bsmn.de\/berufsschule-memmingen\/wp-json\/wp\/v2\/pages\/982\/revisions"}],"predecessor-version":[{"id":1738,"href":"https:\/\/www.bsmn.de\/berufsschule-memmingen\/wp-json\/wp\/v2\/pages\/982\/revisions\/1738"}],"wp:attachment":[{"href":"https:\/\/www.bsmn.de\/berufsschule-memmingen\/wp-json\/wp\/v2\/media?parent=982"}],"curies":[{"name":"wp","href":"https:\/\/api.w.org\/{rel}","templated":true}]}}