{"id":953,"date":"2020-11-09T17:02:00","date_gmt":"2020-11-09T16:02:00","guid":{"rendered":"http:\/\/bsmn.neuimweb.de\/berufsschule-badwoerishofen\/?page_id=953"},"modified":"2026-03-24T21:37:51","modified_gmt":"2026-03-24T20:37:51","slug":"schuelerheim","status":"publish","type":"page","link":"https:\/\/www.bsmn.de\/berufsschule-badwoerishofen\/schuelerheim\/","title":{"rendered":"Sch\u00fclerheim"},"content":{"rendered":"\n<h2 class=\"wp-block-heading\">Osterferien<\/h2>\n\n\n\n<p>Das Sch\u00fclerheim ist w\u00e4hrend der Osterferien (30.03.26 &#8211; 10.04.26) geschlossen. Die erste Anreise f\u00fcr unsere Bewohner nach den Ferien, findet am Sonntag den 12.04.26 statt. Ab Montag den 13.04.26 hat das Sch\u00fclerheim wieder regul\u00e4r ge\u00f6ffnet. <\/p>\n\n\n\n<h2 class=\"wp-block-heading\">&#8222;Zuhause auf Zeit&#8220;<\/h2>\n\n\n\n<p>Der Aufenthalt im Sch\u00fclerwohnheim soll f\u00fcr die Sch\u00fcler so angenehm wie m\u00f6glich sein und ihnen ein &#8222;Zuhause auf Zeit&#8220; bieten.<\/p>\n\n\n\n<p>Wir sch\u00e4tzen die Vielfalt die unsere Bewohner und Bewohnerinnen in den Alltag hier bringen und sind immer darum bem\u00fcht das Zusammenleben hier auf Respekt, H\u00f6flichkeit, Hilfsbereitschaft, R\u00fccksichtnahme und Toleranz zu begr\u00fcnden.<\/p>\n\n\n\n<p>Wir freuen uns auf Euch!<\/p>\n\n\n\n<h2 class=\"wp-block-heading\">Anreisezeiten September &#8211; Ende Februar<\/h2>\n\n\n\n<p><strong>Sonntag vor Schulbeginn 16:00 Uhr &#8211; 21:00 Uhr (Erstanreise mit Schl\u00fcsselausgabe)<\/strong><\/p>\n\n\n\n<p><mark style=\"background-color:#ffffff\" class=\"has-inline-color has-vivid-green-cyan-color\">Zwischenanreisen am Sonntag w\u00e4hrend des laufenden Blocks:<\/mark><\/p>\n\n\n\n<p><strong>Sonntags vor Schulbeginn 16:00 Uhr &#8211; 21:45 Uhr (Minderj\u00e4hrige)<\/strong><\/p>\n\n\n\n<p><strong>Sonntags vor Schulbeginn 16:00 Uhr &#8211; 22:45 Uhr (Vollj\u00e4hrige)<\/strong><\/p>\n\n\n\n<h2 class=\"wp-block-heading\">Anreisezeiten M\u00e4rz &#8211; Juli<\/h2>\n\n\n\n<p><strong>Sonntag vor Schulbeginn 18:00 Uhr &#8211; 21:00 Uhr (Erstanreise mit Schl\u00fcsselausgabe)<\/strong><\/p>\n\n\n\n<p><mark style=\"background-color:#ffffff\" class=\"has-inline-color has-vivid-green-cyan-color\">Zwischenanreise am Sonntag w\u00e4hrend des laufenden Blocks:<\/mark><\/p>\n\n\n\n<p><strong>Sonntags vor Schulbeginn 18:00 Uhr &#8211; 21:45 Uhr (Minderj\u00e4hrige)<\/strong><\/p>\n\n\n\n<p><strong>Sonntags vor Schulbeginn 18:00 Uhr &#8211; 22:45 Uhr (Vollj\u00e4hrige)<\/strong><\/p>\n\n\n\n<p><\/p>\n\n\n\n<p><strong><mark style=\"background-color:#ffffff\" class=\"has-inline-color has-luminous-vivid-orange-color\">Abweichungen dieser Anreisezeiten (Zugversp\u00e4tung, Montagsanreise etc.) sind mit dem Personal des Sch\u00fclerheims zu kl\u00e4ren &#8211; telefonisch, per Instagram oder unter info.schuelerheim@bsbadw.de <\/mark><\/strong><\/p>\n\n\n\n<p><\/p>\n","protected":false},"excerpt":{"rendered":"<p>Osterferien Das Sch\u00fclerheim ist w\u00e4hrend der Osterferien (30.03.26 &#8211; 10.04.26) geschlossen. Die erste Anreise f\u00fcr unsere Bewohner nach den Ferien, findet am Sonntag den 12.04.26 statt. Ab Montag den 13.04.26 hat das Sch\u00fclerheim wieder regul\u00e4r ge\u00f6ffnet. &#8222;Zuhause auf Zeit&#8220; Der Aufenthalt im Sch\u00fclerwohnheim soll f\u00fcr die Sch\u00fcler so angenehm wie m\u00f6glich sein und ihnen ein [&hellip;]<\/p>\n","protected":false},"author":2,"featured_media":1086,"parent":0,"menu_order":0,"comment_status":"closed","ping_status":"closed","template":"","meta":{"footnotes":""},"class_list":["post-953","page","type-page","status-publish","has-post-thumbnail","hentry"],"_links":{"self":[{"href":"https:\/\/www.bsmn.de\/berufsschule-badwoerishofen\/wp-json\/wp\/v2\/pages\/953","targetHints":{"allow":["GET"]}}],"collection":[{"href":"https:\/\/www.bsmn.de\/berufsschule-badwoerishofen\/wp-json\/wp\/v2\/pages"}],"about":[{"href":"https:\/\/www.bsmn.de\/berufsschule-badwoerishofen\/wp-json\/wp\/v2\/types\/page"}],"author":[{"embeddable":true,"href":"https:\/\/www.bsmn.de\/berufsschule-badwoerishofen\/wp-json\/wp\/v2\/users\/2"}],"replies":[{"embeddable":true,"href":"https:\/\/www.bsmn.de\/berufsschule-badwoerishofen\/wp-json\/wp\/v2\/comments?post=953"}],"version-history":[{"count":78,"href":"https:\/\/www.bsmn.de\/berufsschule-badwoerishofen\/wp-json\/wp\/v2\/pages\/953\/revisions"}],"predecessor-version":[{"id":5193,"href":"https:\/\/www.bsmn.de\/berufsschule-badwoerishofen\/wp-json\/wp\/v2\/pages\/953\/revisions\/5193"}],"wp:featuredmedia":[{"embeddable":true,"href":"https:\/\/www.bsmn.de\/berufsschule-badwoerishofen\/wp-json\/wp\/v2\/media\/1086"}],"wp:attachment":[{"href":"https:\/\/www.bsmn.de\/berufsschule-badwoerishofen\/wp-json\/wp\/v2\/media?parent=953"}],"curies":[{"name":"wp","href":"https:\/\/api.w.org\/{rel}","templated":true}]}}