{"id":1041,"date":"2020-11-10T08:55:03","date_gmt":"2020-11-10T07:55:03","guid":{"rendered":"http:\/\/bsmn.neuimweb.de\/berufsschule-badwoerishofen\/?page_id=1041"},"modified":"2023-01-30T13:27:31","modified_gmt":"2023-01-30T12:27:31","slug":"freizeit","status":"publish","type":"page","link":"https:\/\/www.bsmn.de\/berufsschule-badwoerishofen\/schuelerheim\/freizeit\/","title":{"rendered":"Freizeit"},"content":{"rendered":"\n<h2 class=\"wp-block-heading\">Freizeit und Leben im Sch\u00fclerheim Bad W\u00f6rishofen<\/h2>\n\n\n\n<p class=\"has-text-align-left\">Den Sch\u00fclern und Sch\u00fclerinnen stehen auf dem Gel\u00e4nde des Sch\u00fclerheims zahlreiche Sport- und Freizeitm\u00f6glichkeiten offen. Neben diversen Anlagen und R\u00e4umen die genutzt werden k\u00f6nnen, sind im B\u00fcro des p\u00e4dagogischen Personals zus\u00e4tzlich unterschiedlichste Leihgegenst\u00e4nde vorhanden, die sowohl die Freizeit als auch das t\u00e4gliche Leben im Sch\u00fclerheim versch\u00f6nern sollen. <\/p>\n\n\n\n<p>Dazu z\u00e4hlen z.B.:<\/p>\n\n\n\n<ul class=\"wp-block-list\">\n<li>Brett- und Gesellschaftsspiele<\/li>\n\n\n\n<li>Outdoorger\u00e4te (B\u00e4lle, Frisbee ect.)<\/li>\n\n\n\n<li>Fachb\u00fccher z.B. f\u00fcr Referate<\/li>\n\n\n\n<li>Erstehilfematerial<\/li>\n\n\n\n<li>Regenschirme<\/li>\n\n\n\n<li>Thermoskannen<\/li>\n\n\n\n<li>Schl\u00fcssel f\u00fcr Fahrr\u00e4der<\/li>\n\n\n\n<li>Schl\u00fcssel f\u00fcr die Freizeitr\u00e4ume<\/li>\n<\/ul>\n\n\n\n<p>Au\u00dferdem ist das p\u00e4dagogische Personal immer motiviert auch dar\u00fcber hinaus Angebote und Kurse f\u00fcr die Sch\u00fcler und Sch\u00fclerinnen anzubieten. Auf W\u00fcnsche und Vorschl\u00e4ge seitens der Sch\u00fcler*innen wird gerne eingegangen.<\/p>\n\n\n\n<p>Folgende Anlagen und R\u00e4ume stehen zur Benutzung:<\/p>\n\n\n\n<ul class=\"wp-block-list\">\n<li>Aufenthaltsraum<\/li>\n\n\n\n<li>Teek\u00fcche<\/li>\n\n\n\n<li>Billardraum<\/li>\n\n\n\n<li>Tischtennisraum<\/li>\n\n\n\n<li>Fernsehraum<\/li>\n\n\n\n<li>Kreativraum<\/li>\n\n\n\n<li>Musikraum<\/li>\n\n\n\n<li>Fitnessraum<\/li>\n\n\n\n<li>Basketballplatz<\/li>\n\n\n\n<li>Fu\u00dfballplatz<\/li>\n\n\n\n<li>Beachvolleyballplatz<\/li>\n\n\n\n<li>Fahrr\u00e4der<\/li>\n\n\n\n<li>Turnhalle <\/li>\n<\/ul>\n\n\n\n<figure class=\"wp-block-gallery has-nested-images columns-default is-cropped wp-block-gallery-1 is-layout-flex wp-block-gallery-is-layout-flex\">\n<figure class=\"wp-block-image size-large\"><img fetchpriority=\"high\" decoding=\"async\" width=\"1024\" height=\"682\" data-id=\"1064\" src=\"https:\/\/www.bsmn.de\/berufsschule-badwoerishofen\/wp-content\/uploads\/sites\/4\/2020\/11\/Beachvolleyball-1024x682.jpg\" alt=\"\" class=\"wp-image-1064\" srcset=\"https:\/\/www.bsmn.de\/berufsschule-badwoerishofen\/wp-content\/uploads\/sites\/4\/2020\/11\/Beachvolleyball-1024x682.jpg 1024w, https:\/\/www.bsmn.de\/berufsschule-badwoerishofen\/wp-content\/uploads\/sites\/4\/2020\/11\/Beachvolleyball-300x200.jpg 300w, https:\/\/www.bsmn.de\/berufsschule-badwoerishofen\/wp-content\/uploads\/sites\/4\/2020\/11\/Beachvolleyball-768x512.jpg 768w, https:\/\/www.bsmn.de\/berufsschule-badwoerishofen\/wp-content\/uploads\/sites\/4\/2020\/11\/Beachvolleyball-1536x1024.jpg 1536w, https:\/\/www.bsmn.de\/berufsschule-badwoerishofen\/wp-content\/uploads\/sites\/4\/2020\/11\/Beachvolleyball-600x400.jpg 600w, https:\/\/www.bsmn.de\/berufsschule-badwoerishofen\/wp-content\/uploads\/sites\/4\/2020\/11\/Beachvolleyball.jpg 2000w\" sizes=\"(max-width: 1024px) 100vw, 1024px\" \/><\/figure>\n\n\n\n<figure class=\"wp-block-image size-large\"><img decoding=\"async\" width=\"1024\" height=\"682\" data-id=\"1065\" src=\"https:\/\/www.bsmn.de\/berufsschule-badwoerishofen\/wp-content\/uploads\/sites\/4\/2020\/11\/Billard-1024x682.jpg\" alt=\"\" class=\"wp-image-1065\" srcset=\"https:\/\/www.bsmn.de\/berufsschule-badwoerishofen\/wp-content\/uploads\/sites\/4\/2020\/11\/Billard-1024x682.jpg 1024w, https:\/\/www.bsmn.de\/berufsschule-badwoerishofen\/wp-content\/uploads\/sites\/4\/2020\/11\/Billard-300x200.jpg 300w, https:\/\/www.bsmn.de\/berufsschule-badwoerishofen\/wp-content\/uploads\/sites\/4\/2020\/11\/Billard-768x512.jpg 768w, https:\/\/www.bsmn.de\/berufsschule-badwoerishofen\/wp-content\/uploads\/sites\/4\/2020\/11\/Billard-1536x1024.jpg 1536w, https:\/\/www.bsmn.de\/berufsschule-badwoerishofen\/wp-content\/uploads\/sites\/4\/2020\/11\/Billard-600x400.jpg 600w, https:\/\/www.bsmn.de\/berufsschule-badwoerishofen\/wp-content\/uploads\/sites\/4\/2020\/11\/Billard.jpg 2000w\" sizes=\"(max-width: 1024px) 100vw, 1024px\" \/><\/figure>\n\n\n\n<figure class=\"wp-block-image size-large\"><img decoding=\"async\" width=\"1024\" height=\"682\" data-id=\"1066\" src=\"https:\/\/www.bsmn.de\/berufsschule-badwoerishofen\/wp-content\/uploads\/sites\/4\/2020\/11\/Fitnessraum-1024x682.jpg\" alt=\"\" class=\"wp-image-1066\" srcset=\"https:\/\/www.bsmn.de\/berufsschule-badwoerishofen\/wp-content\/uploads\/sites\/4\/2020\/11\/Fitnessraum-1024x682.jpg 1024w, https:\/\/www.bsmn.de\/berufsschule-badwoerishofen\/wp-content\/uploads\/sites\/4\/2020\/11\/Fitnessraum-300x200.jpg 300w, https:\/\/www.bsmn.de\/berufsschule-badwoerishofen\/wp-content\/uploads\/sites\/4\/2020\/11\/Fitnessraum-768x512.jpg 768w, https:\/\/www.bsmn.de\/berufsschule-badwoerishofen\/wp-content\/uploads\/sites\/4\/2020\/11\/Fitnessraum-1536x1024.jpg 1536w, https:\/\/www.bsmn.de\/berufsschule-badwoerishofen\/wp-content\/uploads\/sites\/4\/2020\/11\/Fitnessraum-600x400.jpg 600w, https:\/\/www.bsmn.de\/berufsschule-badwoerishofen\/wp-content\/uploads\/sites\/4\/2020\/11\/Fitnessraum.jpg 2000w\" sizes=\"(max-width: 1024px) 100vw, 1024px\" \/><\/figure>\n\n\n\n<figure class=\"wp-block-image size-large\"><img loading=\"lazy\" decoding=\"async\" width=\"1024\" height=\"682\" data-id=\"1067\" src=\"https:\/\/www.bsmn.de\/berufsschule-badwoerishofen\/wp-content\/uploads\/sites\/4\/2020\/11\/Musikraum-1024x682.jpg\" alt=\"\" class=\"wp-image-1067\" srcset=\"https:\/\/www.bsmn.de\/berufsschule-badwoerishofen\/wp-content\/uploads\/sites\/4\/2020\/11\/Musikraum-1024x682.jpg 1024w, https:\/\/www.bsmn.de\/berufsschule-badwoerishofen\/wp-content\/uploads\/sites\/4\/2020\/11\/Musikraum-300x200.jpg 300w, https:\/\/www.bsmn.de\/berufsschule-badwoerishofen\/wp-content\/uploads\/sites\/4\/2020\/11\/Musikraum-768x512.jpg 768w, https:\/\/www.bsmn.de\/berufsschule-badwoerishofen\/wp-content\/uploads\/sites\/4\/2020\/11\/Musikraum-1536x1024.jpg 1536w, https:\/\/www.bsmn.de\/berufsschule-badwoerishofen\/wp-content\/uploads\/sites\/4\/2020\/11\/Musikraum-600x400.jpg 600w, https:\/\/www.bsmn.de\/berufsschule-badwoerishofen\/wp-content\/uploads\/sites\/4\/2020\/11\/Musikraum.jpg 2000w\" sizes=\"(max-width: 1024px) 100vw, 1024px\" \/><\/figure>\n\n\n\n<figure class=\"wp-block-image size-large\"><img loading=\"lazy\" decoding=\"async\" width=\"1024\" height=\"682\" data-id=\"1070\" src=\"https:\/\/www.bsmn.de\/berufsschule-badwoerishofen\/wp-content\/uploads\/sites\/4\/2020\/11\/Sportanlage-1024x682.jpg\" alt=\"\" class=\"wp-image-1070\" srcset=\"https:\/\/www.bsmn.de\/berufsschule-badwoerishofen\/wp-content\/uploads\/sites\/4\/2020\/11\/Sportanlage-1024x682.jpg 1024w, https:\/\/www.bsmn.de\/berufsschule-badwoerishofen\/wp-content\/uploads\/sites\/4\/2020\/11\/Sportanlage-300x200.jpg 300w, https:\/\/www.bsmn.de\/berufsschule-badwoerishofen\/wp-content\/uploads\/sites\/4\/2020\/11\/Sportanlage-768x512.jpg 768w, https:\/\/www.bsmn.de\/berufsschule-badwoerishofen\/wp-content\/uploads\/sites\/4\/2020\/11\/Sportanlage-1536x1024.jpg 1536w, https:\/\/www.bsmn.de\/berufsschule-badwoerishofen\/wp-content\/uploads\/sites\/4\/2020\/11\/Sportanlage-600x400.jpg 600w, https:\/\/www.bsmn.de\/berufsschule-badwoerishofen\/wp-content\/uploads\/sites\/4\/2020\/11\/Sportanlage.jpg 2000w\" sizes=\"(max-width: 1024px) 100vw, 1024px\" \/><\/figure>\n\n\n\n<figure class=\"wp-block-image size-large\"><img loading=\"lazy\" decoding=\"async\" width=\"1024\" height=\"682\" data-id=\"1071\" src=\"https:\/\/www.bsmn.de\/berufsschule-badwoerishofen\/wp-content\/uploads\/sites\/4\/2020\/11\/Teekueche-1024x682.jpg\" alt=\"\" class=\"wp-image-1071\" srcset=\"https:\/\/www.bsmn.de\/berufsschule-badwoerishofen\/wp-content\/uploads\/sites\/4\/2020\/11\/Teekueche-1024x682.jpg 1024w, https:\/\/www.bsmn.de\/berufsschule-badwoerishofen\/wp-content\/uploads\/sites\/4\/2020\/11\/Teekueche-300x200.jpg 300w, https:\/\/www.bsmn.de\/berufsschule-badwoerishofen\/wp-content\/uploads\/sites\/4\/2020\/11\/Teekueche-768x512.jpg 768w, https:\/\/www.bsmn.de\/berufsschule-badwoerishofen\/wp-content\/uploads\/sites\/4\/2020\/11\/Teekueche-1536x1024.jpg 1536w, https:\/\/www.bsmn.de\/berufsschule-badwoerishofen\/wp-content\/uploads\/sites\/4\/2020\/11\/Teekueche-600x400.jpg 600w, https:\/\/www.bsmn.de\/berufsschule-badwoerishofen\/wp-content\/uploads\/sites\/4\/2020\/11\/Teekueche.jpg 2000w\" sizes=\"(max-width: 1024px) 100vw, 1024px\" \/><\/figure>\n\n\n\n<figure class=\"wp-block-image size-large\"><img loading=\"lazy\" decoding=\"async\" width=\"1024\" height=\"682\" data-id=\"1072\" src=\"https:\/\/www.bsmn.de\/berufsschule-badwoerishofen\/wp-content\/uploads\/sites\/4\/2020\/11\/Tischtennis-1024x682.jpg\" alt=\"\" class=\"wp-image-1072\" srcset=\"https:\/\/www.bsmn.de\/berufsschule-badwoerishofen\/wp-content\/uploads\/sites\/4\/2020\/11\/Tischtennis-1024x682.jpg 1024w, https:\/\/www.bsmn.de\/berufsschule-badwoerishofen\/wp-content\/uploads\/sites\/4\/2020\/11\/Tischtennis-300x200.jpg 300w, https:\/\/www.bsmn.de\/berufsschule-badwoerishofen\/wp-content\/uploads\/sites\/4\/2020\/11\/Tischtennis-768x512.jpg 768w, https:\/\/www.bsmn.de\/berufsschule-badwoerishofen\/wp-content\/uploads\/sites\/4\/2020\/11\/Tischtennis-1536x1024.jpg 1536w, https:\/\/www.bsmn.de\/berufsschule-badwoerishofen\/wp-content\/uploads\/sites\/4\/2020\/11\/Tischtennis-600x400.jpg 600w, https:\/\/www.bsmn.de\/berufsschule-badwoerishofen\/wp-content\/uploads\/sites\/4\/2020\/11\/Tischtennis.jpg 2000w\" sizes=\"(max-width: 1024px) 100vw, 1024px\" \/><\/figure>\n\n\n\n<figure class=\"wp-block-image size-large\"><img loading=\"lazy\" decoding=\"async\" width=\"1024\" height=\"682\" data-id=\"1077\" src=\"https:\/\/www.bsmn.de\/berufsschule-badwoerishofen\/wp-content\/uploads\/sites\/4\/2020\/11\/Fussball-1024x682.jpg\" alt=\"\" class=\"wp-image-1077\" srcset=\"https:\/\/www.bsmn.de\/berufsschule-badwoerishofen\/wp-content\/uploads\/sites\/4\/2020\/11\/Fussball-1024x682.jpg 1024w, https:\/\/www.bsmn.de\/berufsschule-badwoerishofen\/wp-content\/uploads\/sites\/4\/2020\/11\/Fussball-300x200.jpg 300w, https:\/\/www.bsmn.de\/berufsschule-badwoerishofen\/wp-content\/uploads\/sites\/4\/2020\/11\/Fussball-768x512.jpg 768w, https:\/\/www.bsmn.de\/berufsschule-badwoerishofen\/wp-content\/uploads\/sites\/4\/2020\/11\/Fussball-1536x1024.jpg 1536w, https:\/\/www.bsmn.de\/berufsschule-badwoerishofen\/wp-content\/uploads\/sites\/4\/2020\/11\/Fussball-600x400.jpg 600w, https:\/\/www.bsmn.de\/berufsschule-badwoerishofen\/wp-content\/uploads\/sites\/4\/2020\/11\/Fussball.jpg 2000w\" sizes=\"(max-width: 1024px) 100vw, 1024px\" \/><\/figure>\n\n\n\n<figure class=\"wp-block-image size-large\"><img loading=\"lazy\" decoding=\"async\" width=\"1024\" height=\"682\" data-id=\"1078\" src=\"https:\/\/www.bsmn.de\/berufsschule-badwoerishofen\/wp-content\/uploads\/sites\/4\/2020\/11\/Aussensport-1024x682.jpg\" alt=\"\" class=\"wp-image-1078\" srcset=\"https:\/\/www.bsmn.de\/berufsschule-badwoerishofen\/wp-content\/uploads\/sites\/4\/2020\/11\/Aussensport-1024x682.jpg 1024w, https:\/\/www.bsmn.de\/berufsschule-badwoerishofen\/wp-content\/uploads\/sites\/4\/2020\/11\/Aussensport-300x200.jpg 300w, https:\/\/www.bsmn.de\/berufsschule-badwoerishofen\/wp-content\/uploads\/sites\/4\/2020\/11\/Aussensport-768x512.jpg 768w, https:\/\/www.bsmn.de\/berufsschule-badwoerishofen\/wp-content\/uploads\/sites\/4\/2020\/11\/Aussensport-1536x1024.jpg 1536w, https:\/\/www.bsmn.de\/berufsschule-badwoerishofen\/wp-content\/uploads\/sites\/4\/2020\/11\/Aussensport-600x400.jpg 600w, https:\/\/www.bsmn.de\/berufsschule-badwoerishofen\/wp-content\/uploads\/sites\/4\/2020\/11\/Aussensport.jpg 2000w\" sizes=\"(max-width: 1024px) 100vw, 1024px\" \/><\/figure>\n<\/figure>\n","protected":false},"excerpt":{"rendered":"<p>Freizeit und Leben im Sch\u00fclerheim Bad W\u00f6rishofen Den Sch\u00fclern und Sch\u00fclerinnen stehen auf dem Gel\u00e4nde des Sch\u00fclerheims zahlreiche Sport- und Freizeitm\u00f6glichkeiten offen. Neben diversen Anlagen und R\u00e4umen die genutzt werden k\u00f6nnen, sind im B\u00fcro des p\u00e4dagogischen Personals zus\u00e4tzlich unterschiedlichste Leihgegenst\u00e4nde vorhanden, die sowohl die Freizeit als auch das t\u00e4gliche Leben im Sch\u00fclerheim versch\u00f6nern sollen. Dazu [&hellip;]<\/p>\n","protected":false},"author":9,"featured_media":1065,"parent":953,"menu_order":0,"comment_status":"closed","ping_status":"closed","template":"","meta":{"footnotes":""},"class_list":["post-1041","page","type-page","status-publish","has-post-thumbnail","hentry"],"_links":{"self":[{"href":"https:\/\/www.bsmn.de\/berufsschule-badwoerishofen\/wp-json\/wp\/v2\/pages\/1041","targetHints":{"allow":["GET"]}}],"collection":[{"href":"https:\/\/www.bsmn.de\/berufsschule-badwoerishofen\/wp-json\/wp\/v2\/pages"}],"about":[{"href":"https:\/\/www.bsmn.de\/berufsschule-badwoerishofen\/wp-json\/wp\/v2\/types\/page"}],"author":[{"embeddable":true,"href":"https:\/\/www.bsmn.de\/berufsschule-badwoerishofen\/wp-json\/wp\/v2\/users\/9"}],"replies":[{"embeddable":true,"href":"https:\/\/www.bsmn.de\/berufsschule-badwoerishofen\/wp-json\/wp\/v2\/comments?post=1041"}],"version-history":[{"count":7,"href":"https:\/\/www.bsmn.de\/berufsschule-badwoerishofen\/wp-json\/wp\/v2\/pages\/1041\/revisions"}],"predecessor-version":[{"id":3277,"href":"https:\/\/www.bsmn.de\/berufsschule-badwoerishofen\/wp-json\/wp\/v2\/pages\/1041\/revisions\/3277"}],"up":[{"embeddable":true,"href":"https:\/\/www.bsmn.de\/berufsschule-badwoerishofen\/wp-json\/wp\/v2\/pages\/953"}],"wp:featuredmedia":[{"embeddable":true,"href":"https:\/\/www.bsmn.de\/berufsschule-badwoerishofen\/wp-json\/wp\/v2\/media\/1065"}],"wp:attachment":[{"href":"https:\/\/www.bsmn.de\/berufsschule-badwoerishofen\/wp-json\/wp\/v2\/media?parent=1041"}],"curies":[{"name":"wp","href":"https:\/\/api.w.org\/{rel}","templated":true}]}}